{"id":3615,"date":"2018-08-01T13:18:09","date_gmt":"2018-08-01T13:18:09","guid":{"rendered":"http:\/\/trenaferragens1.hospedagemdesites.ws\/produto\/import-placeholder-for-4153\/"},"modified":"2018-08-01T13:18:17","modified_gmt":"2018-08-01T13:18:17","slug":"torneira-bica-movel-branca-acquabios","status":"publish","type":"product","link":"https:\/\/trenaferragens.com.br\/?product=torneira-bica-movel-branca-acquabios","title":{"rendered":"Torneira Bica M\u00f3vel Branca Acquabios"},"content":{"rendered":"<p>Torneira Bica M\u00f3vel Branca Acquabios<\/p>\n<h2 class=\"titulo_empresa\">BEM-VINDO \u00c0 ACQUABIOS<\/h2>\n<div class=\"texto_empresa\">Fundada em 2008 com o objetivo de fornecer filtros purificadores de \u00e1gua com qualidade, pre\u00e7os competitivos e seguran\u00e7a, proporcionando a todos bem-estar e qualidade de vida atrav\u00e9s da populariza\u00e7\u00e3o do uso de filtros purificadores de \u00e1gua.\u00a0Conta com a experi\u00eancia e o pioneirismo de seu s\u00f3cio, atuante no segmento desde 1994. Neste per\u00edodo esteve \u00e0 frente do desenvolvimento no mercado interno da tecnologia Melt Blown, anteriormente dispon\u00edvel apenas no exterior. Al\u00e9m de ser detentor de diversas patentes de produtos comercializados atualmente no mercado de filtros.<\/div>\n<p>&nbsp;<\/p>\n","protected":false},"excerpt":{"rendered":"<div id=\"categoria_selecionada\" class=\"selecionado_box\">\n<div class=\"selecionado_box_descricao\">\n<p>Torneira Bica M\u00f3vel Branca Acquabios<\/p>\n<p>C\u00f3digo de F\u00e1brica:<\/p>\n<p>TMBR<\/p>\n<p>Cor \u00e9 tend\u00eancia.<\/p>\n<p>Cada vez mais adeptos, os consumidores tendem a escolher entre as cores como verde Tifany, amarelo, laranja, vermelho, roxo, rosa. Melhor, porque combina com a sua casa!<\/p>\n<p>Ampla linha de acess\u00f3rios que facilitam a instala\u00e7\u00e3o e a manuten\u00e7\u00e3o dos nossos filtros. S\u00e3o adaptadores, suportes, itens de reposi\u00e7\u00e3o e torneiras para atender qualquer necessidade.<\/p>\n<\/div>\n<\/div>\n","protected":false},"featured_media":234,"comment_status":"open","ping_status":"closed","template":"","meta":[],"product_cat":[1840,1841],"product_tag":[170],"_links":{"self":[{"href":"https:\/\/trenaferragens.com.br\/index.php?rest_route=\/wp\/v2\/product\/3615"}],"collection":[{"href":"https:\/\/trenaferragens.com.br\/index.php?rest_route=\/wp\/v2\/product"}],"about":[{"href":"https:\/\/trenaferragens.com.br\/index.php?rest_route=\/wp\/v2\/types\/product"}],"replies":[{"embeddable":true,"href":"https:\/\/trenaferragens.com.br\/index.php?rest_route=%2Fwp%2Fv2%2Fcomments&post=3615"}],"wp:featuredmedia":[{"embeddable":true,"href":"https:\/\/trenaferragens.com.br\/index.php?rest_route=\/wp\/v2\/media\/234"}],"wp:attachment":[{"href":"https:\/\/trenaferragens.com.br\/index.php?rest_route=%2Fwp%2Fv2%2Fmedia&parent=3615"}],"wp:term":[{"taxonomy":"product_cat","embeddable":true,"href":"https:\/\/trenaferragens.com.br\/index.php?rest_route=%2Fwp%2Fv2%2Fproduct_cat&post=3615"},{"taxonomy":"product_tag","embeddable":true,"href":"https:\/\/trenaferragens.com.br\/index.php?rest_route=%2Fwp%2Fv2%2Fproduct_tag&post=3615"}],"curies":[{"name":"wp","href":"https:\/\/api.w.org\/{rel}","templated":true}]}}