{"id":3664,"date":"2018-08-01T15:16:49","date_gmt":"2018-08-01T15:16:49","guid":{"rendered":"http:\/\/trenaferragens1.hospedagemdesites.ws\/produto\/import-placeholder-for-4266\/"},"modified":"2018-08-01T15:17:05","modified_gmt":"2018-08-01T15:17:05","slug":"botina-fujiwara-com-bico-pvc-hex-ca","status":"publish","type":"product","link":"https:\/\/trenaferragens.com.br\/?product=botina-fujiwara-com-bico-pvc-hex-ca","title":{"rendered":"Botina Fujiwara Com Bico PVC HEX CA"},"content":{"rendered":"<p>Botina Fujiwara Com Bico PVC HEX CA<\/p>\n<p>Botina de Seguran\u00e7a modelo 90HEXTL600 CA28026 :<\/p>\n<p>CABEDAL<br \/>\nPadr\u00e3o:<br \/>\nConfeccionado em Couro lixado Relax 17\/19<br \/>\nlinhas, dorso acolchoado e el\u00e1stico na lateral.<br \/>\nCores: Preto e Marrom.<\/p>\n<p>PALMILHA<br \/>\nPadr\u00e3o:<br \/>\nPalmilha de montagem de E.V.A conforto<br \/>\ncosturada com sistema strobel.<br \/>\nSobrepalmilha SOFTSYSTEM em EVA soft com<br \/>\nespessura de 4 mm e com microbolhas<br \/>\ntrazendo conforto aos p\u00e9s.<\/p>\n<p>FORRA\u00c7\u00c3O<br \/>\nPadr\u00e3o:<br \/>\nForra\u00e7\u00e3o da g\u00e1spea com material de n\u00e3o<br \/>\ntecido e forro do cano com SANITEC, tecido<br \/>\nantibacteriano dublado, com melhor absor\u00e7\u00e3o<br \/>\ne dessor\u00e7\u00e3o de suor, proporcionando melhor<br \/>\nmicro clima interno aos p\u00e9s.<br \/>\nContraforte de 1.5 mm, que \u00e9 a parte mais<br \/>\nestruturada do calcanhar, escondida entre o<br \/>\navesso e o cabedal, utiliza-se material<br \/>\ntermopl\u00e1stico conformado que proporciona<br \/>\numa melhor conforma\u00e7\u00e3o aos p\u00e9s.<\/p>\n<p>SOLADO<br \/>\nPadr\u00e3o:<br \/>\nSolado bidensidade constitu\u00eddo de duas<br \/>\ncamadas de poliuretano (PU) expandido e<br \/>\ninjetado diretamente ao cabedal<br \/>\nproporcionando maior conforto e resist\u00eancia \u00e0<br \/>\nabras\u00e3o. A 1\u00aa camada (entressola) mais<br \/>\nmacia e leve proporcionando maior conforto, e<br \/>\na 2\u00aa camada \u00e9 a mais resistente a objetos<br \/>\ncortantes perfurantes e a abras\u00e3o pelo fato de<br \/>\nser a mais compacta. Canais de escoamentos<br \/>\nmais espa\u00e7ados, ranhuras de ader\u00eancia melhor<br \/>\nmobilidade ao caminhar.<br \/>\nSistema ECOLIFE, pastilha de absor\u00e7\u00e3o em PU<br \/>\nmelhorando a estabilidade e mobilidade ao<br \/>\ncaminhar.<\/p>\n<p>BIQUEIRA<br \/>\nPadr\u00e3o:<br \/>\nBiqueira de seguran\u00e7a em a\u00e7o carbono<br \/>\nresistente a 200 Joules.<\/p>\n","protected":false},"excerpt":{"rendered":"<div>\n<p>&nbsp;<\/p>\n<p><b>Modelo:<\/b> 90HEXTL600<\/p>\n<p><b>Marca:<\/b> <a class=\"target-self\" href=\"http:\/\/www.superepi.com.br\/fujiwara-m31\/\">Fujiwara<\/a><\/p>\n<p><b>Refer\u00eancia:<\/b> CA28026<\/p>\n<p><b>Conte\u00fado:<\/b> 1 par<\/p>\n<p><b>Se\u00e7\u00e3o:<\/b> Botas e Cal\u00e7ados<\/p>\n<p>&nbsp;<\/p>\n<\/div>\n","protected":false},"featured_media":304,"comment_status":"open","ping_status":"closed","template":"","meta":[],"product_cat":[1132],"product_tag":[216],"_links":{"self":[{"href":"https:\/\/trenaferragens.com.br\/index.php?rest_route=\/wp\/v2\/product\/3664"}],"collection":[{"href":"https:\/\/trenaferragens.com.br\/index.php?rest_route=\/wp\/v2\/product"}],"about":[{"href":"https:\/\/trenaferragens.com.br\/index.php?rest_route=\/wp\/v2\/types\/product"}],"replies":[{"embeddable":true,"href":"https:\/\/trenaferragens.com.br\/index.php?rest_route=%2Fwp%2Fv2%2Fcomments&post=3664"}],"wp:featuredmedia":[{"embeddable":true,"href":"https:\/\/trenaferragens.com.br\/index.php?rest_route=\/wp\/v2\/media\/304"}],"wp:attachment":[{"href":"https:\/\/trenaferragens.com.br\/index.php?rest_route=%2Fwp%2Fv2%2Fmedia&parent=3664"}],"wp:term":[{"taxonomy":"product_cat","embeddable":true,"href":"https:\/\/trenaferragens.com.br\/index.php?rest_route=%2Fwp%2Fv2%2Fproduct_cat&post=3664"},{"taxonomy":"product_tag","embeddable":true,"href":"https:\/\/trenaferragens.com.br\/index.php?rest_route=%2Fwp%2Fv2%2Fproduct_tag&post=3664"}],"curies":[{"name":"wp","href":"https:\/\/api.w.org\/{rel}","templated":true}]}}