{"id":3711,"date":"2018-08-01T15:17:34","date_gmt":"2018-08-01T15:17:34","guid":{"rendered":"http:\/\/trenaferragens1.hospedagemdesites.ws\/produto\/import-placeholder-for-4424\/"},"modified":"2018-08-01T15:17:51","modified_gmt":"2018-08-01T15:17:51","slug":"tecryl-d3-impermeabilizante","status":"publish","type":"product","link":"https:\/\/trenaferragens.com.br\/?product=tecryl-d3-impermeabilizante","title":{"rendered":"Tecryl D3 Impermeabilizante"},"content":{"rendered":"<p>Tecryl D3 Impermeabilizante<\/p>\n<p><strong style=\"font-size: 14.4px;\">TECRYL D3 <\/strong><span style=\"font-size: 14.4px;\">\u00e9 um impermeabilizante, mono componente, 100% at\u00f3xico de base acr\u00edlica, flex\u00edvel, com forma\u00e7\u00e3o de manta vulcanizada a frio \u201cin loco\u201d, pronto para aplica\u00e7\u00e3o. Depois de aplicado TECRYL D3 n\u00e3o apresenta nenhuma emenda em sua totalidade, n\u00e3o havendo, portanto, a exist\u00eancia de pontos fracos e vulner\u00e1veis. \u00c9 produzido dentro do mais alto padr\u00e3o de qualidade e quando aplicado forma uma manta impermeabilizante, el\u00e1stica, de grande ader\u00eancia, excelente estabilidade t\u00e9rmica e de grande resist\u00eancia \u00e0 a\u00e7\u00e3o dos raios ultravioletas, A manta de TECRYL D3 quando exposta diretamente aos raios UV inicia um processo de umecta\u00e7\u00e3o molecular, tornando-a ainda mais el\u00e1stica e flex\u00edvel, permitindo acompanhar perfeitamente qualquer movimenta\u00e7\u00e3o estrutural, principalmente nas juntas de dilata\u00e7\u00e3o e fissuras. TECRYL D3 n\u00e3o racha, n\u00e3o resseca e nem craqueia. Devido ao conjunto de vantagens e qualidades t\u00e9cnicas, que s\u00f3 TECRYL D3 proporciona, tem sido utilizado nas mais diversas \u00e1reas onde as tradicionais mantas tornaram-se ineficazes al\u00e9m de conciliar baixo custo, praticidade de aplica\u00e7\u00e3o, alto desempenho e durabilidade.<\/span><\/p>\n<p>TECRYL<\/p>\n<p>H\u00e1 30 anos, introduzimos uma nova classe de produtos no mercado nacional, atendendo aos anseios de grandes empresas que buscavam novas op\u00e7\u00f5es para solucionar de forma mais duradoura problemas como infiltra\u00e7\u00f5es, vazamentos e corros\u00f5es, respons\u00e1veis pelas mais severas patologias estruturais. Dessa forma, com a colabora\u00e7\u00e3o de profissionais altamente qualificados foi desenvolvida a linha TECRYL para impermeabiliza\u00e7\u00e3o e prote\u00e7\u00e3o contra a \u00e1gua. A linha TECRYL combina pol\u00edmeros acr\u00edlicos e mat\u00e9rias primas de qualidade incontest\u00e1vel com um rigoroso controle de produ\u00e7\u00e3o e qualidade, que confere aos nossos produtos um desempenho perfeito, atendendo totalmente a satisfa\u00e7\u00e3o de nossos clientes. Por isso podemos afirmar que a linha TECRYL \u00e9 a solu\u00e7\u00e3o perfeita para proteger seu patrim\u00f4nio contra os efeitos indesej\u00e1veis da \u00e1gua. AJ.L. BUENO IND. E COM LTDA, possui duas unidades de produ\u00e7\u00e3o: Natal RN e Niter\u00f3i RJ e disponibiliza a linha TECRYL para o mercado varejista nacional e internacional. Por isso, na hora de definir os produtos para impermeabiliza\u00e7\u00e3o e prote\u00e7\u00e3o contra a a\u00e7\u00e3o indesejada da \u00e1gua escolha a marca TECRYL- A SOLU\u00c7\u00c3O DEFINITIVA!<\/p>\n<p>&nbsp;<\/p>\n","protected":false},"excerpt":{"rendered":"<p>Tecryl D3 Impermeabilizante<\/p>\n<p>DISPON\u00cdVEL NAS OP\u00c7\u00d5ES<\/p>\n<p>Tecryl D3 Impermeabilizante Gal\u00e3o 4KG<\/p>\n<p>Tecryl D3 Impermeabilizante Balde 18KG<\/p>\n<p>Cores: Branco.<\/p>\n<p><strong>Recomenda\u00e7\u00f5es na prepara\u00e7\u00e3o do local<\/strong><\/p>\n<p>As superf\u00edcies dever\u00e3o estar limpas e completamente secas, isentas de part\u00edculas soltas, pedriscos, graxas, \u00f3leos, poeiras e qualquer outra substancia que possa interferir na ader\u00eancia do produto ao substrato.<br \/>\nSuperf\u00edcie nivelada, com caimento m\u00ednimo de 2%, livre de qualquer \u00e1rea sujeita a empo\u00e7amento de \u00e1gua. O produto permite a aplica\u00e7\u00e3o em superf\u00edcies irregulares desde que a recomenda\u00e7\u00e3o b\u00e1sica seja aplicada. O consumo nesta situa\u00e7\u00e3o \u00e9 superior ao estimado e requer uma maior aten\u00e7\u00e3o por parte do aplicador durante a aplica\u00e7\u00e3o.Nunca aplicar em dia de prognostico de chuva.<\/p>\n<p><strong>Indica\u00e7\u00f5es na prepara\u00e7\u00e3o do local<\/strong><\/p>\n<p>Lajes de coberturas, pisos e estacionamentos elevados<br \/>\nCalhas<br \/>\nPiscinas*<br \/>\nPisos frios (banheiro, cozinha e \u00e1reas de servi\u00e7o)<br \/>\nCaixas d\u2019\u00e1gua pot\u00e1vel e reservat\u00f3rios d\u2019\u00e1gua em geral*<br \/>\nMarquises<br \/>\nJardineiras e floreiras*<br \/>\nTelhados de telhas cer\u00e2micas, de fibrocimento e met\u00e1licas<br \/>\nProte\u00e7\u00e3o externa de tubula\u00e7\u00f5es<br \/>\nEstruturas met\u00e1licas em geral( * ) Exceto em locais sujeitos a press\u00e3o NEGATIVA<\/p>\n<p>&nbsp;<\/p>\n","protected":false},"featured_media":399,"comment_status":"open","ping_status":"closed","template":"","meta":[],"product_cat":[166,272],"product_tag":[273],"_links":{"self":[{"href":"https:\/\/trenaferragens.com.br\/index.php?rest_route=\/wp\/v2\/product\/3711"}],"collection":[{"href":"https:\/\/trenaferragens.com.br\/index.php?rest_route=\/wp\/v2\/product"}],"about":[{"href":"https:\/\/trenaferragens.com.br\/index.php?rest_route=\/wp\/v2\/types\/product"}],"replies":[{"embeddable":true,"href":"https:\/\/trenaferragens.com.br\/index.php?rest_route=%2Fwp%2Fv2%2Fcomments&post=3711"}],"wp:featuredmedia":[{"embeddable":true,"href":"https:\/\/trenaferragens.com.br\/index.php?rest_route=\/wp\/v2\/media\/399"}],"wp:attachment":[{"href":"https:\/\/trenaferragens.com.br\/index.php?rest_route=%2Fwp%2Fv2%2Fmedia&parent=3711"}],"wp:term":[{"taxonomy":"product_cat","embeddable":true,"href":"https:\/\/trenaferragens.com.br\/index.php?rest_route=%2Fwp%2Fv2%2Fproduct_cat&post=3711"},{"taxonomy":"product_tag","embeddable":true,"href":"https:\/\/trenaferragens.com.br\/index.php?rest_route=%2Fwp%2Fv2%2Fproduct_tag&post=3711"}],"curies":[{"name":"wp","href":"https:\/\/api.w.org\/{rel}","templated":true}]}}