{"id":3722,"date":"2018-08-01T15:17:59","date_gmt":"2018-08-01T15:17:59","guid":{"rendered":"http:\/\/trenaferragens1.hospedagemdesites.ws\/produto\/import-placeholder-for-4449\/"},"modified":"2018-08-01T15:18:13","modified_gmt":"2018-08-01T15:18:13","slug":"prego-sem-cabeca-gerdau","status":"publish","type":"product","link":"https:\/\/trenaferragens.com.br\/?product=prego-sem-cabeca-gerdau","title":{"rendered":"Prego Sem Cabe\u00e7a Gerdau"},"content":{"rendered":"<p>Prego Sem Cabe\u00e7a Gerdau<\/p>\n<p>A Gerdau oferece uma linha completa de produtos para a Constru\u00e7\u00e3o Civil trazendo qualidade e produtividade para todo o mercado. Nossos produtos s\u00e3o certificados e atendem aos mais rigorosos padr\u00f5es de qualidade e sustentabilidade\u200b.<\/p>\n","protected":false},"excerpt":{"rendered":"<p>O Prego sem cabe\u00e7a possui corpo liso, ponta tipo diamante e acabamento polido.<\/p>\n<div>APLICA\u00c7\u00d5ES: Marcenaria; m\u00f3veis; assoalhos; rodap\u00e9s; guarni\u00e7\u00f5es; portas e janelas.<\/div>\n<div><\/div>\n<div>BENEF\u00cdCIOS: N\u00e3o mancha a madeira; n\u00e3o suja as m\u00e3os; ponta perfeita e comprimento preciso.<\/div>\n","protected":false},"featured_media":430,"comment_status":"open","ping_status":"closed","template":"","meta":[],"product_cat":[198,199],"product_tag":[285],"_links":{"self":[{"href":"https:\/\/trenaferragens.com.br\/index.php?rest_route=\/wp\/v2\/product\/3722"}],"collection":[{"href":"https:\/\/trenaferragens.com.br\/index.php?rest_route=\/wp\/v2\/product"}],"about":[{"href":"https:\/\/trenaferragens.com.br\/index.php?rest_route=\/wp\/v2\/types\/product"}],"replies":[{"embeddable":true,"href":"https:\/\/trenaferragens.com.br\/index.php?rest_route=%2Fwp%2Fv2%2Fcomments&post=3722"}],"wp:featuredmedia":[{"embeddable":true,"href":"https:\/\/trenaferragens.com.br\/index.php?rest_route=\/wp\/v2\/media\/430"}],"wp:attachment":[{"href":"https:\/\/trenaferragens.com.br\/index.php?rest_route=%2Fwp%2Fv2%2Fmedia&parent=3722"}],"wp:term":[{"taxonomy":"product_cat","embeddable":true,"href":"https:\/\/trenaferragens.com.br\/index.php?rest_route=%2Fwp%2Fv2%2Fproduct_cat&post=3722"},{"taxonomy":"product_tag","embeddable":true,"href":"https:\/\/trenaferragens.com.br\/index.php?rest_route=%2Fwp%2Fv2%2Fproduct_tag&post=3722"}],"curies":[{"name":"wp","href":"https:\/\/api.w.org\/{rel}","templated":true}]}}