{"id":3723,"date":"2018-08-01T15:17:59","date_gmt":"2018-08-01T15:17:59","guid":{"rendered":"http:\/\/trenaferragens1.hospedagemdesites.ws\/produto\/import-placeholder-for-4504\/"},"modified":"2018-08-01T15:18:13","modified_gmt":"2018-08-01T15:18:13","slug":"mangueira-incolor-cristal","status":"publish","type":"product","link":"https:\/\/trenaferragens.com.br\/?product=mangueira-incolor-cristal","title":{"rendered":"Mangueira Incolor Cristal"},"content":{"rendered":"<p>Mangueira Incolor Cristal<\/p>\n<p>APLICA\u00c7\u00c3O:<\/p>\n<p>&#8211; Este produto \u00e9 um dos mais usados devido a tr\u00eas fatores: f\u00e1cil visualiza\u00e7\u00e3o do flu\u00eddo a ser conduzido, flexibilidade e a resist\u00eancia a intemp\u00e9ries. Usada em drenos de \u00e1gua (Ar condicionado), para definir o n\u00edvel nas constru\u00e7\u00f5es, encapar ou recobrir cabos de a\u00e7o, Corda, molas, correntes entre outras finalidades.<\/p>\n","protected":false},"excerpt":{"rendered":"<p>DISPON\u00cdVEL NOS TAMANHOS:<\/p>\n<p>Mangueira Incolor Cristal 1\/2&#215;1.5MM<\/p>\n<p>Mangueira Incolor Cristal 1\/2&#215;2.0MM<\/p>\n<p>Mangueira Incolor Cristal 3\/4&#215;2.0MM<\/p>\n<p>Mangueira Incolor Cristal 3\/8&#215;1.5MM<\/p>\n<p>Mangueira Incolor Cristal 5\/16&#215;0.8MM<\/p>\n<p>MAT\u00c9RIA PRIMA:<\/p>\n<p>Fabricado em PVC (policloreto de vinila) 100% virgem.<\/p>\n","protected":false},"featured_media":432,"comment_status":"open","ping_status":"closed","template":"","meta":[],"product_cat":[1094],"product_tag":[286],"_links":{"self":[{"href":"https:\/\/trenaferragens.com.br\/index.php?rest_route=\/wp\/v2\/product\/3723"}],"collection":[{"href":"https:\/\/trenaferragens.com.br\/index.php?rest_route=\/wp\/v2\/product"}],"about":[{"href":"https:\/\/trenaferragens.com.br\/index.php?rest_route=\/wp\/v2\/types\/product"}],"replies":[{"embeddable":true,"href":"https:\/\/trenaferragens.com.br\/index.php?rest_route=%2Fwp%2Fv2%2Fcomments&post=3723"}],"wp:featuredmedia":[{"embeddable":true,"href":"https:\/\/trenaferragens.com.br\/index.php?rest_route=\/wp\/v2\/media\/432"}],"wp:attachment":[{"href":"https:\/\/trenaferragens.com.br\/index.php?rest_route=%2Fwp%2Fv2%2Fmedia&parent=3723"}],"wp:term":[{"taxonomy":"product_cat","embeddable":true,"href":"https:\/\/trenaferragens.com.br\/index.php?rest_route=%2Fwp%2Fv2%2Fproduct_cat&post=3723"},{"taxonomy":"product_tag","embeddable":true,"href":"https:\/\/trenaferragens.com.br\/index.php?rest_route=%2Fwp%2Fv2%2Fproduct_tag&post=3723"}],"curies":[{"name":"wp","href":"https:\/\/api.w.org\/{rel}","templated":true}]}}