{"id":3726,"date":"2018-08-01T15:18:00","date_gmt":"2018-08-01T15:18:00","guid":{"rendered":"http:\/\/trenaferragens1.hospedagemdesites.ws\/produto\/import-placeholder-for-4513\/"},"modified":"2018-08-01T15:18:15","modified_gmt":"2018-08-01T15:18:15","slug":"capacete-obra","status":"publish","type":"product","link":"https:\/\/trenaferragens.com.br\/?product=capacete-obra","title":{"rendered":"Capacete Obra"},"content":{"rendered":"<p>Capacete Obra<\/p>\n<p>Descri\u00e7\u00e3o:<br \/>\nCapacete de seguran\u00e7a com aba frontal, capa com estrias, injetado em polietileno de alta densidade e com slot. Suspens\u00e3o em pe\u00e7a \u00fanica injetada em polietileno de baixa densidade, Tira absorvente de suor e jugular em PVC opcional.<\/p>\n","protected":false},"excerpt":{"rendered":"<p>DISPON\u00cdVEL NAS CORES:<\/p>\n<p>Capacete Obra Verde<\/p>\n<p>Capacete Obra Vermelho<\/p>\n<p>Capacete Obra Amarelo<\/p>\n<p>Capacete Obra Cinza<\/p>\n<p>Capacete Obra Azul<\/p>\n<p>Capacete Obra Laranja<\/p>\n","protected":false},"featured_media":435,"comment_status":"open","ping_status":"closed","template":"","meta":[],"product_cat":[1132],"product_tag":[289],"_links":{"self":[{"href":"https:\/\/trenaferragens.com.br\/index.php?rest_route=\/wp\/v2\/product\/3726"}],"collection":[{"href":"https:\/\/trenaferragens.com.br\/index.php?rest_route=\/wp\/v2\/product"}],"about":[{"href":"https:\/\/trenaferragens.com.br\/index.php?rest_route=\/wp\/v2\/types\/product"}],"replies":[{"embeddable":true,"href":"https:\/\/trenaferragens.com.br\/index.php?rest_route=%2Fwp%2Fv2%2Fcomments&post=3726"}],"wp:featuredmedia":[{"embeddable":true,"href":"https:\/\/trenaferragens.com.br\/index.php?rest_route=\/wp\/v2\/media\/435"}],"wp:attachment":[{"href":"https:\/\/trenaferragens.com.br\/index.php?rest_route=%2Fwp%2Fv2%2Fmedia&parent=3726"}],"wp:term":[{"taxonomy":"product_cat","embeddable":true,"href":"https:\/\/trenaferragens.com.br\/index.php?rest_route=%2Fwp%2Fv2%2Fproduct_cat&post=3726"},{"taxonomy":"product_tag","embeddable":true,"href":"https:\/\/trenaferragens.com.br\/index.php?rest_route=%2Fwp%2Fv2%2Fproduct_tag&post=3726"}],"curies":[{"name":"wp","href":"https:\/\/api.w.org\/{rel}","templated":true}]}}