{"id":3769,"date":"2018-08-01T15:18:40","date_gmt":"2018-08-01T15:18:40","guid":{"rendered":"http:\/\/trenaferragens1.hospedagemdesites.ws\/produto\/import-placeholder-for-4778\/"},"modified":"2018-08-01T15:18:58","modified_gmt":"2018-08-01T15:18:58","slug":"acabamento-valvula","status":"publish","type":"product","link":"https:\/\/trenaferragens.com.br\/?product=acabamento-valvula","title":{"rendered":"Acabamento V\u00e1lvula"},"content":{"rendered":"<p>Acabamento V\u00e1lvula<\/p>\n<h3>ACABAMENTO PARA V\u00c1LVULA DE DESCARGA ESPECIAL<\/h3>\n<p>Os acabamentos para V\u00e1lvula de Descarga Especial possuem design cl\u00e1ssico que combina perfeitamente com os mais variados espa\u00e7os.<\/p>\n<p>Vers\u00e1teis, apresentam acabamento nas exclusivas cores Bege, Cinza P\u00e9rola e Gelo Polar que permitem diversas combina\u00e7\u00f5es para o ambiente. Flex\u00edveis, podem ser usados em todas as V\u00e1lvulas de Descarga Docol.<\/p>\n","protected":false},"excerpt":{"rendered":"<p>DISPON\u00cdVEL NAS CORES: Cromado, Bege, Cromado C\/ Preto, Cinza e Gelo Polar.<\/p>\n<p>Garantia Toda Vida: qualidade e seguran\u00e7a por tempo indeterminado. Para mais informa\u00e7\u00f5es, acesse <a href=\"http:\/\/www.docol.com.br\/pt\/garantia\">http:\/\/www.docol.com.br\/pt\/garantia<\/a>.<\/p>\n<p>Flex\u00edveis, os acabamentos podem ser usados em todas as V\u00e1lvulas de Descarga Docol.<\/p>\n<p>Design cl\u00e1ssico que combina perfeitamente com as linhas de metais Docol.<\/p>\n","protected":false},"featured_media":535,"comment_status":"open","ping_status":"closed","template":"","meta":[],"product_cat":[304,168],"product_tag":[342],"_links":{"self":[{"href":"https:\/\/trenaferragens.com.br\/index.php?rest_route=\/wp\/v2\/product\/3769"}],"collection":[{"href":"https:\/\/trenaferragens.com.br\/index.php?rest_route=\/wp\/v2\/product"}],"about":[{"href":"https:\/\/trenaferragens.com.br\/index.php?rest_route=\/wp\/v2\/types\/product"}],"replies":[{"embeddable":true,"href":"https:\/\/trenaferragens.com.br\/index.php?rest_route=%2Fwp%2Fv2%2Fcomments&post=3769"}],"wp:featuredmedia":[{"embeddable":true,"href":"https:\/\/trenaferragens.com.br\/index.php?rest_route=\/wp\/v2\/media\/535"}],"wp:attachment":[{"href":"https:\/\/trenaferragens.com.br\/index.php?rest_route=%2Fwp%2Fv2%2Fmedia&parent=3769"}],"wp:term":[{"taxonomy":"product_cat","embeddable":true,"href":"https:\/\/trenaferragens.com.br\/index.php?rest_route=%2Fwp%2Fv2%2Fproduct_cat&post=3769"},{"taxonomy":"product_tag","embeddable":true,"href":"https:\/\/trenaferragens.com.br\/index.php?rest_route=%2Fwp%2Fv2%2Fproduct_tag&post=3769"}],"curies":[{"name":"wp","href":"https:\/\/api.w.org\/{rel}","templated":true}]}}