{"id":3772,"date":"2018-08-01T15:18:41","date_gmt":"2018-08-01T15:18:41","guid":{"rendered":"http:\/\/trenaferragens1.hospedagemdesites.ws\/produto\/import-placeholder-for-4795\/"},"modified":"2018-08-01T15:19:00","modified_gmt":"2018-08-01T15:19:00","slug":"mola-p-porta","status":"publish","type":"product","link":"https:\/\/trenaferragens.com.br\/?product=mola-p-porta","title":{"rendered":"Mola P\/ Porta"},"content":{"rendered":"<p>Mola P\/ Porta<\/p>\n<h1>MOLAS HIDR\u00c1ULICAS A\u00c9REAS<\/h1>\n<p>Seja para resid\u00eancias ou edif\u00edcios modernos de escrit\u00f3rios, os sistemas de molas a\u00e9reas da DORMA s\u00e3o solu\u00e7\u00f5es inteligentes e integradas de acesso que combinam consist\u00eancia, conveni\u00eancia, design e excelente qualidade. O abrangente portfolio de produtos satisfaz um amplo espectro de exig\u00eancias funcionais e oferece solu\u00e7\u00f5es para praticamente qualquer necessidade singular referente a portas.<\/p>\n","protected":false},"excerpt":{"rendered":"<p><strong>Caracter\u00edsticas T\u00e9cnicas<\/strong><\/p>\n<p>Solu\u00e7\u00e3o ideal para portas convencionais<\/p>\n<p>Um \u00fanico modelo para qualquer tamanho de porta de 700 a 1100mm &#8211; o quesimplifica o estoque<\/p>\n<p>Aplica\u00e7\u00e3o direita e esquerda<\/p>\n<p>Instala\u00e7\u00e3o f\u00e1cil e r\u00e1pida<\/p>\n<p>Pode ser instalada em qualquer tipo de porta<\/p>\n<p>Um modelo \u00fanico para qualquer posi\u00e7\u00e3o de instala\u00e7\u00e3o<\/p>\n<p>Otimiza\u00e7\u00e3o da velocidade de fechamento com duas v\u00e1lvulas de regulagem<\/p>\n<p><strong>Aplica\u00e7\u00e3o<\/strong><\/p>\n<p>\u2022 Solu\u00e7\u00e3o ideal para portas convencionais.<\/p>\n<p>\u2022 Um \u00fanico modelo para qualquer tamanho de porta de 700 a 1100mm &#8211; o quesimplifica o estoque.<\/p>\n<p><strong>Caracter\u00edstica<\/strong><\/p>\n<p>\u2022 Aplica\u00e7\u00e3o direita e esquerda<\/p>\n<p>\u2022 Instala\u00e7\u00e3o f\u00e1cil e r\u00e1pida<\/p>\n<p>\u2022 Pode ser instalada em qualquer tipo de porta<\/p>\n<p>\u2022 Um modelo \u00fanico para qualquer posi\u00e7\u00e3o de instala\u00e7\u00e3o<\/p>\n<p>\u2022 Otimiza\u00e7\u00e3o da velocidade de fechamento com duas v\u00e1lvulas de regulagem<\/p>\n","protected":false},"featured_media":542,"comment_status":"open","ping_status":"closed","template":"","meta":[],"product_cat":[198],"product_tag":[345],"_links":{"self":[{"href":"https:\/\/trenaferragens.com.br\/index.php?rest_route=\/wp\/v2\/product\/3772"}],"collection":[{"href":"https:\/\/trenaferragens.com.br\/index.php?rest_route=\/wp\/v2\/product"}],"about":[{"href":"https:\/\/trenaferragens.com.br\/index.php?rest_route=\/wp\/v2\/types\/product"}],"replies":[{"embeddable":true,"href":"https:\/\/trenaferragens.com.br\/index.php?rest_route=%2Fwp%2Fv2%2Fcomments&post=3772"}],"wp:featuredmedia":[{"embeddable":true,"href":"https:\/\/trenaferragens.com.br\/index.php?rest_route=\/wp\/v2\/media\/542"}],"wp:attachment":[{"href":"https:\/\/trenaferragens.com.br\/index.php?rest_route=%2Fwp%2Fv2%2Fmedia&parent=3772"}],"wp:term":[{"taxonomy":"product_cat","embeddable":true,"href":"https:\/\/trenaferragens.com.br\/index.php?rest_route=%2Fwp%2Fv2%2Fproduct_cat&post=3772"},{"taxonomy":"product_tag","embeddable":true,"href":"https:\/\/trenaferragens.com.br\/index.php?rest_route=%2Fwp%2Fv2%2Fproduct_tag&post=3772"}],"curies":[{"name":"wp","href":"https:\/\/api.w.org\/{rel}","templated":true}]}}