{"id":3781,"date":"2018-08-01T15:19:08","date_gmt":"2018-08-01T15:19:08","guid":{"rendered":"http:\/\/trenaferragens1.hospedagemdesites.ws\/produto\/import-placeholder-for-4834\/"},"modified":"2018-08-01T15:19:23","modified_gmt":"2018-08-01T15:19:23","slug":"chave-magnetica-de-partida-siemens","status":"publish","type":"product","link":"https:\/\/trenaferragens.com.br\/?product=chave-magnetica-de-partida-siemens","title":{"rendered":"Chave Magn\u00e9tica de Partida Siemens"},"content":{"rendered":"<p>Chave Magn\u00e9tica de Partida Siemens<\/p>\n<div class=\"nts-comp nts-h2 container\">\n<div class=\"row\">\n<div class=\"col-md-9\">\n<p class=\"H2\">Sobre a Siemens no Brasil<\/p>\n<\/div>\n<\/div>\n<\/div>\n<div class=\"nts-comp nts-rte container\" data-ste-component=\"chapter-intro\">\n<div class=\"P1\">\n<p>H\u00e1 mais de 110 anos no pa\u00eds, a Siemens construiu uma hist\u00f3ria associada \u00e0 melhoria da infraestrutura e qualidade de vida da popula\u00e7\u00e3o, tornando-se a maior empresa de tecnologia integrada do Brasil.<\/p>\n<p>Hoje, a Siemens emprega mais de 5,5 mil colaboradores no pa\u00eds, todos focados em entregar \u00e0 popula\u00e7\u00e3o solu\u00e7\u00f5es alinhadas com os principais valores da companhia: Excel\u00eancia, Responsabilidade e Inova\u00e7\u00e3o.<\/p>\n<p>Mas al\u00e9m de ter valores claros, uma empresa que prospera precisa ter as pessoas em seu centro. E \u00e9 exatamente nisso que a estrat\u00e9gia da Siemens foca. Ela alia uma cultura empreendedora ao pensamento cr\u00edtico sobre a melhoria dos seus neg\u00f3cios e dos neg\u00f3cios de seus clientes, busca uma governan\u00e7a bem definida e estabelece um modelo de gerenciamento integrado que faz com que seus planos sejam rigorosamente executados.<\/p>\n<p>Falar em Siemens no Brasil \u00e9 falar em fazer o que importa para a sociedade. Estamos h\u00e1 mais de um s\u00e9culo trabalhando para ser refer\u00eancia em novas formas de eletrificar, automatizar e digitalizar o mundo. Afinal, o que \u00e9 importante para o Brasil, \u00e9 importante para a Siemens.<\/p>\n<\/div>\n<\/div>\n","protected":false},"excerpt":{"rendered":"<p>Chave Magn\u00e9tica de Partida Siemens<\/p>\n<p>DISPON\u00cdVEL NOS TAMANHOS:<\/p>\n<p>Chave Magn\u00e9tica de Partida\u00a00.33CV 0.5CV 1.6 2.5A \/\u00a0Chave Magn\u00e9tica de Partida\u00a00.75CV 1CV 2.5 4A \/\u00a0Chave Magn\u00e9tica de Partida 1.5CV 2CV 4 6.3A \/\u00a0Chave Magn\u00e9tica de Partida\u00a03CV 6.3 10A \/\u00a0Chave Magn\u00e9tica de Partida 4CV 8 12.5A \/\u00a0Chave Magn\u00e9tica de Partida\u00a05CV 6CV 12.5 18A \/\u00a0Chave Magn\u00e9tica de Partida 6CV 14 17A \/\u00a0Chave Magn\u00e9tica de Partida 7.5CV 16 25A \/\u00a0Chave Magn\u00e9tica de Partida 7.5CV 10CV 20 32A \/\u00a0Chave Magn\u00e9tica de Partida 12.5CV 15CV 32 40A<\/p>\n","protected":false},"featured_media":551,"comment_status":"open","ping_status":"closed","template":"","meta":[],"product_cat":[194,302],"product_tag":[354],"_links":{"self":[{"href":"https:\/\/trenaferragens.com.br\/index.php?rest_route=\/wp\/v2\/product\/3781"}],"collection":[{"href":"https:\/\/trenaferragens.com.br\/index.php?rest_route=\/wp\/v2\/product"}],"about":[{"href":"https:\/\/trenaferragens.com.br\/index.php?rest_route=\/wp\/v2\/types\/product"}],"replies":[{"embeddable":true,"href":"https:\/\/trenaferragens.com.br\/index.php?rest_route=%2Fwp%2Fv2%2Fcomments&post=3781"}],"wp:featuredmedia":[{"embeddable":true,"href":"https:\/\/trenaferragens.com.br\/index.php?rest_route=\/wp\/v2\/media\/551"}],"wp:attachment":[{"href":"https:\/\/trenaferragens.com.br\/index.php?rest_route=%2Fwp%2Fv2%2Fmedia&parent=3781"}],"wp:term":[{"taxonomy":"product_cat","embeddable":true,"href":"https:\/\/trenaferragens.com.br\/index.php?rest_route=%2Fwp%2Fv2%2Fproduct_cat&post=3781"},{"taxonomy":"product_tag","embeddable":true,"href":"https:\/\/trenaferragens.com.br\/index.php?rest_route=%2Fwp%2Fv2%2Fproduct_tag&post=3781"}],"curies":[{"name":"wp","href":"https:\/\/api.w.org\/{rel}","templated":true}]}}