{"id":3962,"date":"2018-08-01T15:22:41","date_gmt":"2018-08-01T15:22:41","guid":{"rendered":"http:\/\/trenaferragens1.hospedagemdesites.ws\/produto\/import-placeholder-for-5199\/"},"modified":"2018-08-01T15:23:24","modified_gmt":"2018-08-01T15:23:24","slug":"acabamento-registro-itapema-cro-acetinado","status":"publish","type":"product","link":"https:\/\/trenaferragens.com.br\/?product=acabamento-registro-itapema-cro-acetinado","title":{"rendered":"Acabamento Registro Itapema CRO\/ACETINADO"},"content":{"rendered":"<p>Acabamento Registro Itapema CRO\/ACETINADO<\/p>\n<p>ITAPEMA BELLA<\/p>\n<p>Com tra\u00e7os e acabamentos perfeitos, a linha Itapema Bella possui design tradicional ideal para ambientes vers\u00e1teis. Suas formas suaves trazem equil\u00edbrio perfeito ao banheiro.<\/p>\n<p>Produzidos com os mais altos padr\u00f5es de qualidade, os metais recebem acabamento cromado bin\u00edquel que proporciona alta durabilidade e maior resist\u00eancia \u00e0 corros\u00e3o, conservando a beleza e o brilho dos produtos por muito mais tempo.<\/p>\n<p>Al\u00e9m de resistentes, as torneiras e misturadores garantem tamb\u00e9m economia de \u00e1gua. Esses produtos s\u00e3o desenvolvidos com arejadores que introduzem bolhas de ar ao fluxo e criam um jato mais volumoso que, al\u00e9m de proporcionar maior conforto, reduz o consumo de \u00e1gua.<\/p>\n","protected":false},"excerpt":{"rendered":"<p>Acabamento Registro Itapema CRO\/ACETINADO<\/p>\n<p>DISPON\u00cdVEL NOS TAMANHOS:<\/p>\n<p>Acabamento Registro Itapema CRO\/ACETINADO &#8211; 1\/2 , 3\/4 e 1<\/p>\n<p>Acabamento Registro Itapema CRO\/ACETINADO &#8211; 11\/4 e 11\/2<\/p>\n<p>Bitola: 1\/2&#8243;, 3\/4&#8243; 1&#8243; &#8220;11\/4&#8221; e &#8220;11\/2&#8221;<\/p>\n<p>Garantia Toda Vida: qualidade e seguran\u00e7a por tempo indeterminado. Para mais informa\u00e7\u00f5es, acesse <a href=\"http:\/\/www.docol.com.br\/pt\/garantia\">http:\/\/www.docol.com.br\/pt\/garantia<\/a>.<\/p>\n<p>Acabamento cromado bin\u00edquel, que proporciona alta durabilidade e maior resist\u00eancia \u00e0 corros\u00e3o, conservando a beleza e o brilho dos produtos por muito mais tempo.<\/p>\n","protected":false},"featured_media":900,"comment_status":"open","ping_status":"closed","template":"","meta":[],"product_cat":[304,1188],"product_tag":[518],"_links":{"self":[{"href":"https:\/\/trenaferragens.com.br\/index.php?rest_route=\/wp\/v2\/product\/3962"}],"collection":[{"href":"https:\/\/trenaferragens.com.br\/index.php?rest_route=\/wp\/v2\/product"}],"about":[{"href":"https:\/\/trenaferragens.com.br\/index.php?rest_route=\/wp\/v2\/types\/product"}],"replies":[{"embeddable":true,"href":"https:\/\/trenaferragens.com.br\/index.php?rest_route=%2Fwp%2Fv2%2Fcomments&post=3962"}],"wp:featuredmedia":[{"embeddable":true,"href":"https:\/\/trenaferragens.com.br\/index.php?rest_route=\/wp\/v2\/media\/900"}],"wp:attachment":[{"href":"https:\/\/trenaferragens.com.br\/index.php?rest_route=%2Fwp%2Fv2%2Fmedia&parent=3962"}],"wp:term":[{"taxonomy":"product_cat","embeddable":true,"href":"https:\/\/trenaferragens.com.br\/index.php?rest_route=%2Fwp%2Fv2%2Fproduct_cat&post=3962"},{"taxonomy":"product_tag","embeddable":true,"href":"https:\/\/trenaferragens.com.br\/index.php?rest_route=%2Fwp%2Fv2%2Fproduct_tag&post=3962"}],"curies":[{"name":"wp","href":"https:\/\/api.w.org\/{rel}","templated":true}]}}