{"id":3966,"date":"2018-08-01T15:23:06","date_gmt":"2018-08-01T15:23:06","guid":{"rendered":"http:\/\/trenaferragens1.hospedagemdesites.ws\/produto\/import-placeholder-for-5207\/"},"modified":"2018-08-01T15:23:28","modified_gmt":"2018-08-01T15:23:28","slug":"base-registro-gaveta-2","status":"publish","type":"product","link":"https:\/\/trenaferragens.com.br\/?product=base-registro-gaveta-2","title":{"rendered":"Base Registro Gaveta"},"content":{"rendered":"<p>Base Registro Gaveta<\/p>\n<p>Tem como finalidade permitir a manuten\u00e7\u00e3o da tubula\u00e7\u00e3o e de produtos instalados na rede hidr\u00e1ulica. Pode ser usado em banheiros, cozinhas e \u00e1reas de servi\u00e7o.<br \/>\nO produto possui dupla veda\u00e7\u00e3o no eixo, proporcionando maior durabilidade e garantia contra vazamentos. Apresenta tamb\u00e9m facilidade na manuten\u00e7\u00e3o, pois a gaveta fica fechada caso haja necessidade de reparo no eixo.<br \/>\nN\u00e3o deve trabalhar com a gaveta em posi\u00e7\u00f5es intermedi\u00e1rias com a finalidade de regular a vaz\u00e3o, por isso, deve ser utilizado na posi\u00e7\u00e3o totalmente aberta ou totalmente fechada. Sua haste n\u00e3o ascendente reduz o atrito dos vedantes do eixo e garante que n\u00e3o haja deslocamentos no acabamento utilizado. Atende \u00e0 Norma de Registro de Gaveta para instala\u00e7\u00f5es hidr\u00e1ulicas prediais &#8211; ABNT NBR 15705 \u2013 Rosca ABNT NBR 8133 (ISO 228\/1).<\/p>\n","protected":false},"excerpt":{"rendered":"<p>Base Registro Gaveta<\/p>\n<p>DISPON\u00cdVEL NOS TAMANHOS:<\/p>\n<p>Base Registro Gaveta &#8211; 1\/2<\/p>\n<p>Base Registro Gaveta &#8211; 3\/4<\/p>\n<p>Base Registro Gaveta &#8211; 1<\/p>\n<p>Base Registro Gaveta &#8211; 1.1\/4<\/p>\n<p>Base Registro Gaveta &#8211; 1.1\/2<\/p>\n<p>&nbsp;<\/p>\n<p><span style=\"font-size: 14.4px;\">Sua finalidade \u00e9 permitir a manuten\u00e7\u00e3o da tubula\u00e7\u00e3o e de produtos instalados na rede hidr\u00e1ulica.<\/span><\/p>\n<p>&nbsp;<\/p>\n<p>Possui dupla veda\u00e7\u00e3o no eixo: durabilidade e garantia contra vazamentos.<\/p>\n<p>&nbsp;<\/p>\n<p>Facilidade na manuten\u00e7\u00e3o: a gaveta fica fechada caso haja necessidade de reparo no eixo.<\/p>\n<p>&nbsp;<\/p>\n<p>N\u00e3o deve trabalhar com a gaveta em posi\u00e7\u00f5es intermedi\u00e1rias com a finalidade de regular a vaz\u00e3o. O produto deve ser utilizado na posi\u00e7\u00e3o totalmente aberta ou totalmente fechada.<\/p>\n<p>&nbsp;<\/p>\n<p>Atende \u00e0 Norma de Registro de Gaveta para instala\u00e7\u00f5es<\/p>\n<p>&nbsp;<\/p>\n<p>hidr\u00e1ulicas prediais &#8211; ABNT NBR 15705 \u2013 Rosca ABNT NBR 8133 (ISO 228\/1).<\/p>\n<p>&nbsp;<\/p>\n<p>Haste n\u00e3o ascendente: reduz o atrito dos vedantes do eixo e garante que n\u00e3o haja deslocamentos no acabamento colocado sobre o registro.<\/p>\n<p>&nbsp;<\/p>\n<p>Press\u00e3o m\u00e1xima de uso recomendada: 140 m.c.a<\/p>\n<p>&nbsp;<\/p>\n<p>Sistema de acionamento rotativo: Proporciona veda\u00e7\u00e3o perfeita e facilidade na regulagem da vaz\u00e3o. Aplica\u00e7\u00e3o: indicado para instala\u00e7\u00e3o na entrada dos ramais hidr\u00e1ulicos em banheiros, cozinhas e \u00e1reas de servi\u00e7o.<\/p>\n<p>&nbsp;<\/p>\n<p>Temperatura m\u00e1xima de trabalho: 120 \u00baC.<\/p>\n<p>&nbsp;<\/p>\n<p>Garantia Toda Vida: qualidade e seguran\u00e7a por tempo indeterminado. Para mais informa\u00e7\u00f5es, acesse <a href=\"http:\/\/www.docol.com.br\/pt\/garantia\">http:\/\/www.docol.com.br\/pt\/garantia<\/a><\/p>\n","protected":false},"featured_media":904,"comment_status":"open","ping_status":"closed","template":"","meta":[],"product_cat":[304,168],"product_tag":[498],"_links":{"self":[{"href":"https:\/\/trenaferragens.com.br\/index.php?rest_route=\/wp\/v2\/product\/3966"}],"collection":[{"href":"https:\/\/trenaferragens.com.br\/index.php?rest_route=\/wp\/v2\/product"}],"about":[{"href":"https:\/\/trenaferragens.com.br\/index.php?rest_route=\/wp\/v2\/types\/product"}],"replies":[{"embeddable":true,"href":"https:\/\/trenaferragens.com.br\/index.php?rest_route=%2Fwp%2Fv2%2Fcomments&post=3966"}],"wp:featuredmedia":[{"embeddable":true,"href":"https:\/\/trenaferragens.com.br\/index.php?rest_route=\/wp\/v2\/media\/904"}],"wp:attachment":[{"href":"https:\/\/trenaferragens.com.br\/index.php?rest_route=%2Fwp%2Fv2%2Fmedia&parent=3966"}],"wp:term":[{"taxonomy":"product_cat","embeddable":true,"href":"https:\/\/trenaferragens.com.br\/index.php?rest_route=%2Fwp%2Fv2%2Fproduct_cat&post=3966"},{"taxonomy":"product_tag","embeddable":true,"href":"https:\/\/trenaferragens.com.br\/index.php?rest_route=%2Fwp%2Fv2%2Fproduct_tag&post=3966"}],"curies":[{"name":"wp","href":"https:\/\/api.w.org\/{rel}","templated":true}]}}