{"id":4017,"date":"2018-08-01T15:24:22","date_gmt":"2018-08-01T15:24:22","guid":{"rendered":"http:\/\/trenaferragens1.hospedagemdesites.ws\/produto\/import-placeholder-for-5313\/"},"modified":"2018-08-01T15:24:43","modified_gmt":"2018-08-01T15:24:43","slug":"valvula-de-mictorio-antivandalismo-baixa-pressao","status":"publish","type":"product","link":"https:\/\/trenaferragens.com.br\/?product=valvula-de-mictorio-antivandalismo-baixa-pressao","title":{"rendered":"V\u00e1lvula de Mict\u00f3rio Antivandalismo Baixa Press\u00e3o"},"content":{"rendered":"<p>V\u00e1lvula de Mict\u00f3rio Antivandalismo Baixa Press\u00e3o<\/p>\n<p>Os produtos antivandalismo foram projetados para instala\u00e7\u00e3o em locais p\u00fablicos com grande circula\u00e7\u00e3o de pessoas, tendo elevada durabilidade, resist\u00eancia a atos de depreda\u00e7\u00e3o, vandalismo e furto.<br \/>\nA V\u00e1lvula de Mict\u00f3rio PressMatic Antivandalismo proporciona aplica\u00e7\u00e3o perfeita para mict\u00f3rios que possuem tubos com liga\u00e7\u00f5es embutidas.<br \/>\nPossui sistema de acionamento hidromec\u00e2nico, que evita o desperd\u00edcio de \u00e1gua e fechamento autom\u00e1tico em aproximadamente 6 segundos. Seu acabamento cromado bin\u00edquel de alta durabilidade e maior resist\u00eancia \u00e0 corros\u00e3o conserva o produto por muito mais tempo.<\/p>\n","protected":false},"excerpt":{"rendered":"<p>V\u00e1lvula de Mict\u00f3rio Antivandalismo Baixa Press\u00e3o<\/p>\n<p>Bitola de: 3\/4&#8243;<\/p>\n<p>Funcionamento perfeito em baixa press\u00e3o, de 0,2 a 1 kgf\/cm\u00b2 ou 3 a 15 psi<\/p>\n<p>Garantia Toda Vida: qualidade e seguran\u00e7a por tempo indeterminado. Para mais informa\u00e7\u00f5es, acesse <a href=\"http:\/\/www.docol.com.br\/pt\/garantia\">http:\/\/www.docol.com.br\/pt\/garantia<\/a><\/p>\n","protected":false},"featured_media":1005,"comment_status":"open","ping_status":"closed","template":"","meta":[],"product_cat":[304,168],"product_tag":[570],"_links":{"self":[{"href":"https:\/\/trenaferragens.com.br\/index.php?rest_route=\/wp\/v2\/product\/4017"}],"collection":[{"href":"https:\/\/trenaferragens.com.br\/index.php?rest_route=\/wp\/v2\/product"}],"about":[{"href":"https:\/\/trenaferragens.com.br\/index.php?rest_route=\/wp\/v2\/types\/product"}],"replies":[{"embeddable":true,"href":"https:\/\/trenaferragens.com.br\/index.php?rest_route=%2Fwp%2Fv2%2Fcomments&post=4017"}],"wp:featuredmedia":[{"embeddable":true,"href":"https:\/\/trenaferragens.com.br\/index.php?rest_route=\/wp\/v2\/media\/1005"}],"wp:attachment":[{"href":"https:\/\/trenaferragens.com.br\/index.php?rest_route=%2Fwp%2Fv2%2Fmedia&parent=4017"}],"wp:term":[{"taxonomy":"product_cat","embeddable":true,"href":"https:\/\/trenaferragens.com.br\/index.php?rest_route=%2Fwp%2Fv2%2Fproduct_cat&post=4017"},{"taxonomy":"product_tag","embeddable":true,"href":"https:\/\/trenaferragens.com.br\/index.php?rest_route=%2Fwp%2Fv2%2Fproduct_tag&post=4017"}],"curies":[{"name":"wp","href":"https:\/\/api.w.org\/{rel}","templated":true}]}}