{"id":4019,"date":"2018-08-01T15:24:23","date_gmt":"2018-08-01T15:24:23","guid":{"rendered":"http:\/\/trenaferragens1.hospedagemdesites.ws\/produto\/import-placeholder-for-5317\/"},"modified":"2024-08-24T16:30:52","modified_gmt":"2024-08-24T16:30:52","slug":"registro-db-1-2-ceramico-1-4-volta","status":"publish","type":"product","link":"https:\/\/trenaferragens.com.br\/?product=registro-db-1-2-ceramico-1-4-volta","title":{"rendered":"Registro DB 1\/2 Cer\u00e2mico 1\/4 Volta"},"content":{"rendered":"<p>Registro DB 1\/2 Cer\u00e2mico 1\/4 Volta<\/p>\n<p>REGISTRO DE PRESS\u00c3O DOCOLBASE<\/p>\n<p>O produto \u00e9 destinado a interromper ou regular a vaz\u00e3o de \u00e1gua. Pode ser utilizado para instala\u00e7\u00f5es hidr\u00e1ulicas embutidas para chuveiro, banheiras e duchas higi\u00eanicas. Seu sistema de veda\u00e7\u00e3o em borracha nitr\u00edlica proporciona veda\u00e7\u00e3o perfeita com durabilidade m\u00e9dia de abertura e fechamento superior a 50 mil vezes.<br \/>\nAl\u00e9m disso, possui haste n\u00e3o ascendente que reduz o atrito dos vedantes do eixo e garante que n\u00e3o haja deslocamentos no acabamento colocado sobre o registro.<br \/>\nPossui mecanismo totalmente feito em lat\u00e3o, e possui tripla veda\u00e7\u00e3o ao longo do eixo, proporcionando maior durabilidade e garantia contra vazamentos. Atende \u00e0 Norma de Registro de Press\u00e3o para instala\u00e7\u00f5es hidr\u00e1ulicas prediais \u2013 ABNT NBR 15704-1 \u2013 Rosca ABNT NBR 8133 (ISO 228\/1).<\/p>\n","protected":false},"excerpt":{"rendered":"<p>Registro DB 1\/2 Cer\u00e2mico 1\/4 Volta<\/p>\n<p>Duplo anel de veda\u00e7\u00e3o: maior seguran\u00e7a contra vazamentos.<\/p>\n<p>Flexibilidade: estria internacional, permite a instala\u00e7\u00e3o de qualquer acabamento DocolBase.<\/p>\n<p>Melhor alinhamento dos acabamentos em formato de alavanca.<\/p>\n<p>Registro para \u00e1gua quente e fria.<\/p>\n<p>Longa vida \u00fatil: supera em 10 vezes as exig\u00eancias da NBR 15704-2, com mais de 500 mil ciclos de abertura e fechamento.<\/p>\n<p>Acionamento 1\/2 volta com pastilha cer\u00e2mica de alta performance<\/p>\n<p>Eixo met\u00e1lico: maior resist\u00eancia ao esfor\u00e7o no acionamento.<\/p>\n<p>Bitola: 1\/2&#8243;<\/p>\n<p>Funcionamento perfeito em baixa e alta press\u00e3o, de 0,2 a 6 kgf\/cm\u00b2 ou 3 a 85 psi.<\/p>\n<p>Temperatura m\u00e1xima da \u00e1gua: 80\u00b0C<\/p>\n<p>Garantia Toda Vida: qualidade e seguran\u00e7a por tempo indeterminado. Para mais informa\u00e7\u00f5es, acesse <a href=\"http:\/\/www.docol.com.br\/pt\/garantia\">http:\/\/www.docol.com.br\/pt\/garantia<\/a><\/p>\n","protected":false},"featured_media":1007,"comment_status":"open","ping_status":"closed","template":"","meta":[],"product_cat":[304,168],"product_tag":[572],"_links":{"self":[{"href":"https:\/\/trenaferragens.com.br\/index.php?rest_route=\/wp\/v2\/product\/4019"}],"collection":[{"href":"https:\/\/trenaferragens.com.br\/index.php?rest_route=\/wp\/v2\/product"}],"about":[{"href":"https:\/\/trenaferragens.com.br\/index.php?rest_route=\/wp\/v2\/types\/product"}],"replies":[{"embeddable":true,"href":"https:\/\/trenaferragens.com.br\/index.php?rest_route=%2Fwp%2Fv2%2Fcomments&post=4019"}],"wp:featuredmedia":[{"embeddable":true,"href":"https:\/\/trenaferragens.com.br\/index.php?rest_route=\/wp\/v2\/media\/1007"}],"wp:attachment":[{"href":"https:\/\/trenaferragens.com.br\/index.php?rest_route=%2Fwp%2Fv2%2Fmedia&parent=4019"}],"wp:term":[{"taxonomy":"product_cat","embeddable":true,"href":"https:\/\/trenaferragens.com.br\/index.php?rest_route=%2Fwp%2Fv2%2Fproduct_cat&post=4019"},{"taxonomy":"product_tag","embeddable":true,"href":"https:\/\/trenaferragens.com.br\/index.php?rest_route=%2Fwp%2Fv2%2Fproduct_tag&post=4019"}],"curies":[{"name":"wp","href":"https:\/\/api.w.org\/{rel}","templated":true}]}}