{"id":4020,"date":"2018-08-01T15:24:24","date_gmt":"2018-08-01T15:24:24","guid":{"rendered":"http:\/\/trenaferragens1.hospedagemdesites.ws\/produto\/import-placeholder-for-5319\/"},"modified":"2018-08-01T15:24:45","modified_gmt":"2018-08-01T15:24:45","slug":"reparo-registro-regulador-de-vazao","status":"publish","type":"product","link":"https:\/\/trenaferragens.com.br\/?product=reparo-registro-regulador-de-vazao","title":{"rendered":"Reparo Registro Regulador de Vaz\u00e3o"},"content":{"rendered":"<p>Reparo Registro Regulador de Vaz\u00e3o<\/p>\n<p>Registro Regulador de Vaz\u00e3o Standard \u00e9 ideal \u00a0para instala\u00e7\u00e3o em torneiras, misturadores e bid\u00eas. O produto \u00e9 fabricado\u00a0em ABS, na cor cinza,\u00a0para uso em instala\u00e7\u00f5es de \u00e1gua fria.<\/p>\n<p>Possui acionamento restrito: regulagem da vaz\u00e3o feita somente com a chave sextavada que acompanha o produto.<\/p>\n<p>Sua peneira de a\u00e7o inoxid\u00e1vel interna ret\u00e9m detritos que diminuem a vida \u00fatil dos metais sanit\u00e1rios.<\/p>\n","protected":false},"excerpt":{"rendered":"<p>Reparo Registro Regulador de Vaz\u00e3o<\/p>\n<p>Bitola de: 1\/2&#8243;<\/p>\n<p>Funcionamento perfeito em baixa e alta press\u00e3o, de 0,2 a 4 kgf\/cm\u00b2 ou 3 a 57 psi.<\/p>\n<p>Temperatura m\u00e1xima da \u00e1gua: 40\u00b0C<\/p>\n","protected":false},"featured_media":1008,"comment_status":"open","ping_status":"closed","template":"","meta":[],"product_cat":[304,168],"product_tag":[573],"_links":{"self":[{"href":"https:\/\/trenaferragens.com.br\/index.php?rest_route=\/wp\/v2\/product\/4020"}],"collection":[{"href":"https:\/\/trenaferragens.com.br\/index.php?rest_route=\/wp\/v2\/product"}],"about":[{"href":"https:\/\/trenaferragens.com.br\/index.php?rest_route=\/wp\/v2\/types\/product"}],"replies":[{"embeddable":true,"href":"https:\/\/trenaferragens.com.br\/index.php?rest_route=%2Fwp%2Fv2%2Fcomments&post=4020"}],"wp:featuredmedia":[{"embeddable":true,"href":"https:\/\/trenaferragens.com.br\/index.php?rest_route=\/wp\/v2\/media\/1008"}],"wp:attachment":[{"href":"https:\/\/trenaferragens.com.br\/index.php?rest_route=%2Fwp%2Fv2%2Fmedia&parent=4020"}],"wp:term":[{"taxonomy":"product_cat","embeddable":true,"href":"https:\/\/trenaferragens.com.br\/index.php?rest_route=%2Fwp%2Fv2%2Fproduct_cat&post=4020"},{"taxonomy":"product_tag","embeddable":true,"href":"https:\/\/trenaferragens.com.br\/index.php?rest_route=%2Fwp%2Fv2%2Fproduct_tag&post=4020"}],"curies":[{"name":"wp","href":"https:\/\/api.w.org\/{rel}","templated":true}]}}