{"id":4028,"date":"2018-08-01T15:24:30","date_gmt":"2018-08-01T15:24:30","guid":{"rendered":"http:\/\/trenaferragens1.hospedagemdesites.ws\/produto\/import-placeholder-for-5335\/"},"modified":"2018-08-01T15:24:50","modified_gmt":"2018-08-01T15:24:50","slug":"auto-elimina-riscos-120ml","status":"publish","type":"product","link":"https:\/\/trenaferragens.com.br\/?product=auto-elimina-riscos-120ml","title":{"rendered":"Auto Elimina Riscos 120ml"},"content":{"rendered":"<div>Auto Elimina Riscos 120ml<\/div>\n<div><\/div>\n<div>\n<p class=\"SNAPS--pdpTabDes\">O Elimina Riscos 3M&#x2122; apresenta uma forma ideal de reparar danos simples como riscos finos e superficiais como os de unha e chaves ou imperfei\u00e7\u00f5es na pintura sem complica\u00e7\u00f5es e sem espera. Este produto utiliza minerais finos para remover os riscos da pintura e devolver o acabamento de alto polimento. Utilizar este removedor de riscos \u00e9 uma alternativa econ\u00f4mica ao reparo de imperfei\u00e7\u00f5es superficiais automotivas.<\/p>\n<p class=\"SNAPS--pdpTabDes\">O Elimina Riscos 3M&#x2122; adapta a tecnologia e inova\u00e7\u00e3o encontrados nos produtos para reparos profissionais a uma solu\u00e7\u00e3o simples. Proporciona facilidade de aplica\u00e7\u00e3o e uso e \u00e9 muito econ\u00f4mico. Este produto para remo\u00e7\u00e3o de riscos \u00e9 uma escolha excelente para remover imperfei\u00e7\u00f5es de carros, caminh\u00f5es e motocicletas. Para utilizar o produto manualmente, aplique-o em \u00e1reas pequenas, de aproximadamente um ou dois metros quadrados. Aplique uma gota do produto do tamanho de uma moeda de 10 centavos em um pano limpo e macio de microfibra. Aplique na superf\u00edcie pintada com movimentos circulares firmes. Trabalhe a \u00e1rea com movimentos circulares firmes at\u00e9 o limpador secar. Remova a pel\u00edcula restante utilizando um Pano de Microfibra 3M&#x2122;. Para Aplica\u00e7\u00e3o \u00e0 m\u00e1quina, aplique uma quantidade suficiente do material na superf\u00edcie de trabalho em uma \u00e1rea de aproximadamente 30 cm\u00b2. Fa\u00e7a o polimento da \u00e1rea utilizando um polidor de ar ou el\u00e9trico com uma Boina de Polimento aplicando press\u00e3o leve a moderada. Diminua a press\u00e3o quando o produto come\u00e7ar a secar. Remova a pel\u00edcula restante utilizado um Pano de Microfibra 3M&#x2122;.<\/p>\n<\/div>\n","protected":false},"excerpt":{"rendered":"<div>Auto Elimina Riscos 120ml<\/div>\n<div><\/div>\n<div class=\"MMM--hdg MMM--hdg_2 SNAPS--hdg_2 MMM--tabHeader\">Detalhes<\/div>\n<div class=\"tabContentContainer MMM--contentToggle-target MMM--isActive\">\n<div class=\"MMM--contentPadded MMM--accordionPanel\">\n<div class=\"MMM--grids\">\n<div class=\"MMM--grids-col MMM--grids-col_pdpMain\">\n<ul class=\"MMM--pdpList SNAPS--bullets\">\n<li>\u00d3timo acabamento com resultados profissionais<\/li>\n<li>Remove riscos superficiais da pintura<\/li>\n<li>Aplica\u00e7\u00e3o f\u00e1cil e r\u00e1pida<\/li>\n<li>Aplicado manualmente ou com aux\u00edlio de m\u00e1quinas<\/li>\n<\/ul>\n<h4 class=\"MMM--hdg MMM--pdpTabVr SNAPS--pdpTabVr\">Aplica\u00e7\u00f5es sugeridas<\/h4>\n<ul class=\"MMM--pdpList SNAPS--bullets\">\n<li>Riscos na superf\u00edcie da pintura<\/li>\n<li>Manchas em vidros automotivos<\/li>\n<li>Cromo<\/li>\n<\/ul>\n<\/div>\n<\/div>\n<\/div>\n<\/div>\n","protected":false},"featured_media":1015,"comment_status":"open","ping_status":"closed","template":"","meta":[],"product_cat":[192,1855],"product_tag":[581],"_links":{"self":[{"href":"https:\/\/trenaferragens.com.br\/index.php?rest_route=\/wp\/v2\/product\/4028"}],"collection":[{"href":"https:\/\/trenaferragens.com.br\/index.php?rest_route=\/wp\/v2\/product"}],"about":[{"href":"https:\/\/trenaferragens.com.br\/index.php?rest_route=\/wp\/v2\/types\/product"}],"replies":[{"embeddable":true,"href":"https:\/\/trenaferragens.com.br\/index.php?rest_route=%2Fwp%2Fv2%2Fcomments&post=4028"}],"wp:featuredmedia":[{"embeddable":true,"href":"https:\/\/trenaferragens.com.br\/index.php?rest_route=\/wp\/v2\/media\/1015"}],"wp:attachment":[{"href":"https:\/\/trenaferragens.com.br\/index.php?rest_route=%2Fwp%2Fv2%2Fmedia&parent=4028"}],"wp:term":[{"taxonomy":"product_cat","embeddable":true,"href":"https:\/\/trenaferragens.com.br\/index.php?rest_route=%2Fwp%2Fv2%2Fproduct_cat&post=4028"},{"taxonomy":"product_tag","embeddable":true,"href":"https:\/\/trenaferragens.com.br\/index.php?rest_route=%2Fwp%2Fv2%2Fproduct_tag&post=4028"}],"curies":[{"name":"wp","href":"https:\/\/api.w.org\/{rel}","templated":true}]}}