{"id":4032,"date":"2018-08-01T15:24:33","date_gmt":"2018-08-01T15:24:33","guid":{"rendered":"http:\/\/trenaferragens1.hospedagemdesites.ws\/produto\/import-placeholder-for-5344\/"},"modified":"2018-08-01T15:24:54","modified_gmt":"2018-08-01T15:24:54","slug":"feltro-adesivo-marrom-quadrado-p","status":"publish","type":"product","link":"https:\/\/trenaferragens.com.br\/?product=feltro-adesivo-marrom-quadrado-p","title":{"rendered":"Feltro Adesivo Marrom Quadrado P"},"content":{"rendered":"<p>Feltro Adesivo Marrom Quadrado P<\/p>\n<p>A linha de Feltros Sint\u00e9ticos Scotch traz mais qualidade e resist\u00eancia para proteger os m\u00f3veis da sua casa, evitando riscos e protegendo contra batidas e deslizamentos. Com fixa\u00e7\u00e3o r\u00e1pida, pr\u00e1tica e duradoura, eles possuem alta ader\u00eancia e qualidade \u00fanica da 3M. S\u00e3o especialmente indicados para m\u00f3veis leves. A colagem dos Feltros Sint\u00e9ticos Scotch \u00e9 super forte. Ele n\u00e3o risca e est\u00e1 dispon\u00edvel em diversos formatos, para todos os m\u00f3veis. \u00c9 uma linha completa da 3M para prote\u00e7\u00e3o em sua casa ou trabalho.<\/p>\n","protected":false},"excerpt":{"rendered":"<p>Feltro Adesivo Marrom Quadrado P<\/p>\n<div class=\"MMM--hdg MMM--hdg_2 SNAPS--hdg_2 MMM--tabHeader\">Detalhes<\/div>\n<div class=\"tabContentContainer MMM--contentToggle-target MMM--isActive\">\n<div class=\"MMM--contentPadded MMM--accordionPanel\">\n<div class=\"MMM--grids\">\n<div class=\"MMM--grids-col MMM--grids-col_pdpMain\">\n<ul class=\"MMM--pdpList SNAPS--bullets\">\n<li>Evita riscos e protege contra batidas e deslizamentos<\/li>\n<li>Fixa\u00e7\u00e3o r\u00e1pida, pr\u00e1tica e duradoura<\/li>\n<li>Alta ader\u00eancia e qualidade \u00fanica 3M<\/li>\n<li>Dispon\u00edvel em diversos formatos<\/li>\n<\/ul>\n<h4 class=\"MMM--hdg MMM--pdpTabVr SNAPS--pdpTabVr\">Aplica\u00e7\u00f5es sugeridas<\/h4>\n<ul class=\"MMM--pdpList SNAPS--bullets\">\n<li>Trazem mais qualidade e resist\u00eancia para a prote\u00e7\u00e3o dos m\u00f3veis da sua casa<\/li>\n<li>Especialmente indicados para m\u00f3veis leves.<\/li>\n<\/ul>\n<p class=\"SNAPS--pdpTabDes\">Com fixa\u00e7\u00e3o r\u00e1pida, pr\u00e1tica e duradoura, a linha de Feltros Sint\u00e9ticos Scotch traz mais qualidade e resist\u00eancia para proteger os m\u00f3veis da sua casa, evitando riscos e protegendo contra batidas e deslizamentos. S\u00e3o especialmente indicados para m\u00f3veis leves.<\/p>\n<\/div>\n<\/div>\n<\/div>\n<\/div>\n","protected":false},"featured_media":1038,"comment_status":"open","ping_status":"closed","template":"","meta":[],"product_cat":[192,1856],"product_tag":[585],"_links":{"self":[{"href":"https:\/\/trenaferragens.com.br\/index.php?rest_route=\/wp\/v2\/product\/4032"}],"collection":[{"href":"https:\/\/trenaferragens.com.br\/index.php?rest_route=\/wp\/v2\/product"}],"about":[{"href":"https:\/\/trenaferragens.com.br\/index.php?rest_route=\/wp\/v2\/types\/product"}],"replies":[{"embeddable":true,"href":"https:\/\/trenaferragens.com.br\/index.php?rest_route=%2Fwp%2Fv2%2Fcomments&post=4032"}],"wp:featuredmedia":[{"embeddable":true,"href":"https:\/\/trenaferragens.com.br\/index.php?rest_route=\/wp\/v2\/media\/1038"}],"wp:attachment":[{"href":"https:\/\/trenaferragens.com.br\/index.php?rest_route=%2Fwp%2Fv2%2Fmedia&parent=4032"}],"wp:term":[{"taxonomy":"product_cat","embeddable":true,"href":"https:\/\/trenaferragens.com.br\/index.php?rest_route=%2Fwp%2Fv2%2Fproduct_cat&post=4032"},{"taxonomy":"product_tag","embeddable":true,"href":"https:\/\/trenaferragens.com.br\/index.php?rest_route=%2Fwp%2Fv2%2Fproduct_tag&post=4032"}],"curies":[{"name":"wp","href":"https:\/\/api.w.org\/{rel}","templated":true}]}}