{"id":4044,"date":"2018-08-01T15:25:05","date_gmt":"2018-08-01T15:25:05","guid":{"rendered":"http:\/\/trenaferragens1.hospedagemdesites.ws\/produto\/import-placeholder-for-5366\/"},"modified":"2018-08-01T15:25:25","modified_gmt":"2018-08-01T15:25:25","slug":"fita-antiderrapante-transparente-p-areas-umidas","status":"publish","type":"product","link":"https:\/\/trenaferragens.com.br\/?product=fita-antiderrapante-transparente-p-areas-umidas","title":{"rendered":"Fita Antiderrapante Transparente P\/\u00c1reas Umidas"},"content":{"rendered":"<p>Fita Antiderrapante Transparente P\/\u00c1reas Umidas<\/p>\n<p>3M<\/p>\n<p>A 3M \u00e9 fundamentalmente uma companhia de base cient\u00edfica. Produzimos milhares de produtos imaginativos e somos l\u00edderes em n\u00fameros de mercados de atua\u00e7\u00e3o &#8211; de cuidados com a sa\u00fade e seguran\u00e7a no tr\u00e1fego a produtos para escrit\u00f3rio,\u00a0abrasivos e adesivos. O sucesso da companhia come\u00e7a com a habilidade de aplicar nossas tecnologias &#8211; freq\u00fcentemente por meio de combina\u00e7\u00f5es &#8211; em uma variedade infinita de necessidades dos nossos clientes. Obviamente, tudo isso \u00e9 poss\u00edvel devido \u00e0s pessoas da 3M e ao seu compromisso \u00fanico de tornar a vida das pessoas mais f\u00e1cil e melhor no mundo todo.<\/p>\n","protected":false},"excerpt":{"rendered":"<p>Fita Antiderrapante Transparente P\/\u00c1reas Umidas<\/p>\n<div class=\"MMM--hdg MMM--hdg_2 SNAPS--hdg_2 MMM--tabHeader\">Detalhes<\/div>\n<div class=\"tabContentContainer MMM--contentToggle-target MMM--isActive\">\n<div class=\"MMM--contentPadded MMM--accordionPanel\">\n<div class=\"MMM--grids\">\n<div class=\"MMM--grids-col MMM--grids-col_pdpMain\">\n<ul class=\"MMM--pdpList SNAPS--bullets\">\n<li>Previne contra quedas em \u00e1reas \u00famidas e escorregadias<\/li>\n<li>Fita antiderrapante \u00e0 prova d\u2019\u00e1gua f\u00e1cil de aplicar e cortar com tesoura<\/li>\n<li>Adesivo antiderrapante para piso de banheiro forte e resistente<\/li>\n<li>Dur\u00e1vel e confort\u00e1vel para p\u00e9s descal\u00e7os<\/li>\n<li>N\u00e3o racha ou descasca com o uso e n\u00e3o acumula mofo ou bolor, sendo muito mais higi\u00eanica<\/li>\n<\/ul>\n<h4 class=\"MMM--hdg MMM--pdpTabVr SNAPS--pdpTabVr\">Aplica\u00e7\u00f5es sugeridas<\/h4>\n<ul class=\"MMM--pdpList SNAPS--bullets\">\n<li>Previne contra quedas em \u00e1reas \u00famidas e escorregadias<\/li>\n<li>Ideal para pisos de banheiros, boxes e banheiras<\/li>\n<\/ul>\n<p>Esta fita antiderrapante para banheiro \u00e9 muito mais higi\u00eanica, j\u00e1 que n\u00e3o acumula mofo e bolor. Ela garante uma textura suave para os p\u00e9s e alta resist\u00eancia a diversos produtos de limpeza. \u00c9 f\u00e1cil de aplicar e cortar com tesoura, e seu adesivo \u00e9 forte e resistente \u00e0 umidade e ao movimento de muitas pessoas. N\u00e3o deixe de conhecer esta fita antiderrapante para box que \u00e9 dur\u00e1vel, confort\u00e1vel para p\u00e9s descal\u00e7os e que n\u00e3o racha ou descasca com o uso! Fita Antiderrapante 3M Safety-Walk para Banheiro \u00e9 ideal para evitar escorreg\u00f5es e quedas e est\u00e1 dispon\u00edvel em uma variedade de tamanhos, cores e materiais. Seu adesivo antiderrapante para piso de banheiro \u00e9 projetado para criar tra\u00e7\u00e3o em superf\u00edcies escorregadias em que existe o risco de quedas. Ela pode ser utilizada com seguran\u00e7a em \u00e1reas molhadas, aderindo sem se enrugar, rasgar ou encolher, e \u00e9 confort\u00e1vel para o uso. Deixe seu banheiro muito mais seguro com a Fita 3M Safety-Walk! Instru\u00e7\u00f5es: limpe bem a superf\u00edcie antes da aplica\u00e7\u00e3o. Recomenda-se o uso de \u00e1lcool ou acetona (de prefer\u00eancia acetona) para remover \u00f3leos e sujeiras. Seque bem a superf\u00edcie, garantindo que todo o solvente foi evaporado. Corte o antiderrapante no tamanho desejado, arredondando as pontas. N\u00e3o aplique sobre emendas de piso mesmo que seja de cer\u00e2mica. Retire a fita protetora, coloque o antiderrapante na posi\u00e7\u00e3o desejada, pressione firmemente no centro e siga pressionando em dire\u00e7\u00e3o \u00e0s extremidades, eliminando eventuais bolhas. Certifique-se de que as bordas estejam aderidas. Aguarde quatro horas ap\u00f3s a aplica\u00e7\u00e3o para utiliza\u00e7\u00e3o do produto. Para remover, levante uma das extremidades e puxe vagarosamente. Os res\u00edduos s\u00e3o facilmente removidos com produtos de limpeza. Aten\u00e7\u00e3o: recomenda-se a troca ap\u00f3s os primeiros sinais de descolamento. Cuidados: arredonde os cantos da fita antes da instala\u00e7\u00e3o, eliminando pontos cr\u00edticos de descolamento. N\u00e3o se deve arrastar objetos em \u00e1reas onde a fita esteja aplicada, nem andar com o cal\u00e7ado sobre o produto (pode acumular sujeira). Caso tenha muito sabonete impregnado no ch\u00e3o, use o lado verde da esponja Scotch-Brite para remov\u00ea-lo. Tenha aten\u00e7\u00e3o \u00e0 for\u00e7a aplicada, pois a fibra pode riscar o piso. Temperatura m\u00ednima de aplica\u00e7\u00e3o: 10\u00baC. Conserve o produto dentro da pr\u00f3pria embalagem, fora do alcance de crian\u00e7as e animais dom\u00e9sticos.<\/p>\n<p class=\"SNAPS--pdpTabDes\">A Fita Antiderrapante 3M Safety-Walk para Banheiro previne contra quedas em \u00e1reas \u00famidas e escorregadias. Seu adesivo \u00e9 resistente \u00e0 umidade, sendo ideal para pisos de banheiros, boxes e banheiras.<\/p>\n<\/div>\n<\/div>\n<\/div>\n<\/div>\n","protected":false},"featured_media":1048,"comment_status":"open","ping_status":"closed","template":"","meta":[],"product_cat":[192,1856],"product_tag":[597],"_links":{"self":[{"href":"https:\/\/trenaferragens.com.br\/index.php?rest_route=\/wp\/v2\/product\/4044"}],"collection":[{"href":"https:\/\/trenaferragens.com.br\/index.php?rest_route=\/wp\/v2\/product"}],"about":[{"href":"https:\/\/trenaferragens.com.br\/index.php?rest_route=\/wp\/v2\/types\/product"}],"replies":[{"embeddable":true,"href":"https:\/\/trenaferragens.com.br\/index.php?rest_route=%2Fwp%2Fv2%2Fcomments&post=4044"}],"wp:featuredmedia":[{"embeddable":true,"href":"https:\/\/trenaferragens.com.br\/index.php?rest_route=\/wp\/v2\/media\/1048"}],"wp:attachment":[{"href":"https:\/\/trenaferragens.com.br\/index.php?rest_route=%2Fwp%2Fv2%2Fmedia&parent=4044"}],"wp:term":[{"taxonomy":"product_cat","embeddable":true,"href":"https:\/\/trenaferragens.com.br\/index.php?rest_route=%2Fwp%2Fv2%2Fproduct_cat&post=4044"},{"taxonomy":"product_tag","embeddable":true,"href":"https:\/\/trenaferragens.com.br\/index.php?rest_route=%2Fwp%2Fv2%2Fproduct_tag&post=4044"}],"curies":[{"name":"wp","href":"https:\/\/api.w.org\/{rel}","templated":true}]}}