{"id":4679,"date":"2018-08-01T16:17:48","date_gmt":"2018-08-01T16:17:48","guid":{"rendered":"http:\/\/trenaferragens1.hospedagemdesites.ws\/produto\/import-placeholder-for-6886\/"},"modified":"2018-08-01T16:18:08","modified_gmt":"2018-08-01T16:18:08","slug":"cabeceira-esquerda-aquapluv","status":"publish","type":"product","link":"https:\/\/trenaferragens.com.br\/?product=cabeceira-esquerda-aquapluv","title":{"rendered":"Cabeceira Esquerda Aquapluv"},"content":{"rendered":"<h4 class=\"title\">Cabeceira Esquerda Aquapluv<\/h4>\n<p>A Tigre Tubos e Conex\u00f5es oferta solu\u00e7\u00f5es recheadas de inova\u00e7\u00e3o e qualidade. A empresa possui linhas para os segmentos Predial, Industrial, Infraestrutura e Irriga\u00e7\u00e3o. S\u00e3o linhas completas, com produtos de excelente durabilidade, que garantem total tranquilidade na hora de construir ou reformar.<\/p>\n","protected":false},"excerpt":{"rendered":"<h4>Cabeceira Esquerda Aquapluv<\/h4>\n<p>DISPON\u00cdVEL NAS OP\u00c7\u00d5ES<\/p>\n<p>Cabeceira Esquerda Aquapluv 885-5-125MM<\/p>\n<h4>BENEF\u00cdCIOS<\/h4>\n<ul>\n<li>Linha completa: op\u00e7\u00f5es de tamanhos variados para adequa\u00e7\u00e3o \u00e0s necessidades das obras;<\/li>\n<li>Facilidade de instala\u00e7\u00e3o: a CAIXA SIFONADA GIRAF\u00c1CIL permite facilmente alinhar as tubula\u00e7\u00f5es de entrada e sa\u00edda da caixa, atrav\u00e9s de seu corpo girat\u00f3rio;<\/li>\n<li>Seguran\u00e7a contra vazamentos;<\/li>\n<li>Facilidade de limpeza atrav\u00e9s dos plugs das caixas tradicionais e da cesta de limpeza da Caixa Giraf\u00e1cil e do Ralo com Sa\u00edda Articulada;<\/li>\n<li>Durabilidade por serem fabricadas de PVC.<\/li>\n<\/ul>\n<h4>CARACTER\u00cdSTICAS<\/h4>\n<ul>\n<li>Fabricadas de PVC r\u00edgido<\/li>\n<li>Temperatura m\u00e1xima de trabalho em regime cont\u00ednuo: 45\u00b0C;<\/li>\n<li>Caixas sifonadas com fecho h\u00eddrico de 50mm, com exce\u00e7\u00e3o da caixa de 100 x 100 x 50mm;<\/li>\n<li>As caixas s\u00e3o dotadas de entradas sold\u00e1veis e sa\u00edda com junta el\u00e1stica, o que elimina o uso de uma luva quando da sua interliga\u00e7\u00e3o com o tubo do ramal de esgoto.<\/li>\n<\/ul>\n","protected":false},"featured_media":2728,"comment_status":"open","ping_status":"closed","template":"","meta":[],"product_cat":[300,186],"product_tag":[1392],"_links":{"self":[{"href":"https:\/\/trenaferragens.com.br\/index.php?rest_route=\/wp\/v2\/product\/4679"}],"collection":[{"href":"https:\/\/trenaferragens.com.br\/index.php?rest_route=\/wp\/v2\/product"}],"about":[{"href":"https:\/\/trenaferragens.com.br\/index.php?rest_route=\/wp\/v2\/types\/product"}],"replies":[{"embeddable":true,"href":"https:\/\/trenaferragens.com.br\/index.php?rest_route=%2Fwp%2Fv2%2Fcomments&post=4679"}],"wp:featuredmedia":[{"embeddable":true,"href":"https:\/\/trenaferragens.com.br\/index.php?rest_route=\/wp\/v2\/media\/2728"}],"wp:attachment":[{"href":"https:\/\/trenaferragens.com.br\/index.php?rest_route=%2Fwp%2Fv2%2Fmedia&parent=4679"}],"wp:term":[{"taxonomy":"product_cat","embeddable":true,"href":"https:\/\/trenaferragens.com.br\/index.php?rest_route=%2Fwp%2Fv2%2Fproduct_cat&post=4679"},{"taxonomy":"product_tag","embeddable":true,"href":"https:\/\/trenaferragens.com.br\/index.php?rest_route=%2Fwp%2Fv2%2Fproduct_tag&post=4679"}],"curies":[{"name":"wp","href":"https:\/\/api.w.org\/{rel}","templated":true}]}}