{"id":4715,"date":"2018-08-01T16:18:31","date_gmt":"2018-08-01T16:18:31","guid":{"rendered":"http:\/\/trenaferragens1.hospedagemdesites.ws\/produto\/import-placeholder-for-6965\/"},"modified":"2018-08-01T16:18:47","modified_gmt":"2018-08-01T16:18:47","slug":"cabecote-p-entrada-energia","status":"publish","type":"product","link":"https:\/\/trenaferragens.com.br\/?product=cabecote-p-entrada-energia","title":{"rendered":"Cabe\u00e7ote P\/Entrada Energia"},"content":{"rendered":"<h4 class=\"title\">Cabe\u00e7ote P\/Entrada Energia<\/h4>\n<p>A Tigre Tubos e Conex\u00f5es oferta solu\u00e7\u00f5es recheadas de inova\u00e7\u00e3o e qualidade. A empresa possui linhas para os segmentos Predial, Industrial, Infraestrutura e Irriga\u00e7\u00e3o. S\u00e3o linhas completas, com produtos de excelente durabilidade, que garantem total tranquilidade na hora de construir ou reformar.<\/p>\n","protected":false},"excerpt":{"rendered":"<h4 class=\"title\">Cabe\u00e7ote P\/Entrada Energia<\/h4>\n<p>DISPON\u00cdVEL NAS OP\u00c7\u00d5ES<\/p>\n<p>Cabe\u00e7ote P\/Entrada Energia 3\/4<\/p>\n<p>Cabe\u00e7ote P\/Entrada Energia 1<\/p>\n<p>Cabe\u00e7ote P\/Entrada Energia 1 1\/4<\/p>\n<p>Cabe\u00e7ote P\/Entrada Energia 1 1\/2<\/p>\n<h3 class=\"h4 product-description-sub\">BENEF\u00cdCIOS<\/h3>\n<ul>\n<li>F\u00e1cil instala\u00e7\u00e3o.<\/li>\n<li>Seguran\u00e7a.<\/li>\n<li>F\u00e1cil manuten\u00e7\u00e3o.<\/li>\n<\/ul>\n<h4>CARACTER\u00cdSTICAS<\/h4>\n<ul>\n<li>Basta encaixar o cabe\u00e7ote no topo do eletroduto e apertar um parafuso para fixa\u00e7\u00e3o.<\/li>\n<li>Cabe\u00e7ote de PVC cor preta nos di\u00e2metros: 3\/4\u201d ; 1\u201d; 1.1\/4\u201d e 1.1\/2\u201d.<\/li>\n<li>Dispensa o uso das tradicionais \u201cbengalas\u201d.<\/li>\n<li>Protege a liga\u00e7\u00e3o do ramal de servi\u00e7o contra a entrada de \u00e1gua.<\/li>\n<li>Antichama (n\u00e3o propaga chama).<\/li>\n<li>Simples para desencaixar e manipular os cabos.<\/li>\n<\/ul>\n","protected":false},"featured_media":2781,"comment_status":"open","ping_status":"closed","template":"","meta":[],"product_cat":[300,186],"product_tag":[1428],"_links":{"self":[{"href":"https:\/\/trenaferragens.com.br\/index.php?rest_route=\/wp\/v2\/product\/4715"}],"collection":[{"href":"https:\/\/trenaferragens.com.br\/index.php?rest_route=\/wp\/v2\/product"}],"about":[{"href":"https:\/\/trenaferragens.com.br\/index.php?rest_route=\/wp\/v2\/types\/product"}],"replies":[{"embeddable":true,"href":"https:\/\/trenaferragens.com.br\/index.php?rest_route=%2Fwp%2Fv2%2Fcomments&post=4715"}],"wp:featuredmedia":[{"embeddable":true,"href":"https:\/\/trenaferragens.com.br\/index.php?rest_route=\/wp\/v2\/media\/2781"}],"wp:attachment":[{"href":"https:\/\/trenaferragens.com.br\/index.php?rest_route=%2Fwp%2Fv2%2Fmedia&parent=4715"}],"wp:term":[{"taxonomy":"product_cat","embeddable":true,"href":"https:\/\/trenaferragens.com.br\/index.php?rest_route=%2Fwp%2Fv2%2Fproduct_cat&post=4715"},{"taxonomy":"product_tag","embeddable":true,"href":"https:\/\/trenaferragens.com.br\/index.php?rest_route=%2Fwp%2Fv2%2Fproduct_tag&post=4715"}],"curies":[{"name":"wp","href":"https:\/\/api.w.org\/{rel}","templated":true}]}}