{"id":4804,"date":"2018-08-01T16:21:12","date_gmt":"2018-08-01T16:21:12","guid":{"rendered":"http:\/\/trenaferragens1.hospedagemdesites.ws\/produto\/import-placeholder-for-7167\/"},"modified":"2018-08-01T16:21:41","modified_gmt":"2018-08-01T16:21:41","slug":"pasta-p-soldar-hidrossoluvel-soft-metais","status":"publish","type":"product","link":"https:\/\/trenaferragens.com.br\/?product=pasta-p-soldar-hidrossoluvel-soft-metais","title":{"rendered":"Pasta P\/Soldar Hidross\u00f3luvel Soft Metais"},"content":{"rendered":"<p>Pasta P\/Soldar Hidross\u00f3luvel Soft Metais<\/p>\n<p>A Soft Metais ltda.<\/p>\n<p>Fundada em 1986, a\u00a0Soft Metais\u00a0fabrica, comercializa e distribui todos os tipos de ligas a base de estanho para as mais diversas utiliza\u00e7\u00f5es, al\u00e9m de fluxos para soldagem e fios de zinco para utiliza\u00e7\u00e3o em revestimentos de superf\u00edcies atrav\u00e9s de pistolas de metaliza\u00e7\u00e3o em spray (a arco voltaico ou chama).<\/p>\n<p>Estabelecida em sede pr\u00f3pria na cidade de Bebedouro no norte do estado de S\u00e3o Paulo desde 1994, tem no potencial humano seu maior patrim\u00f4nio e fonte de investimento. Empresa orientada para o atendimento ao cliente, tem seu sistema de qualidade certificado pelas normas da s\u00e9rie ISO 9000 desde dezembro de 1997. Laborat\u00f3rios pr\u00f3prios garantem o controle de tudo aquilo que \u00e9 adquirido, processado e tamb\u00e9m de todos os produtos vendidos, que s\u00e3o sempre acompanhados do competente certificado de qualidade.<\/p>\n<p>Baseada em s\u00f3lidas parceiras com grupos mineradores no Brasil e no exterior, tem abastecimento das mat\u00e9rias primas met\u00e1licas garantido o ano todo. Este fato, aliado \u00e0 enorme capacidade de transforma\u00e7\u00e3o, permite o r\u00e1pido atendimento ao cliente em toda sua extensa linha de produtos com mais de 600 itens.<\/p>\n<p>Parcerias de transfer\u00eancia de tecnologia com empresas alem\u00e3s e norte-americanas garantem a fabrica\u00e7\u00e3o sob licen\u00e7a e distribui\u00e7\u00e3o dos produtos mais avan\u00e7ados para a ind\u00fastria eletr\u00f4nica, tais como pasta em solda e adesivos para SMD, fluxos especiais e outros produtos utilizados globalmente pelas montadoras de celulares, aparelhos de som &amp; imagem, telecomunica\u00e7\u00f5es e outros.<\/p>\n","protected":false},"excerpt":{"rendered":"<p align=\"justify\">Pasta P\/Soldar Hidross\u00f3luvel Soft Metais<\/p>\n<p align=\"justify\">PASTA PARA SOLDAR HIDROSSOL\u00daVEL (SOL\u00daVEL EM \u00c1GUA):\u00a0possui agentes que eliminam os \u00f3xidos preparando as superf\u00edcies para uma soldagem perfeita.<\/p>\n<p align=\"justify\">A diferen\u00e7a \u00e9 que seus res\u00edduos saem com a lavagem em \u00e1gua corrente.<\/p>\n<p align=\"justify\">A pasta para soldar\u00a0HIDROSSOL\u00daVEL\u00a0atende a norma ABNT para Soldas e Fluxos para uni\u00e3o de tubos e conex\u00f5es de cobre e ligas de cobre NBR 15489, de acordo com certifica\u00e7\u00e3o conduzida pela empresa\u00a0CRT Laboratories\u00a0&#8211; Certificado no.\u00a018328 de 22\/04\/2010<\/p>\n<p align=\"justify\">O produto \u00e9 apresentado na seguinte embalagem:<\/p>\n<ul>\n<li>\n<div>pote com 50g:\u00a0PS02PL50<\/div>\n<\/li>\n<\/ul>\n","protected":false},"featured_media":2969,"comment_status":"open","ping_status":"closed","template":"","meta":[],"product_cat":[1854],"product_tag":[1516],"_links":{"self":[{"href":"https:\/\/trenaferragens.com.br\/index.php?rest_route=\/wp\/v2\/product\/4804"}],"collection":[{"href":"https:\/\/trenaferragens.com.br\/index.php?rest_route=\/wp\/v2\/product"}],"about":[{"href":"https:\/\/trenaferragens.com.br\/index.php?rest_route=\/wp\/v2\/types\/product"}],"replies":[{"embeddable":true,"href":"https:\/\/trenaferragens.com.br\/index.php?rest_route=%2Fwp%2Fv2%2Fcomments&post=4804"}],"wp:featuredmedia":[{"embeddable":true,"href":"https:\/\/trenaferragens.com.br\/index.php?rest_route=\/wp\/v2\/media\/2969"}],"wp:attachment":[{"href":"https:\/\/trenaferragens.com.br\/index.php?rest_route=%2Fwp%2Fv2%2Fmedia&parent=4804"}],"wp:term":[{"taxonomy":"product_cat","embeddable":true,"href":"https:\/\/trenaferragens.com.br\/index.php?rest_route=%2Fwp%2Fv2%2Fproduct_cat&post=4804"},{"taxonomy":"product_tag","embeddable":true,"href":"https:\/\/trenaferragens.com.br\/index.php?rest_route=%2Fwp%2Fv2%2Fproduct_tag&post=4804"}],"curies":[{"name":"wp","href":"https:\/\/api.w.org\/{rel}","templated":true}]}}