{"id":4821,"date":"2018-08-01T16:21:27","date_gmt":"2018-08-01T16:21:27","guid":{"rendered":"http:\/\/trenaferragens1.hospedagemdesites.ws\/produto\/import-placeholder-for-7204\/"},"modified":"2018-08-01T16:22:13","modified_gmt":"2018-08-01T16:22:13","slug":"isolante-termico-epex-2mt","status":"publish","type":"product","link":"https:\/\/trenaferragens.com.br\/?product=isolante-termico-epex-2mt","title":{"rendered":"Isolante T\u00e9rmico (EPEX) 2MT"},"content":{"rendered":"","protected":false},"excerpt":{"rendered":"<p class=\"font_8\">Isolante T\u00e9rmico (EPEX) 2MT<\/p>\n<p class=\"font_8\"><span style=\"color: #333333; font-size: 14.4px;\">DISPON\u00cdVEL NAS OP\u00c7\u00d5ES<\/span><\/p>\n<article>Isolante T\u00e9rmico (EPEX) 15MM 2MT<\/article>\n<article>Isolante T\u00e9rmico (EPEX) 22MM 2MT<\/article>\n<article>Isolante T\u00e9rmico (EPEX) 28MM 2MT<\/article>\n<article>Isolante T\u00e9rmico (EPEX) 35MM 2MT<\/article>\n<article>Isolante T\u00e9rmico (EPEX) 42MM 2MT<\/article>\n<article>Isolante T\u00e9rmico (EPEX) 54MM 2MT<\/article>\n<article>Isolante T\u00e9rmico (EPEX) 66MM 2MT<\/article>\n<article>Isolante T\u00e9rmico (EPEX) 79MM 2MT<\/article>\n","protected":false},"featured_media":3001,"comment_status":"open","ping_status":"closed","template":"","meta":[],"product_cat":[168],"product_tag":[1530],"_links":{"self":[{"href":"https:\/\/trenaferragens.com.br\/index.php?rest_route=\/wp\/v2\/product\/4821"}],"collection":[{"href":"https:\/\/trenaferragens.com.br\/index.php?rest_route=\/wp\/v2\/product"}],"about":[{"href":"https:\/\/trenaferragens.com.br\/index.php?rest_route=\/wp\/v2\/types\/product"}],"replies":[{"embeddable":true,"href":"https:\/\/trenaferragens.com.br\/index.php?rest_route=%2Fwp%2Fv2%2Fcomments&post=4821"}],"wp:featuredmedia":[{"embeddable":true,"href":"https:\/\/trenaferragens.com.br\/index.php?rest_route=\/wp\/v2\/media\/3001"}],"wp:attachment":[{"href":"https:\/\/trenaferragens.com.br\/index.php?rest_route=%2Fwp%2Fv2%2Fmedia&parent=4821"}],"wp:term":[{"taxonomy":"product_cat","embeddable":true,"href":"https:\/\/trenaferragens.com.br\/index.php?rest_route=%2Fwp%2Fv2%2Fproduct_cat&post=4821"},{"taxonomy":"product_tag","embeddable":true,"href":"https:\/\/trenaferragens.com.br\/index.php?rest_route=%2Fwp%2Fv2%2Fproduct_tag&post=4821"}],"curies":[{"name":"wp","href":"https:\/\/api.w.org\/{rel}","templated":true}]}}