{"id":4878,"date":"2018-08-01T16:22:48","date_gmt":"2018-08-01T16:22:48","guid":{"rendered":"http:\/\/trenaferragens1.hospedagemdesites.ws\/produto\/import-placeholder-for-7329\/"},"modified":"2018-08-01T16:23:35","modified_gmt":"2018-08-01T16:23:35","slug":"manta-asfaltica-viapol-poliester-premium","status":"publish","type":"product","link":"https:\/\/trenaferragens.com.br\/?product=manta-asfaltica-viapol-poliester-premium","title":{"rendered":"Manta Asfaltica Viapol Poli\u00e9ster Premium"},"content":{"rendered":"<p>Viapol: Qualidade e Amplo\u00a0Portf\u00f3lio\u00a0Para Diversos Mercados<\/p>\n<p>A Viapol \u00e9 refer\u00eancia nacional no desenvolvimento de solu\u00e7\u00f5es completas e eficazes para todas as necessidades da constru\u00e7\u00e3o civil. A empresa \u00e9 uma das maiores ind\u00fastrias de solu\u00e7\u00f5es qu\u00edmicas para o setor na Am\u00e9rica Latina. Desde 2012, integra o Euclid Group, um dos principais grupos de solu\u00e7\u00f5es qu\u00edmicas para a constru\u00e7\u00e3o civil no mundo.<\/p>\n<p>Fundada em 1990, a Viapol tem um portf\u00f3lio com mais de 900 itens direcionados a prote\u00e7\u00e3o, conserva\u00e7\u00e3o e valoriza\u00e7\u00e3o de obras, al\u00e9m de suprir demandas da ind\u00fastria de transforma\u00e7\u00e3o. Os produtos s\u00e3o desenvolvidos para atender com efici\u00eancia a todas as etapas de um empreendimento, da funda\u00e7\u00e3o ao acabamento. Oferece solu\u00e7\u00f5es para Edifica\u00e7\u00e3o, Infraestrutura, Saneamento B\u00e1sico, Obra Industrial, Aditivos para Concreto e Argamassa, Constru\u00e7\u00e3o Geral, Impermeabilizantes, Insumos Industriais, Madeiras e Pisos Industriais.<\/p>\n<p>A Viapol tem sede instalada em Ca\u00e7apava (SP), onde possui um parque fabril de 100 mil metros quadrados, considerado o maior do setor em toda a Am\u00e9rica Latina, al\u00e9m de filial em Candeias (BA), com produ\u00e7\u00e3o para as regi\u00f5es Norte e Nordeste, e escrit\u00f3rio t\u00e9cnico comercial em S\u00e3o Paulo (SP). S\u00e3o mais de 400 colaboradores e 120 representantes comerciais atuantes em todas as regi\u00f5es do Brasil.<\/p>\n","protected":false},"excerpt":{"rendered":"<p>Manta Asfaltica Viapol Poli\u00e9ster Premium<\/p>\n<p>Manta asf\u00e1ltica produzida a partir da modifica\u00e7\u00e3o f\u00edsica do asfalto com uma mescla de pol\u00edmeros especiais, que proporcionam \u00e0 manta, excelente ader\u00eancia, durabilidade e resist\u00eancia. Estruturada com um n\u00e3o-tecido de filamentos cont\u00ednuos de poli\u00e9ster, resinado e termofixado, garante perfeita impermeabiliza\u00e7\u00e3o da \u00e1rea a ser utilizada.<\/p>\n<p>Caracter\u00edsticas: %<\/p>\n<p>Espessura: mm \/ 3 e 4<\/p>\n<p>Resist\u00eancia \u00e0 tra\u00e7\u00e3o longitudinal e transversal (m\u00ednimo): N 180<\/p>\n<p>Alongamento na longitudinal e transversal (m\u00ednimo): % 2<\/p>\n<p>Absor\u00e7\u00e3o d&#8217;\u00e1gua (m\u00e1xima): % 1,5<\/p>\n<p>Flexibilidade \u00e0 baixa temperatura:\u00a0\u00b0C\u00a0Classe C = 0<\/p>\n<p>Resist\u00eancia ao impacto:\u00a0J-Joule\u00a02,45<\/p>\n<p>Escorrimento ao calor (m\u00ednimo):\u00a0\u00b0C\u00a095<\/p>\n<p>Estabilidade dimensional (m\u00e1xima): % 1<\/p>\n<p>Flexibilidade ap\u00f3s envelhecimento (m\u00ednimo):\u00a0\u00b0C\u00a0Classe C = 10<\/p>\n<p>Estanqueidade (m\u00ednimo):\u00a0m.c.a\u00a010<\/p>\n<p>Resist\u00eancia ao rasgo (m\u00ednimo): N 100<\/p>\n<p>Normas de refer\u00eancia<\/p>\n<p>NBR 9952 \u2013 Mantas Asf\u00e1lticas para impermeabiliza\u00e7\u00e3o (Atende ao Tipo II \u2013 Classe C);<\/p>\n<p>NBR 9575:2010 \u2013 Impermeabiliza\u00e7\u00e3o \u2013 Sistemas e projetos;<\/p>\n<p>NBR 9574:2008 \u2013 Execu\u00e7\u00e3o da impermeabiliza\u00e7\u00e3o.<\/p>\n<p>Utiliza\u00e7\u00e3o<\/p>\n<p>Viapol Laje Poli\u00e9ster \u00e9 uma manta asf\u00e1ltica indicada para impermeabiliza\u00e7\u00e3o de \u00e1reas frias tais como: banheiros, lavabos, cozinhas, \u00e1reas de servi\u00e7o, sob telhados, pisos de barriletes, barreiras de vapor de varandas, terra\u00e7os, lajes de pequenas dimens\u00f5es e nos sistemas de dupla manta.<\/p>\n","protected":false},"featured_media":3119,"comment_status":"open","ping_status":"closed","template":"","meta":[],"product_cat":[166],"product_tag":[1585],"_links":{"self":[{"href":"https:\/\/trenaferragens.com.br\/index.php?rest_route=\/wp\/v2\/product\/4878"}],"collection":[{"href":"https:\/\/trenaferragens.com.br\/index.php?rest_route=\/wp\/v2\/product"}],"about":[{"href":"https:\/\/trenaferragens.com.br\/index.php?rest_route=\/wp\/v2\/types\/product"}],"replies":[{"embeddable":true,"href":"https:\/\/trenaferragens.com.br\/index.php?rest_route=%2Fwp%2Fv2%2Fcomments&post=4878"}],"wp:featuredmedia":[{"embeddable":true,"href":"https:\/\/trenaferragens.com.br\/index.php?rest_route=\/wp\/v2\/media\/3119"}],"wp:attachment":[{"href":"https:\/\/trenaferragens.com.br\/index.php?rest_route=%2Fwp%2Fv2%2Fmedia&parent=4878"}],"wp:term":[{"taxonomy":"product_cat","embeddable":true,"href":"https:\/\/trenaferragens.com.br\/index.php?rest_route=%2Fwp%2Fv2%2Fproduct_cat&post=4878"},{"taxonomy":"product_tag","embeddable":true,"href":"https:\/\/trenaferragens.com.br\/index.php?rest_route=%2Fwp%2Fv2%2Fproduct_tag&post=4878"}],"curies":[{"name":"wp","href":"https:\/\/api.w.org\/{rel}","templated":true}]}}