{"id":4930,"date":"2018-08-01T16:24:13","date_gmt":"2018-08-01T16:24:13","guid":{"rendered":"http:\/\/trenaferragens1.hospedagemdesites.ws\/produto\/import-placeholder-for-7474\/"},"modified":"2018-08-01T16:24:35","modified_gmt":"2018-08-01T16:24:35","slug":"serra-em-fita-starrett","status":"publish","type":"product","link":"https:\/\/trenaferragens.com.br\/?product=serra-em-fita-starrett","title":{"rendered":"Serra em Fita Starrett"},"content":{"rendered":"<p>Serra em Fita Starrett<\/p>\n<p>STARRETT<\/p>\n<p>A Starrett, uma das maiores fabricantes de serras, ferramentas e instrumentos de medi\u00e7\u00e3o do mundo, iniciou sua opera\u00e7\u00e3o no Brasil em 1956. Sua primeira f\u00e1brica foi constru\u00edda na cidade de S\u00e3o Paulo e, depois, a planta industrial foi transferida para o interior, na cidade de Itu\/SP, onde continua at\u00e9 hoje produzindo ferramentas, serras e instrumentos de medi\u00e7\u00e3o.<\/p>\n<p>O hist\u00f3rico da Starrett teve in\u00edcio em 1878, quando Laroy S. Starrett inventou o esquadro combinado, que continua sendo uma das mais pr\u00e1ticas e vers\u00e1teis inven\u00e7\u00f5es em ferramentas de todo o mundo.<\/p>\n<p>Em 1880, foi constru\u00edda a primeira f\u00e1brica em Athol, Massachusetts nos Estados Unidos. Hoje, a Starrett conta com 09 f\u00e1bricas, sendo 06 nos Estados Unidos, 01 na Esc\u00f3cia, 01 na China e 01 em Itu, no Brasil.<\/p>\n<p>A empresa produz mais de cinco mil produtos, tais como l\u00e2minas de serras de fita para corte de metais, madeira e carne, ferramentas de precis\u00e3o e instrumentos de medi\u00e7\u00e3o.<\/p>\n<p>Os produtos Starrett s\u00e3o vendidos em mais de 100 pa\u00edses por meio de uma rede de distribuidores atendendo a uma variada gama de segmentos que vai desde ferramentas para a ind\u00fastria automobil\u00edstica, avia\u00e7\u00e3o, marinha, at\u00e9 equipamentos agr\u00edcolas, ferramentas para trabalhos manuais (fa\u00e7a voc\u00ea mesmo!) para construtores, carpinteiros, encanadores, eletricistas etc.<\/p>\n","protected":false},"excerpt":{"rendered":"<div>Serra em Fita Starrett<\/div>\n<div><\/div>\n<div>Tamanhos:<\/div>\n<div>13MMx1.14MT<\/div>\n<div>\n<h4><strong>Univerz&#x2122;<\/strong><\/h4>\n<p>As l\u00e2minas de serra de fita Univerz&#x2122; s\u00e3o ideais para cortes leves em m\u00e1quinas port\u00e1teis e m\u00e1quinas verticais. Fabricadas com a\u00e7o Bi-Metal Unique\u00ae que permite grande versatilidade de corte nos diversos tipos de materiais.<\/p>\n<div><strong>Caracter\u00edsticas<\/strong><\/div>\n<ul>\n<li>Tecnologia &#8211; Split Chip Advantage.<\/li>\n<li>M\u00faltiplas arestas de corte &#8211; Multi Edge Performance.<\/li>\n<li>Espessura da serra: 0,50 ou 0,35mm.<\/li>\n<\/ul>\n<div><strong>Vantagens<\/strong><\/div>\n<ul>\n<li>Tecnologia que reduz o esfor\u00e7o de corte aumentando a vida \u00fatil da serra.<\/li>\n<li>Melhor custo benef\u00edcio em rela\u00e7\u00e3o \u00e0s l\u00e2minas de a\u00e7o carbono.<\/li>\n<li>Excelente resist\u00eancia \u00e0 fadiga, abras\u00e3o e impactos.<\/li>\n<li>Para cortes em contorno.<\/li>\n<\/ul>\n<div><strong>Aplica\u00e7\u00f5es<\/strong><\/div>\n<ul>\n<li>M\u00e1quinas port\u00e1teis e el\u00e9tricas a bateria.<\/li>\n<li>M\u00e1quinas verticais com di\u00e2metro do volante reduzido.<\/li>\n<li>Ideal para serralherias, constru\u00e7\u00e3o civil e hobbistas.<\/li>\n<li>A\u00e7o, ferro, alum\u00ednio, metalon.<\/li>\n<\/ul>\n<p>S = Regular \u2022 P = Positivo<br \/>\nFornecidas em fitas soldadas ou em rolos de 30 metros.<br \/>\nOUTRAS DENTI\u00c7\u00d5ES SOB CONSULTA.<br \/>\n* Fornecidas em fitas soldadas no comprimento de 1,14m. Para m\u00e1quinas port\u00e1teis Starrett S1010 ou similares.<br \/>\n** Fornecidas em fitas soldadas no comprimento de 1,47m. Para m\u00e1quinas de bancada Starrett S1101 ou similares.<br \/>\nObs.: N\u00ba Cat\u00e1logo 1010-1, 1010-2 e 1010-3 tamb\u00e9m s\u00e3o fornecidas em embalagens com 12 l\u00e2minas, soldadas no comprimento de 1,14m.<\/p>\n<\/div>\n","protected":false},"featured_media":3236,"comment_status":"closed","ping_status":"closed","template":"","meta":[],"product_cat":[1094,189],"product_tag":[1636],"_links":{"self":[{"href":"https:\/\/trenaferragens.com.br\/index.php?rest_route=\/wp\/v2\/product\/4930"}],"collection":[{"href":"https:\/\/trenaferragens.com.br\/index.php?rest_route=\/wp\/v2\/product"}],"about":[{"href":"https:\/\/trenaferragens.com.br\/index.php?rest_route=\/wp\/v2\/types\/product"}],"replies":[{"embeddable":true,"href":"https:\/\/trenaferragens.com.br\/index.php?rest_route=%2Fwp%2Fv2%2Fcomments&post=4930"}],"wp:featuredmedia":[{"embeddable":true,"href":"https:\/\/trenaferragens.com.br\/index.php?rest_route=\/wp\/v2\/media\/3236"}],"wp:attachment":[{"href":"https:\/\/trenaferragens.com.br\/index.php?rest_route=%2Fwp%2Fv2%2Fmedia&parent=4930"}],"wp:term":[{"taxonomy":"product_cat","embeddable":true,"href":"https:\/\/trenaferragens.com.br\/index.php?rest_route=%2Fwp%2Fv2%2Fproduct_cat&post=4930"},{"taxonomy":"product_tag","embeddable":true,"href":"https:\/\/trenaferragens.com.br\/index.php?rest_route=%2Fwp%2Fv2%2Fproduct_tag&post=4930"}],"curies":[{"name":"wp","href":"https:\/\/api.w.org\/{rel}","templated":true}]}}