{"id":4934,"date":"2018-08-01T16:24:16","date_gmt":"2018-08-01T16:24:16","guid":{"rendered":"http:\/\/trenaferragens1.hospedagemdesites.ws\/produto\/import-placeholder-for-7482\/"},"modified":"2018-08-01T16:24:37","modified_gmt":"2018-08-01T16:24:37","slug":"jogos-serra-tico-tico-bi-metal-starrett","status":"publish","type":"product","link":"https:\/\/trenaferragens.com.br\/?product=jogos-serra-tico-tico-bi-metal-starrett","title":{"rendered":"Jogos Serra Tico-Tico Bi-Metal Starrett"},"content":{"rendered":"<p>Jogos Serra Tico-Tico Bi-Metal Starrett<\/p>\n<p>STARRETT<\/p>\n<p>A Starrett, uma das maiores fabricantes de serras, ferramentas e instrumentos de medi\u00e7\u00e3o do mundo, iniciou sua opera\u00e7\u00e3o no Brasil em 1956. Sua primeira f\u00e1brica foi constru\u00edda na cidade de S\u00e3o Paulo e, depois, a planta industrial foi transferida para o interior, na cidade de Itu\/SP, onde continua at\u00e9 hoje produzindo ferramentas, serras e instrumentos de medi\u00e7\u00e3o.<\/p>\n<p>O hist\u00f3rico da Starrett teve in\u00edcio em 1878, quando Laroy S. Starrett inventou o esquadro combinado, que continua sendo uma das mais pr\u00e1ticas e vers\u00e1teis inven\u00e7\u00f5es em ferramentas de todo o mundo.<\/p>\n<p>Em 1880, foi constru\u00edda a primeira f\u00e1brica em Athol, Massachusetts nos Estados Unidos. Hoje, a Starrett conta com 09 f\u00e1bricas, sendo 06 nos Estados Unidos, 01 na Esc\u00f3cia, 01 na China e 01 em Itu, no Brasil.<\/p>\n<p>A empresa produz mais de cinco mil produtos, tais como l\u00e2minas de serras de fita para corte de metais, madeira e carne, ferramentas de precis\u00e3o e instrumentos de medi\u00e7\u00e3o.<\/p>\n<p>Os produtos Starrett s\u00e3o vendidos em mais de 100 pa\u00edses por meio de uma rede de distribuidores atendendo a uma variada gama de segmentos que vai desde ferramentas para a ind\u00fastria automobil\u00edstica, avia\u00e7\u00e3o, marinha, at\u00e9 equipamentos agr\u00edcolas, ferramentas para trabalhos manuais (fa\u00e7a voc\u00ea mesmo!) para construtores, carpinteiros, encanadores, eletricistas etc.<\/p>\n","protected":false},"excerpt":{"rendered":"<div>Jogos Serra Tico-Tico Bi-Metal Starrett<\/div>\n<div><\/div>\n<div>Modelos:<\/div>\n<div>BU2DCS-2 \/ BS38 \/ BU214 \/ BU214-2 \/ BU214S \/ BU218 \/ BU218-2 \/ BU224 \/ BU232-2 \/ BU232-5 \/ BU310T \/ BU36 \/ BU38 C5 \/ BU38-2 \/ BU410014 \/ BU 418 \/ BU424 \/ BU46<\/div>\n<div>\n<p>Jogos de l\u00e2minas de serra Tico-Tico com Encaixe Unificado&#x2122; Starrett<sup>\u00ae<\/sup>\u00a0fabricadas com a\u00e7o Bi-Metal Unique&#x2122;<\/p>\n<p><strong>Caracter\u00edsticas<\/strong><\/p>\n<ul>\n<li>Rendimento 25% superior \u00e0s serras bimet\u00e1licas convencionais.<\/li>\n<li>Cortes mais suaves devido \u00e0s m\u00faltiplas.<\/li>\n<li>Arestas de corte &#8211; \u201cMulti Edge Performance\u201d.<\/li>\n<li>L\u00e2mina de serra inquebr\u00e1vel durante o uso e \u00e0 prova de estilha\u00e7amento.<\/li>\n<li>Jogos desenvolvidos para aplica\u00e7\u00f5es diversas.<\/li>\n<\/ul>\n<\/div>\n","protected":false},"featured_media":3251,"comment_status":"closed","ping_status":"closed","template":"","meta":[],"product_cat":[1094,189],"product_tag":[1640],"_links":{"self":[{"href":"https:\/\/trenaferragens.com.br\/index.php?rest_route=\/wp\/v2\/product\/4934"}],"collection":[{"href":"https:\/\/trenaferragens.com.br\/index.php?rest_route=\/wp\/v2\/product"}],"about":[{"href":"https:\/\/trenaferragens.com.br\/index.php?rest_route=\/wp\/v2\/types\/product"}],"replies":[{"embeddable":true,"href":"https:\/\/trenaferragens.com.br\/index.php?rest_route=%2Fwp%2Fv2%2Fcomments&post=4934"}],"wp:featuredmedia":[{"embeddable":true,"href":"https:\/\/trenaferragens.com.br\/index.php?rest_route=\/wp\/v2\/media\/3251"}],"wp:attachment":[{"href":"https:\/\/trenaferragens.com.br\/index.php?rest_route=%2Fwp%2Fv2%2Fmedia&parent=4934"}],"wp:term":[{"taxonomy":"product_cat","embeddable":true,"href":"https:\/\/trenaferragens.com.br\/index.php?rest_route=%2Fwp%2Fv2%2Fproduct_cat&post=4934"},{"taxonomy":"product_tag","embeddable":true,"href":"https:\/\/trenaferragens.com.br\/index.php?rest_route=%2Fwp%2Fv2%2Fproduct_tag&post=4934"}],"curies":[{"name":"wp","href":"https:\/\/api.w.org\/{rel}","templated":true}]}}