{"id":4937,"date":"2018-08-01T16:24:42","date_gmt":"2018-08-01T16:24:42","guid":{"rendered":"http:\/\/trenaferragens1.hospedagemdesites.ws\/produto\/import-placeholder-for-7488\/"},"modified":"2018-08-01T16:25:02","modified_gmt":"2018-08-01T16:25:02","slug":"serrote-p-pvc-c-cabo-plastico-e-lamina-starrett","status":"publish","type":"product","link":"https:\/\/trenaferragens.com.br\/?product=serrote-p-pvc-c-cabo-plastico-e-lamina-starrett","title":{"rendered":"Serrote P\/ PVC C\/Cabo Pl\u00e1stico e L\u00e2mina Starrett"},"content":{"rendered":"<p>Serrote P\/ PVC C\/Cabo Pl\u00e1stico e L\u00e2mina Starrett<\/p>\n<p>STARRETT<\/p>\n<p>A Starrett, uma das maiores fabricantes de serras, ferramentas e instrumentos de medi\u00e7\u00e3o do mundo, iniciou sua opera\u00e7\u00e3o no Brasil em 1956. Sua primeira f\u00e1brica foi constru\u00edda na cidade de S\u00e3o Paulo e, depois, a planta industrial foi transferida para o interior, na cidade de Itu\/SP, onde continua at\u00e9 hoje produzindo ferramentas, serras e instrumentos de medi\u00e7\u00e3o.<\/p>\n<p>O hist\u00f3rico da Starrett teve in\u00edcio em 1878, quando Laroy S. Starrett inventou o esquadro combinado, que continua sendo uma das mais pr\u00e1ticas e vers\u00e1teis inven\u00e7\u00f5es em ferramentas de todo o mundo.<\/p>\n<p>Em 1880, foi constru\u00edda a primeira f\u00e1brica em Athol, Massachusetts nos Estados Unidos. Hoje, a Starrett conta com 09 f\u00e1bricas, sendo 06 nos Estados Unidos, 01 na Esc\u00f3cia, 01 na China e 01 em Itu, no Brasil.<\/p>\n<p>A empresa produz mais de cinco mil produtos, tais como l\u00e2minas de serras de fita para corte de metais, madeira e carne, ferramentas de precis\u00e3o e instrumentos de medi\u00e7\u00e3o.<\/p>\n<p>Os produtos Starrett s\u00e3o vendidos em mais de 100 pa\u00edses por meio de uma rede de distribuidores atendendo a uma variada gama de segmentos que vai desde ferramentas para a ind\u00fastria automobil\u00edstica, avia\u00e7\u00e3o, marinha, at\u00e9 equipamentos agr\u00edcolas, ferramentas para trabalhos manuais (fa\u00e7a voc\u00ea mesmo!) para construtores, carpinteiros, encanadores, eletricistas etc.<\/p>\n","protected":false},"excerpt":{"rendered":"<div>Serrote P\/ PVC C\/Cabo Pl\u00e1stico e L\u00e2mina Starrett<\/div>\n<div>\n<p>Serrote para PVC N\u00ba 143<\/p>\n<div>Serrote para PVC com cabo pl\u00e1stico de alta resist\u00eancia. Acompanha serra de 300mm (12\u201d) ou 450mm (18\u201d). Ideal para encanadores e profissionais aut\u00f4nomos.<\/div>\n<div>\n<strong>Caracter\u00edsticas<\/strong><\/div>\n<ul>\n<li>Leve e robusto.<\/li>\n<li>Corte r\u00e1pido, f\u00e1cil e preciso.<\/li>\n<li>Serra de qualidade profissional.<\/li>\n<li>Possibilita a troca da l\u00e2mina.<\/li>\n<li>Ideal para cortes de pe\u00e7as pr\u00f3xima ao piso<\/li>\n<\/ul>\n<\/div>\n","protected":false},"featured_media":3254,"comment_status":"closed","ping_status":"closed","template":"","meta":[],"product_cat":[1094,189],"product_tag":[1643],"_links":{"self":[{"href":"https:\/\/trenaferragens.com.br\/index.php?rest_route=\/wp\/v2\/product\/4937"}],"collection":[{"href":"https:\/\/trenaferragens.com.br\/index.php?rest_route=\/wp\/v2\/product"}],"about":[{"href":"https:\/\/trenaferragens.com.br\/index.php?rest_route=\/wp\/v2\/types\/product"}],"replies":[{"embeddable":true,"href":"https:\/\/trenaferragens.com.br\/index.php?rest_route=%2Fwp%2Fv2%2Fcomments&post=4937"}],"wp:featuredmedia":[{"embeddable":true,"href":"https:\/\/trenaferragens.com.br\/index.php?rest_route=\/wp\/v2\/media\/3254"}],"wp:attachment":[{"href":"https:\/\/trenaferragens.com.br\/index.php?rest_route=%2Fwp%2Fv2%2Fmedia&parent=4937"}],"wp:term":[{"taxonomy":"product_cat","embeddable":true,"href":"https:\/\/trenaferragens.com.br\/index.php?rest_route=%2Fwp%2Fv2%2Fproduct_cat&post=4937"},{"taxonomy":"product_tag","embeddable":true,"href":"https:\/\/trenaferragens.com.br\/index.php?rest_route=%2Fwp%2Fv2%2Fproduct_tag&post=4937"}],"curies":[{"name":"wp","href":"https:\/\/api.w.org\/{rel}","templated":true}]}}