{"id":5003,"date":"2018-08-01T16:26:16","date_gmt":"2018-08-01T16:26:16","guid":{"rendered":"http:\/\/trenaferragens1.hospedagemdesites.ws\/produto\/import-placeholder-for-7652\/"},"modified":"2018-08-01T16:26:31","modified_gmt":"2018-08-01T16:26:31","slug":"dimer-ventilador-e-1-lampada-talari","status":"publish","type":"product","link":"https:\/\/trenaferragens.com.br\/?product=dimer-ventilador-e-1-lampada-talari","title":{"rendered":"Dimer Ventilador e 1 L\u00e2mpada Talari"},"content":{"rendered":"<p>Dimer Ventilador e 1 L\u00e2mpada Talari<\/p>\n<h4>IRIEL<\/h4>\n<div class=\"text-bordered\">\n<div class=\"text-bordered__wrapper wrapper\">A Iriel e\u0301 uma empresa comprometida com a qualidade desde sua fundac\u0327a\u0303o, sendo a pioneira do setor ele\u0301trico na regia\u0303o sul do pai\u0301s a receber a Marca Nacional de Conformidade, concedida pelo INMETRO no ano de 1984.<\/div>\n<\/div>\n<div class=\"simple-content\">\n<div class=\"simple-content__wrapper wrapper\">\n<p class=\"simple-content__text\">E na\u0303o por acaso, a histo\u0301ria de qualidade da Iriel se mante\u0301m viva ainda nos dias de hoje. Uma excele\u0302ncia que foi reconhecida atrave\u0301s de outras importantes certificac\u0327o\u0303es ao longo dos anos.<br \/>\nQualidade, responsabilidade ambiental e seguranc\u0327a! A Iriel busca promover sua preocupac\u0327a\u0303o e constante processo de evoluc\u0327a\u0303o sobre esses temas em cada contato com seus funciona\u0301rios, parceiros e comunidade.<\/p>\n<\/div>\n<\/div>\n<h4 class=\"photo-text__title\">LINHA TALARI<\/h4>\n<h4 class=\"photo-text__title\">Modernidade e versatilidade<\/h4>\n<p>A linha Talari \u00e9 a escolha ideal para voc\u00ea que n\u00e3o abre m\u00e3o de nenhum detalhe. S\u00e3o 7 op\u00e7\u00f5es de cores de placas para interruptores e tomadas, que trazem um design moderno para o seu ambiente. Com um acabamento em alto brilho, ela n\u00e3o ret\u00e9m poeira, o que ajuda muito na hora da limpeza!<\/p>\n","protected":false},"excerpt":{"rendered":"<p>Dimer Ventilador e 1 L\u00e2mpada Talari<\/p>\n","protected":false},"featured_media":3390,"comment_status":"open","ping_status":"closed","template":"","meta":[],"product_cat":[194,203],"product_tag":[1710],"_links":{"self":[{"href":"https:\/\/trenaferragens.com.br\/index.php?rest_route=\/wp\/v2\/product\/5003"}],"collection":[{"href":"https:\/\/trenaferragens.com.br\/index.php?rest_route=\/wp\/v2\/product"}],"about":[{"href":"https:\/\/trenaferragens.com.br\/index.php?rest_route=\/wp\/v2\/types\/product"}],"replies":[{"embeddable":true,"href":"https:\/\/trenaferragens.com.br\/index.php?rest_route=%2Fwp%2Fv2%2Fcomments&post=5003"}],"wp:featuredmedia":[{"embeddable":true,"href":"https:\/\/trenaferragens.com.br\/index.php?rest_route=\/wp\/v2\/media\/3390"}],"wp:attachment":[{"href":"https:\/\/trenaferragens.com.br\/index.php?rest_route=%2Fwp%2Fv2%2Fmedia&parent=5003"}],"wp:term":[{"taxonomy":"product_cat","embeddable":true,"href":"https:\/\/trenaferragens.com.br\/index.php?rest_route=%2Fwp%2Fv2%2Fproduct_cat&post=5003"},{"taxonomy":"product_tag","embeddable":true,"href":"https:\/\/trenaferragens.com.br\/index.php?rest_route=%2Fwp%2Fv2%2Fproduct_tag&post=5003"}],"curies":[{"name":"wp","href":"https:\/\/api.w.org\/{rel}","templated":true}]}}