{"id":5382,"date":"2018-08-01T16:33:21","date_gmt":"2018-08-01T16:33:21","guid":{"rendered":"http:\/\/trenaferragens1.hospedagemdesites.ws\/produto\/import-placeholder-for-8371\/"},"modified":"2018-08-01T16:34:23","modified_gmt":"2018-08-01T16:34:23","slug":"araldite-rapido-hobby-10minutos-16gr","status":"publish","type":"product","link":"https:\/\/trenaferragens.com.br\/?product=araldite-rapido-hobby-10minutos-16gr","title":{"rendered":"Araldite R\u00e1pido Hobby 10Minutos 16Gr"},"content":{"rendered":"<p>Araldite R\u00e1pido Hobby 10Minutos 16Gr<\/p>\n<p>TEKBOND<\/p>\n<p><span style=\"color: #696969\">Presente no mercado desde 2002 e com sede em Embu das Artes, SP, a Tekbond \u00e9 uma empresa especializada na produ\u00e7\u00e3o e na importa\u00e7\u00e3o de produtos adesivos, adesivos instant\u00e2neos, selantes, travas qu\u00edmicas, silicones, entre outros.<\/span><\/p>\n<p><span style=\"color: #696969\">A Tekbond oferece produtos que servem para uso dom\u00e9stico e industrial, atendendo aos mais diversos segmentos do mercado, como o de constru\u00e7\u00e3o civil, industrial, artesanato, moveleiro, automotivo e de consumo.<\/span><\/p>\n<p><span style=\"color: #696969\">A Empresa apresenta crescimento sustent\u00e1vel atrav\u00e9s da constru\u00e7\u00e3o de parcerias s\u00f3lidas, do investimento em suas marcas e no desenvolvimento cont\u00ednuo de novos produtos.<\/span><\/p>\n","protected":false},"excerpt":{"rendered":"<p>Araldite R\u00e1pido Hobby 10Minutos 16Gr<\/p>\n<p>&nbsp;<\/p>\n<div id=\"produtos_detalhes\">\n<div id=\"produtos_detalhes_right\">\n<div id=\"produtos_detalhes_right_info\">\n<p><b>Aplica\u00e7\u00e3o:<\/b><\/p>\n<p><span style=\"color: #696969\">No uso profissional e dom\u00e9stico. Araldite\u00ae Hobby \u00e9 indicado para reparos e colagens de pequenas superf\u00edcies de materiais lisos, porosos ou irregulares como azulejos, madeira, vidro, concreto, fibras naturais, pedras, a maioria dos pl\u00e1sticos r\u00edgidos (exceto polipropileno, polietileno e Nylon\u00ae), metais e outros materiais. Resiste a temperaturas de at\u00e9 70\u00b0C, secagem inicial em 10 minutos e secagem total em 8 horas.<\/span><\/p>\n<p>&nbsp;<\/p>\n<p><b>Modo de usar:<\/b><\/p>\n<p><span style=\"color: #696969\"><b>1.\u00a0<\/b>Limpar as superf\u00edcies a serem coladas,\u00a0deixando-as isentas de oleosidade,\u00a0poeira, oxida\u00e7\u00f5es e restos de tintas.<\/span><\/p>\n<p><span style=\"color: #696969\"><b>2.<\/b>\u00a0\u00a0 \u00a0Remova os lacres da seringa. Sem a\u00a0remo\u00e7\u00e3o destas travas de seguran\u00e7a,\u00a0voc\u00ea n\u00e3o conseguir\u00e1 utilizar o produto.<\/span><\/p>\n<p><span style=\"color: #696969\"><b>3.\u00a0\u00a0<\/b>\u00a0\u00a0Apertar a seringa at\u00e9 sair a\u00a0quantidade desejada em uma \u00a0superf\u00edcie lisa (utilizar o misturador\u00a0que acompanha o produto).<\/span><\/p>\n<p><span style=\"color: #696969\"><b>4.\u00a0<\/b>\u00a0 \u00a0Misturar bem o conte\u00fado utilizando a\u00a0haste at\u00e9 ficar homog\u00eaneo.<\/span><\/p>\n<p><span style=\"color: #696969\"><b>5.\u00a0<\/b>\u00a0 \u00a0Utilizar a mistura em at\u00e9 5 minutos.<\/span><\/p>\n<p><span style=\"color: #696969\"><b>6.\u00a0<\/b>\u00a0 \u00a0Aplicar uma camada da mistura sobre\u00a0\u00a0as duas partes, pressionar e aguardar\u00a0a secagem completa.<\/span><\/p>\n<p><span style=\"color: #696969\"><b>7.<\/b>\u00a0\u00a0 \u00a0Fechar a seringa com a tampa,\u00a0observando o encaixe. A invers\u00e3o da\u00a0tampa, mesmo que moment\u00e2nea,\u00a0pode causar a colagem da mesma\u00a0na ponta da seringa.<\/span><\/p>\n<p><span style=\"color: #696969\"><b>8.<\/b>\u00a0 \u00a0 Para limpar a base onde foi feita a\u00a0mistura, esperar \u00a0\u00a0 \u00a0endurecer, flexionar a\u00a0base e retirar a camada endurecida.<\/span><\/p>\n<p><b>Composi\u00e7\u00e3o:<\/b><\/p>\n<p><span style=\"color: #696969\">Componente A (resina): Resina ep\u00f3xi.<br \/>\nComponente B (endurecedor): Dimetildipropiltriamina, trietilenoglicol-dimercaptano; 2,4,6-tris(dimetilaminometil)fenol.<\/span><\/p>\n<p><b>Cura Inicial: 10 minutos<\/b><\/p>\n<p><b>Cura Total: 8 horas<\/b><\/p>\n<\/div>\n<\/div>\n<\/div>\n","protected":false},"featured_media":5427,"comment_status":"open","ping_status":"closed","template":"","meta":[],"product_cat":[1048],"product_tag":[1981],"_links":{"self":[{"href":"https:\/\/trenaferragens.com.br\/index.php?rest_route=\/wp\/v2\/product\/5382"}],"collection":[{"href":"https:\/\/trenaferragens.com.br\/index.php?rest_route=\/wp\/v2\/product"}],"about":[{"href":"https:\/\/trenaferragens.com.br\/index.php?rest_route=\/wp\/v2\/types\/product"}],"replies":[{"embeddable":true,"href":"https:\/\/trenaferragens.com.br\/index.php?rest_route=%2Fwp%2Fv2%2Fcomments&post=5382"}],"wp:featuredmedia":[{"embeddable":true,"href":"https:\/\/trenaferragens.com.br\/index.php?rest_route=\/wp\/v2\/media\/5427"}],"wp:attachment":[{"href":"https:\/\/trenaferragens.com.br\/index.php?rest_route=%2Fwp%2Fv2%2Fmedia&parent=5382"}],"wp:term":[{"taxonomy":"product_cat","embeddable":true,"href":"https:\/\/trenaferragens.com.br\/index.php?rest_route=%2Fwp%2Fv2%2Fproduct_cat&post=5382"},{"taxonomy":"product_tag","embeddable":true,"href":"https:\/\/trenaferragens.com.br\/index.php?rest_route=%2Fwp%2Fv2%2Fproduct_tag&post=5382"}],"curies":[{"name":"wp","href":"https:\/\/api.w.org\/{rel}","templated":true}]}}