{"id":5620,"date":"2018-11-29T15:47:38","date_gmt":"2018-11-29T15:47:38","guid":{"rendered":"http:\/\/trenaferragens1.hospedagemdesites.ws\/?post_type=product&#038;p=5620"},"modified":"2018-11-29T15:47:40","modified_gmt":"2018-11-29T15:47:40","slug":"argamassa-interna-quartzolit-saco-20kg","status":"publish","type":"product","link":"https:\/\/trenaferragens.com.br\/?product=argamassa-interna-quartzolit-saco-20kg","title":{"rendered":"Argamassa Interna Quartzolit Saco 20Kg"},"content":{"rendered":"<p>Argamassa Interna Quartzolit Saco 20Kg<\/p>\n<p>QUARTZOLIT<\/p>\n<p>A\u00a0Weber\u00a0iniciou suas atividades na Fran\u00e7a em\u00a01904\u00a0e, atualmente, esta presente por toda a Europa, \u00c1sia e Am\u00e9rica do Sul. Foi incorporada ao\u00a0Grupo Saint-Gobain\u00a0em julho de 1996, emprega 9.500 pessoas e atua em 46\u00a0pa\u00edses.<br \/>\nO\u00a0Grupo Saint-Gobain\u00a0surgiu na Fran\u00e7a em\u00a01665. \u00c9 um dos maiores grupos industriais do mundo no mercado da constru\u00e7\u00e3o. Ele emprega 195.000 pessoas e atua em 64\u00a0pa\u00edses. Seu\u00a0faturamento, em 2013, foi\u00a0de 43,2 bilh\u00f5es de Euros.<\/p>\n","protected":false},"excerpt":{"rendered":"<p>Argamassa Interna Quartzolit Saco 20Kg<\/p>\n<p>Argamassa colante para assentamento de cer\u00e2micas em \u00e1reas internas tipo ACI conforme NBR 14.081.<\/p>\n","protected":false},"featured_media":5621,"comment_status":"open","ping_status":"closed","template":"","meta":[],"product_cat":[1116,1120],"product_tag":[2023,2026,2027],"_links":{"self":[{"href":"https:\/\/trenaferragens.com.br\/index.php?rest_route=\/wp\/v2\/product\/5620"}],"collection":[{"href":"https:\/\/trenaferragens.com.br\/index.php?rest_route=\/wp\/v2\/product"}],"about":[{"href":"https:\/\/trenaferragens.com.br\/index.php?rest_route=\/wp\/v2\/types\/product"}],"replies":[{"embeddable":true,"href":"https:\/\/trenaferragens.com.br\/index.php?rest_route=%2Fwp%2Fv2%2Fcomments&post=5620"}],"wp:featuredmedia":[{"embeddable":true,"href":"https:\/\/trenaferragens.com.br\/index.php?rest_route=\/wp\/v2\/media\/5621"}],"wp:attachment":[{"href":"https:\/\/trenaferragens.com.br\/index.php?rest_route=%2Fwp%2Fv2%2Fmedia&parent=5620"}],"wp:term":[{"taxonomy":"product_cat","embeddable":true,"href":"https:\/\/trenaferragens.com.br\/index.php?rest_route=%2Fwp%2Fv2%2Fproduct_cat&post=5620"},{"taxonomy":"product_tag","embeddable":true,"href":"https:\/\/trenaferragens.com.br\/index.php?rest_route=%2Fwp%2Fv2%2Fproduct_tag&post=5620"}],"curies":[{"name":"wp","href":"https:\/\/api.w.org\/{rel}","templated":true}]}}