{"id":5624,"date":"2018-11-29T16:18:36","date_gmt":"2018-11-29T16:18:36","guid":{"rendered":"http:\/\/trenaferragens1.hospedagemdesites.ws\/?post_type=product&#038;p=5624"},"modified":"2018-11-29T16:19:23","modified_gmt":"2018-11-29T16:19:23","slug":"peneira-aro-plastico-chapa-expandida","status":"publish","type":"product","link":"https:\/\/trenaferragens.com.br\/?product=peneira-aro-plastico-chapa-expandida","title":{"rendered":"Peneira Aro Pl\u00e1stico Chapa Expandida"},"content":{"rendered":"<p>Peneira Aro Pl\u00e1stico Chapa Expandida<\/p>\n<p>TELAS MM<\/p>\n<p>A\u00a0Ind\u00fastria de Telas Met\u00e1licas MM Ltda.\u00a0\u00c9 uma empresa familiar, de capital fechado. Constitu\u00edda em 01 de agosto de 1976.<\/p>\n<p>A\u00a0matriz\u00a0est\u00e1 estabelecida no p\u00f3lo industrial da cidade de Itaquaquecetuba (SP), com \u00e1rea total de 8.600 m\u00b2.<\/p>\n<p>O crescimento cont\u00ednuo, sustentado ao longo de sua exist\u00eancia, \u00e9 baseado numa mentalidade global adquirida pela experi\u00eancia de relacionamentos com mercados cada vez mais exigentes e competitivos.<\/p>\n<p>Est\u00e1 posicionada entre as principais ind\u00fastrias de tecidos met\u00e1licos (para peneira\u00e7\u00e3o e filtra\u00e7\u00e3o) e peneiras agr\u00edcolas do pa\u00eds. Possui um gerenciamento din\u00e2mico, fornecendo seus produtos em todo territ\u00f3rio nacional.<\/p>\n<p>Atua em diversos segmentos, tais como: agricultura, constru\u00e7\u00e3o civil, ind\u00fastrias de filtros, pneus, minera\u00e7\u00e3o, cer\u00e2mica, pl\u00e1sticos, qu\u00edmicas, aliment\u00edcias, entre outros.<\/p>\n","protected":false},"excerpt":{"rendered":"<p>Peneira Aro Pl\u00e1stico Chapa Expandida<\/p>\n<p>DISPON\u00cdVEL NAS OP\u00c7\u00d5ES<\/p>\n<p>ARROZ \/ FEIJ\u00c3O \/ CAF\u00c9<\/p>\n<p>55CM DE DI\u00c2METRO<\/p>\n","protected":false},"featured_media":5625,"comment_status":"open","ping_status":"closed","template":"","meta":[],"product_cat":[1085],"product_tag":[2032,2031,2033],"_links":{"self":[{"href":"https:\/\/trenaferragens.com.br\/index.php?rest_route=\/wp\/v2\/product\/5624"}],"collection":[{"href":"https:\/\/trenaferragens.com.br\/index.php?rest_route=\/wp\/v2\/product"}],"about":[{"href":"https:\/\/trenaferragens.com.br\/index.php?rest_route=\/wp\/v2\/types\/product"}],"replies":[{"embeddable":true,"href":"https:\/\/trenaferragens.com.br\/index.php?rest_route=%2Fwp%2Fv2%2Fcomments&post=5624"}],"wp:featuredmedia":[{"embeddable":true,"href":"https:\/\/trenaferragens.com.br\/index.php?rest_route=\/wp\/v2\/media\/5625"}],"wp:attachment":[{"href":"https:\/\/trenaferragens.com.br\/index.php?rest_route=%2Fwp%2Fv2%2Fmedia&parent=5624"}],"wp:term":[{"taxonomy":"product_cat","embeddable":true,"href":"https:\/\/trenaferragens.com.br\/index.php?rest_route=%2Fwp%2Fv2%2Fproduct_cat&post=5624"},{"taxonomy":"product_tag","embeddable":true,"href":"https:\/\/trenaferragens.com.br\/index.php?rest_route=%2Fwp%2Fv2%2Fproduct_tag&post=5624"}],"curies":[{"name":"wp","href":"https:\/\/api.w.org\/{rel}","templated":true}]}}