{"id":5765,"date":"2019-01-10T19:39:10","date_gmt":"2019-01-10T19:39:10","guid":{"rendered":"http:\/\/trenaferragens1.hospedagemdesites.ws\/?post_type=product&#038;p=5765"},"modified":"2019-01-10T19:48:53","modified_gmt":"2019-01-10T19:48:53","slug":"circulador-turbo-40cm-maxximos-spirit-black-steel-127v","status":"publish","type":"product","link":"https:\/\/trenaferragens.com.br\/?product=circulador-turbo-40cm-maxximos-spirit-black-steel-127v","title":{"rendered":"Circulador Turbo 40cm Maxximos Spirit Black Steel 127V"},"content":{"rendered":"<p>Circulador Turbo 40cm Maxximos Spirit Black Steel 127V<\/p>\n<p>SPIRIT<\/p>\n<p>Somos especialistas em ventiladores de teto, nossa marca surgiu com o prop\u00f3sito de criar um produto diferenciado e inovador, e assim nasceu o SPIRIT. Criamos o primeiro ventilador de teto do mercado com 2 p\u00e1s, que por ser mais leve, seu desempenho \u00e9 mais eficiente que o de 3 p\u00e1s. A marca registrada dos nossos produtos \u00e9 o design e para honrar o compromisso de levar ao consumidor produtos arrojados o SPIRIT tem parceiros conceituados, como o renomado designer Guto Indio da Costa e o Est\u00fadio Lattoog. Em nosso DNA est\u00e1 a paix\u00e3o pela inova\u00e7\u00e3o e pelo design, e \u00e9 isso que torna cada produto especial. Continuamos evolu\u00eddo e ampliando nosso cat\u00e1logo de produtos para oferecer aos nossos clientes as melhores solu\u00e7\u00f5es de utilidade e decora\u00e7\u00e3o para sua casa. Hoje os produtos SPIRIT est\u00e3o presentes em mais de 50 revendedores em todo o Brasil, na internet em sua loja virtual pr\u00f3pria e nos principais marketplaces do pa\u00eds. Al\u00e9m disso, voc\u00ea ainda pode comprar nossos produtos atrav\u00e9s do televendas SPIRIT. Navegue pelo nosso site e conhe\u00e7a nossos departamentos e categorias que oferecem op\u00e7\u00f5es de Ventiladores de Teto, Ventilador de Mesa, Ventilador de Parede, Lumin\u00e1ria Pendente, linha Praia e Pe\u00e7as e Acess\u00f3rios &#8211; como kits de p\u00e1s, l\u00e2mpadas, dimmers em muito mais. Aproveite nossas ofertas, condi\u00e7\u00f5es de parcelamento e receba seu produto em casa. Seja muito bem-vindo ao SPIRIT! <\/p>\n","protected":false},"excerpt":{"rendered":"<p>Circulador Turbo 40cm Maxximos Spirit Black Steel 127V<\/p>\n<p>C\u00f3digo de F\u00e1brica: TCMAX40PTPR<\/p>\n<p>Sobre o Produto: O Turbo Circulador SPIRIT MaXXimos foi desenvolvido para transformar o mercado de ventila\u00e7\u00e3o port\u00e1til no Brasil.<\/p>\n<p>Seu projeto \u00e9 assinado pelo famoso designer Guto \u00cdndio da Costa, que j\u00e1 se destacou no cen\u00e1rio mundial com o premiado design dos ventiladores de teto SPIRIT.<\/p>\n<p>O SPIRIT MaXXimos carrega o DNA da marca, n\u00e3o apenas pelas cores, mas com um design que garante m\u00e1xima circula\u00e7\u00e3o do vento, sistema de acionamento intuitivo e as opera\u00e7\u00f5es de regulagem de inclina\u00e7\u00e3o e de limpeza de forma t\u00e3o simples como um \u00fanico clique. Produzido em Pol\u00edmero de Engenharia de Alta resist\u00eancia, o produto possui longa dura\u00e7\u00e3o e alta efici\u00eancia, proporcionando uma maior ventila\u00e7\u00e3o e circula\u00e7\u00e3o de ar.\u201d<\/p>\n","protected":false},"featured_media":5766,"comment_status":"open","ping_status":"closed","template":"","meta":[],"product_cat":[194,1065],"product_tag":[2175,2176,2177,2178],"_links":{"self":[{"href":"https:\/\/trenaferragens.com.br\/index.php?rest_route=\/wp\/v2\/product\/5765"}],"collection":[{"href":"https:\/\/trenaferragens.com.br\/index.php?rest_route=\/wp\/v2\/product"}],"about":[{"href":"https:\/\/trenaferragens.com.br\/index.php?rest_route=\/wp\/v2\/types\/product"}],"replies":[{"embeddable":true,"href":"https:\/\/trenaferragens.com.br\/index.php?rest_route=%2Fwp%2Fv2%2Fcomments&post=5765"}],"wp:featuredmedia":[{"embeddable":true,"href":"https:\/\/trenaferragens.com.br\/index.php?rest_route=\/wp\/v2\/media\/5766"}],"wp:attachment":[{"href":"https:\/\/trenaferragens.com.br\/index.php?rest_route=%2Fwp%2Fv2%2Fmedia&parent=5765"}],"wp:term":[{"taxonomy":"product_cat","embeddable":true,"href":"https:\/\/trenaferragens.com.br\/index.php?rest_route=%2Fwp%2Fv2%2Fproduct_cat&post=5765"},{"taxonomy":"product_tag","embeddable":true,"href":"https:\/\/trenaferragens.com.br\/index.php?rest_route=%2Fwp%2Fv2%2Fproduct_tag&post=5765"}],"curies":[{"name":"wp","href":"https:\/\/api.w.org\/{rel}","templated":true}]}}