{"id":5827,"date":"2019-01-18T19:14:00","date_gmt":"2019-01-18T19:14:00","guid":{"rendered":"http:\/\/trenaferragens1.hospedagemdesites.ws\/?post_type=product&#038;p=5827"},"modified":"2019-01-18T19:22:30","modified_gmt":"2019-01-18T19:22:30","slug":"chuveiro-eletrico-lorenzetti-duo-shower-multi","status":"publish","type":"product","link":"https:\/\/trenaferragens.com.br\/?product=chuveiro-eletrico-lorenzetti-duo-shower-multi","title":{"rendered":"Chuveiro El\u00e9trico Lorenzetti Duo Shower Multi"},"content":{"rendered":"<p>Chuveiro El\u00e9trico Lorenzetti Duo Shower Multi<\/p>\n<p>LORENZETTI<\/p>\n<p>Com 95 anos e trajet\u00f3ria marcada pela constante inova\u00e7\u00e3o, \u00e9tica e pioneirismo, a Lorenzetti \u00e9 l\u00edder no segmento de duchas, chuveiros, torneiras el\u00e9tricas e aquecedores de \u00e1gua a g\u00e1s. A empresa se destaca por colocar \u00e0 disposi\u00e7\u00e3o dos consumidores o que h\u00e1 de melhor em lou\u00e7as, assentos, metais e pl\u00e1sticos sanit\u00e1rios, purificadores de \u00e1gua e l\u00e2mpadas, refletores, pain\u00e9is e spots LED, fluorescentes compactas e de alta pot\u00eancia. Com quatro f\u00e1bricas no Brasil, sendo tr\u00eas unidades no Estado de S\u00e3o Paulo e uma em Minas Gerais, a Lorenzetti possui distribui\u00e7\u00e3o nacional e internacional. O objetivo \u00e9 oferecer produtos de qualidade e com design inovador, desenvolvidos com a mais alta tecnologia e consci\u00eancia ambiental.<\/p>\n","protected":false},"excerpt":{"rendered":"<p>Chuveiro El\u00e9trico Lorenzetti Duo Shower Multi<\/p>\n<p>DISPON\u00cdVEL NAS OP\u00c7\u00d5ES:<\/p>\n<p>Chuveiro El\u00e9trico Lorenzetti Duo Shower Multi 127V \/ 5500W<\/p>\n<p>Chuveiro El\u00e9trico Lorenzetti Duo Shower Multi 220V \/ 6800W<\/p>\n<p>Duo Shower Multitemperaturas<\/p>\n<p>Ducha e chuveiro em um s\u00f3 produto.<\/p>\n<p>Uma op\u00e7\u00e3o exclusiva, inteligente e eficaz.<\/p>\n<p>Um banho de design e tecnologia.\u00a0Mistura de linhas flu\u00eddas com espalhador ultra-fino e de alta tecnologia fazem da Duo Shower um banho \u00fanico e inesquec\u00edvel.<\/p>\n<p>Chuveiro\u00a0com &#8220;grande espalhador&#8221;, que significa \u00e1gua para todo o corpo, ou a\u00a0ducha\u00a0com o jato concentrado, direcion\u00e1vel e mais forte, para aquele banho relaxante.<\/p>\n<p>N\u00e3o deixe de experimentar esta nova sensa\u00e7\u00e3o no banho.<\/p>\n<p>Comando multitemperaturas<br \/>\nConforto e economia<\/p>\n<p>DRI<br \/>\nDispositivo para regulagem da inclina\u00e7\u00e3o<\/p>\n","protected":false},"featured_media":5828,"comment_status":"open","ping_status":"closed","template":"","meta":[],"product_cat":[1023,1026,1028,168],"product_tag":[2192,2193,2199,2187],"_links":{"self":[{"href":"https:\/\/trenaferragens.com.br\/index.php?rest_route=\/wp\/v2\/product\/5827"}],"collection":[{"href":"https:\/\/trenaferragens.com.br\/index.php?rest_route=\/wp\/v2\/product"}],"about":[{"href":"https:\/\/trenaferragens.com.br\/index.php?rest_route=\/wp\/v2\/types\/product"}],"replies":[{"embeddable":true,"href":"https:\/\/trenaferragens.com.br\/index.php?rest_route=%2Fwp%2Fv2%2Fcomments&post=5827"}],"wp:featuredmedia":[{"embeddable":true,"href":"https:\/\/trenaferragens.com.br\/index.php?rest_route=\/wp\/v2\/media\/5828"}],"wp:attachment":[{"href":"https:\/\/trenaferragens.com.br\/index.php?rest_route=%2Fwp%2Fv2%2Fmedia&parent=5827"}],"wp:term":[{"taxonomy":"product_cat","embeddable":true,"href":"https:\/\/trenaferragens.com.br\/index.php?rest_route=%2Fwp%2Fv2%2Fproduct_cat&post=5827"},{"taxonomy":"product_tag","embeddable":true,"href":"https:\/\/trenaferragens.com.br\/index.php?rest_route=%2Fwp%2Fv2%2Fproduct_tag&post=5827"}],"curies":[{"name":"wp","href":"https:\/\/api.w.org\/{rel}","templated":true}]}}