{"id":5859,"date":"2019-01-24T16:37:10","date_gmt":"2019-01-24T16:37:10","guid":{"rendered":"http:\/\/trenaferragens1.hospedagemdesites.ws\/?post_type=product&#038;p=5859"},"modified":"2019-01-24T16:40:31","modified_gmt":"2019-01-24T16:40:31","slug":"cano-p-chuveiro","status":"publish","type":"product","link":"https:\/\/trenaferragens.com.br\/?product=cano-p-chuveiro","title":{"rendered":"Cano P\/Chuveiro"},"content":{"rendered":"<p>Cano P\/Chuveiro<\/p>\n<p>LORENZETTI<\/p>\n<p>Com 95 anos e trajet\u00f3ria marcada pela constante inova\u00e7\u00e3o, \u00e9tica e pioneirismo, a Lorenzetti \u00e9 l\u00edder no segmento de duchas, chuveiros, torneiras el\u00e9tricas e aquecedores de \u00e1gua a g\u00e1s. A empresa se destaca por colocar \u00e0 disposi\u00e7\u00e3o dos consumidores o que h\u00e1 de melhor em lou\u00e7as, assentos, metais e pl\u00e1sticos sanit\u00e1rios, purificadores de \u00e1gua e l\u00e2mpadas, refletores, pain\u00e9is e spots LED, fluorescentes compactas e de alta pot\u00eancia. Com quatro f\u00e1bricas no Brasil, sendo tr\u00eas unidades no Estado de S\u00e3o Paulo e uma em Minas Gerais, a Lorenzetti possui distribui\u00e7\u00e3o nacional e internacional. O objetivo \u00e9 oferecer produtos de qualidade e com design inovador, desenvolvidos com a mais alta tecnologia e consci\u00eancia ambiental.<\/p>\n","protected":false},"excerpt":{"rendered":"<p>Cano P\/Chuveiro<\/p>\n<p>DISPON\u00cdVEL NAS OP\u00c7\u00d5ES:<\/p>\n<p>Cano P\/Chuveiro Branco\/Azul,\u00a0Cano P\/Chuveiro Branco,\u00a0Cano P\/Chuveiro Cromado<\/p>\n<p>Cano para Chuveiro<\/p>\n<p>O Cano para Chuveiro Lorenzetti proporciona beleza e funcionalidade ao seu banheiro.<\/p>\n<p>Seu projeto contempla um alojamento que esconde a fia\u00e7\u00e3o do chuveiro at\u00e9 a parede, ganhando em seguran\u00e7a e estilo.<\/p>\n<p>Forma um par perfeito com os chuveiros da Lorenzetti e tamb\u00e9m se adapta aos demais chuveiros do mercado.<\/p>\n<p>Op\u00e7\u00f5es de cores:<br \/>\n&#8211; Branco<br \/>\n&#8211; Cinza claro<br \/>\n&#8211; Cromado<br \/>\n&#8211; Bege<br \/>\n&#8211; Azul<\/p>\n","protected":false},"featured_media":5860,"comment_status":"open","ping_status":"closed","template":"","meta":[],"product_cat":[1023,1026,1028,168],"product_tag":[2211,2192,2187],"_links":{"self":[{"href":"https:\/\/trenaferragens.com.br\/index.php?rest_route=\/wp\/v2\/product\/5859"}],"collection":[{"href":"https:\/\/trenaferragens.com.br\/index.php?rest_route=\/wp\/v2\/product"}],"about":[{"href":"https:\/\/trenaferragens.com.br\/index.php?rest_route=\/wp\/v2\/types\/product"}],"replies":[{"embeddable":true,"href":"https:\/\/trenaferragens.com.br\/index.php?rest_route=%2Fwp%2Fv2%2Fcomments&post=5859"}],"wp:featuredmedia":[{"embeddable":true,"href":"https:\/\/trenaferragens.com.br\/index.php?rest_route=\/wp\/v2\/media\/5860"}],"wp:attachment":[{"href":"https:\/\/trenaferragens.com.br\/index.php?rest_route=%2Fwp%2Fv2%2Fmedia&parent=5859"}],"wp:term":[{"taxonomy":"product_cat","embeddable":true,"href":"https:\/\/trenaferragens.com.br\/index.php?rest_route=%2Fwp%2Fv2%2Fproduct_cat&post=5859"},{"taxonomy":"product_tag","embeddable":true,"href":"https:\/\/trenaferragens.com.br\/index.php?rest_route=%2Fwp%2Fv2%2Fproduct_tag&post=5859"}],"curies":[{"name":"wp","href":"https:\/\/api.w.org\/{rel}","templated":true}]}}