{"id":6045,"date":"2019-03-11T20:32:20","date_gmt":"2019-03-11T20:32:20","guid":{"rendered":"http:\/\/trenaferragens1.hospedagemdesites.ws\/?post_type=product&#038;p=6045"},"modified":"2019-03-11T20:35:36","modified_gmt":"2019-03-11T20:35:36","slug":"torneira-eletrica-loreneasy-bc","status":"publish","type":"product","link":"https:\/\/trenaferragens.com.br\/?product=torneira-eletrica-loreneasy-bc","title":{"rendered":"Torneira El\u00e9trica LorenEasy BC"},"content":{"rendered":"<p>Torneira El\u00e9trica LorenEasy BC<\/p>\n<p>LORENZETTI<\/p>\n<p>Com 95 anos e trajet\u00f3ria marcada pela constante inova\u00e7\u00e3o, \u00e9tica e pioneirismo, a Lorenzetti \u00e9 l\u00edder no segmento de duchas, chuveiros, torneiras el\u00e9tricas e aquecedores de \u00e1gua a g\u00e1s. A empresa se destaca por colocar \u00e0 disposi\u00e7\u00e3o dos consumidores o que h\u00e1 de melhor em lou\u00e7as, assentos, metais e pl\u00e1sticos sanit\u00e1rios, purificadores de \u00e1gua e l\u00e2mpadas, refletores, pain\u00e9is e spots LED, fluorescentes compactas e de alta pot\u00eancia. Com quatro f\u00e1bricas no Brasil, sendo tr\u00eas unidades no Estado de S\u00e3o Paulo e uma em Minas Gerais, a Lorenzetti possui distribui\u00e7\u00e3o nacional e internacional. O objetivo \u00e9 oferecer produtos de qualidade e com design inovador, desenvolvidos com a mais alta tecnologia e consci\u00eancia ambiental.<\/p>\n","protected":false},"excerpt":{"rendered":"<p>Torneira El\u00e9trica LorenEasy BC<\/p>\n<p>A Torneira indispens\u00e1vel no dia a dia. Pr\u00e1tica de usar e econ\u00f4mica, reduz substancialmente o uso de \u00e1gua e detergente para eliminar a gordura e lavar a lou\u00e7a, tornando a tarefa muito mais f\u00e1cil e r\u00e1pida.<\/p>\n<p>Possui a melhor rela\u00e7\u00e3o custo x benef\u00edcio do mercado, com bica alta, 04 temperaturas, registro \u00bc de volta e troca de resist\u00eancia de f\u00e1cil acesso.<\/p>\n<p>Possui bica alta e m\u00f3vel, que facilita sua utiliza\u00e7\u00e3o no dia-a-dia.<\/p>\n<p>4 Temperaturas<br \/>\nMais \u00e1gua quente na sua cozinha. Economiza detergente e elimina com mais facilidade a gordura.<\/p>\n<p>Bica alta e m\u00f3vel<br \/>\nFacilita sua utiliza\u00e7\u00e3o no dia-a-dia.<\/p>\n<p>Pr\u00e1tico<br \/>\nRegistro 1\/4 de volta com pastilha cer\u00e2mica. Seguran\u00e7a e facilidade no manuseio.<\/p>\n<p>Op\u00e7\u00f5es: Torneira El\u00e9trica LorenEasy BC 127V\/4800W e\u00a0Torneira El\u00e9trica LorenEasy BC 220V\/5500W<\/p>\n","protected":false},"featured_media":6046,"comment_status":"open","ping_status":"closed","template":"","meta":[],"product_cat":[1034,168,1188,1040],"product_tag":[2187,2281,2286],"_links":{"self":[{"href":"https:\/\/trenaferragens.com.br\/index.php?rest_route=\/wp\/v2\/product\/6045"}],"collection":[{"href":"https:\/\/trenaferragens.com.br\/index.php?rest_route=\/wp\/v2\/product"}],"about":[{"href":"https:\/\/trenaferragens.com.br\/index.php?rest_route=\/wp\/v2\/types\/product"}],"replies":[{"embeddable":true,"href":"https:\/\/trenaferragens.com.br\/index.php?rest_route=%2Fwp%2Fv2%2Fcomments&post=6045"}],"wp:featuredmedia":[{"embeddable":true,"href":"https:\/\/trenaferragens.com.br\/index.php?rest_route=\/wp\/v2\/media\/6046"}],"wp:attachment":[{"href":"https:\/\/trenaferragens.com.br\/index.php?rest_route=%2Fwp%2Fv2%2Fmedia&parent=6045"}],"wp:term":[{"taxonomy":"product_cat","embeddable":true,"href":"https:\/\/trenaferragens.com.br\/index.php?rest_route=%2Fwp%2Fv2%2Fproduct_cat&post=6045"},{"taxonomy":"product_tag","embeddable":true,"href":"https:\/\/trenaferragens.com.br\/index.php?rest_route=%2Fwp%2Fv2%2Fproduct_tag&post=6045"}],"curies":[{"name":"wp","href":"https:\/\/api.w.org\/{rel}","templated":true}]}}