{"id":6138,"date":"2019-03-13T19:54:48","date_gmt":"2019-03-13T19:54:48","guid":{"rendered":"http:\/\/trenaferragens1.hospedagemdesites.ws\/?post_type=product&#038;p=6138"},"modified":"2021-01-25T14:50:51","modified_gmt":"2021-01-25T14:50:51","slug":"refil-purificador-lorenzetti-compacta-gioviale","status":"publish","type":"product","link":"https:\/\/trenaferragens.com.br\/?product=refil-purificador-lorenzetti-compacta-gioviale","title":{"rendered":"Refil Purificador Lorenzetti Compacta Gioviale"},"content":{"rendered":"<p>Refil Purificador Lorenzetti Compacta Gioviale<\/p>\n<p>LORENZETTI<\/p>\n<p>Com 95 anos e trajet\u00f3ria marcada pela constante inova\u00e7\u00e3o, \u00e9tica e pioneirismo, a Lorenzetti \u00e9 l\u00edder no segmento de duchas, chuveiros, torneiras el\u00e9tricas e aquecedores de \u00e1gua a g\u00e1s. A empresa se destaca por colocar \u00e0 disposi\u00e7\u00e3o dos consumidores o que h\u00e1 de melhor em lou\u00e7as, assentos, metais e pl\u00e1sticos sanit\u00e1rios, purificadores de \u00e1gua e l\u00e2mpadas, refletores, pain\u00e9is e spots LED, fluorescentes compactas e de alta pot\u00eancia. Com quatro f\u00e1bricas no Brasil, sendo tr\u00eas unidades no Estado de S\u00e3o Paulo e uma em Minas Gerais, a Lorenzetti possui distribui\u00e7\u00e3o nacional e internacional. O objetivo \u00e9 oferecer produtos de qualidade e com design inovador, desenvolvidos com a mais alta tecnologia e consci\u00eancia ambiental.<\/p>\n","protected":false},"excerpt":{"rendered":"<p>Refil Purificador Lorenzetti Compacta Gioviale<\/p>\n<p>O refil Purifica\u00e7\u00e3o compacto proporciona um eficiente processo de purifica\u00e7\u00e3o com 5 etapas.<\/p>\n<p>O refil \u00e9 respons\u00e1vel por reter part\u00edculas presentes na \u00e1gua e adicionar um mix de minerais ben\u00e9ficos ao bom funcionamento do nosso organismo, eliminar o excesso de cloro, gostos e odores desagrad\u00e1veis da \u00e1gua e evitar a prolifera\u00e7\u00e3o de bact\u00e9rias.<\/p>\n<p>A troca do refil \u00e9 f\u00e1cil e n\u00e3o requer a presen\u00e7a de um t\u00e9cnico. Basta seguir as indica\u00e7\u00f5es do manual do refil.<\/p>\n<p>C\u00f3digo:\u00a0RPC-01<\/p>\n","protected":false},"featured_media":6139,"comment_status":"open","ping_status":"closed","template":"","meta":[],"product_cat":[1034,1035,1192],"product_tag":[2187,2324],"_links":{"self":[{"href":"https:\/\/trenaferragens.com.br\/index.php?rest_route=\/wp\/v2\/product\/6138"}],"collection":[{"href":"https:\/\/trenaferragens.com.br\/index.php?rest_route=\/wp\/v2\/product"}],"about":[{"href":"https:\/\/trenaferragens.com.br\/index.php?rest_route=\/wp\/v2\/types\/product"}],"replies":[{"embeddable":true,"href":"https:\/\/trenaferragens.com.br\/index.php?rest_route=%2Fwp%2Fv2%2Fcomments&post=6138"}],"wp:featuredmedia":[{"embeddable":true,"href":"https:\/\/trenaferragens.com.br\/index.php?rest_route=\/wp\/v2\/media\/6139"}],"wp:attachment":[{"href":"https:\/\/trenaferragens.com.br\/index.php?rest_route=%2Fwp%2Fv2%2Fmedia&parent=6138"}],"wp:term":[{"taxonomy":"product_cat","embeddable":true,"href":"https:\/\/trenaferragens.com.br\/index.php?rest_route=%2Fwp%2Fv2%2Fproduct_cat&post=6138"},{"taxonomy":"product_tag","embeddable":true,"href":"https:\/\/trenaferragens.com.br\/index.php?rest_route=%2Fwp%2Fv2%2Fproduct_tag&post=6138"}],"curies":[{"name":"wp","href":"https:\/\/api.w.org\/{rel}","templated":true}]}}