{"id":6163,"date":"2019-03-15T18:40:14","date_gmt":"2019-03-15T18:40:14","guid":{"rendered":"http:\/\/trenaferragens1.hospedagemdesites.ws\/?post_type=product&#038;p=6163"},"modified":"2025-12-22T19:53:07","modified_gmt":"2025-12-22T19:53:07","slug":"disco-diamantado-liso-olimplus-bomcorte-r-8368","status":"publish","type":"product","link":"https:\/\/trenaferragens.com.br\/?product=disco-diamantado-liso-olimplus-bomcorte-r-8368","title":{"rendered":"Disco Diamantado Liso Olimplus BOMCORTE R.8368"},"content":{"rendered":"<p>Disco Diamantado Liso Olimplus BOMCORTE R.8368<\/p>\n<p>BOMCORTE<br \/>\nSomos uma empresa nacional especializada em ferramentas de corte para todos os segmentos. Contamos com modernos equipamentos e uma equipe t\u00e9cnica altamente qualificada. Trabalhamos com representantes em todo o Brasil preparados para prestar o melhor atendimento a voc\u00ea nosso cliente. Oferecemos produtos com a mais alta qualidade e com \u00f3timos pre\u00e7os. Entre em contato conosco, estamos a disposi\u00e7\u00e3o para atend\u00ea-los.<\/p>\n","protected":false},"excerpt":{"rendered":"<p>Disco Diamantado Liso Olimplus BOMCORTE R.8368<\/p>\n","protected":false},"featured_media":6164,"comment_status":"open","ping_status":"closed","template":"","meta":[],"product_cat":[1019],"product_tag":[2342,2105,2344,2343],"_links":{"self":[{"href":"https:\/\/trenaferragens.com.br\/index.php?rest_route=\/wp\/v2\/product\/6163"}],"collection":[{"href":"https:\/\/trenaferragens.com.br\/index.php?rest_route=\/wp\/v2\/product"}],"about":[{"href":"https:\/\/trenaferragens.com.br\/index.php?rest_route=\/wp\/v2\/types\/product"}],"replies":[{"embeddable":true,"href":"https:\/\/trenaferragens.com.br\/index.php?rest_route=%2Fwp%2Fv2%2Fcomments&post=6163"}],"wp:featuredmedia":[{"embeddable":true,"href":"https:\/\/trenaferragens.com.br\/index.php?rest_route=\/wp\/v2\/media\/6164"}],"wp:attachment":[{"href":"https:\/\/trenaferragens.com.br\/index.php?rest_route=%2Fwp%2Fv2%2Fmedia&parent=6163"}],"wp:term":[{"taxonomy":"product_cat","embeddable":true,"href":"https:\/\/trenaferragens.com.br\/index.php?rest_route=%2Fwp%2Fv2%2Fproduct_cat&post=6163"},{"taxonomy":"product_tag","embeddable":true,"href":"https:\/\/trenaferragens.com.br\/index.php?rest_route=%2Fwp%2Fv2%2Fproduct_tag&post=6163"}],"curies":[{"name":"wp","href":"https:\/\/api.w.org\/{rel}","templated":true}]}}