{"id":6366,"date":"2019-08-20T13:52:10","date_gmt":"2019-08-20T13:52:10","guid":{"rendered":"http:\/\/trenaferragens1.hospedagemdesites.ws\/?post_type=product&#038;p=6366"},"modified":"2019-08-20T16:22:53","modified_gmt":"2019-08-20T16:22:53","slug":"tela-lisa-ordem-2860-flex-1-00x50mt","status":"publish","type":"product","link":"https:\/\/trenaferragens.com.br\/?product=tela-lisa-ordem-2860-flex-1-00x50mt","title":{"rendered":"Tela Lisa Ordem 2860 Flex 1.00X50MT"},"content":{"rendered":"<p>Tela Lisa Ordem 2860 Flex 1.00X50MT<\/p>\n<p>ROMA<\/p>\n<p>A ROMA \u2013 Solu\u00e7\u00f5es em Geossint\u00e9ticos, Telas e Filmes Pl\u00e1sticos, faz parte do Grupo D\u2019Amaro, que est\u00e1 presente h\u00e1 quase 50 anos no mercado.<br \/>\nO Grupo \u00e9 formado pela Ind\u00fastria T\u00eaxtil Florence e pela Roma, que foi fundada em 1994, com o objetivo de trazer para o mercado Telas e Filmes Pl\u00e1sticos voltados para os segmentos de Geossint\u00e9ticos, Constru\u00e7\u00e3o Civil, Agroneg\u00f3cios e Industrial.<br \/>\nA ROMA possui sua f\u00e1brica sediada na cidade de Tatu\u00ed, a 130 km de S\u00e3o Paulo, em uma \u00e1rea total de 550.000 m\u00b2, com uma completa e moderna estrutura fabril, distribu\u00edda em 18.000 m\u00b2 de \u00e1rea coberta.<br \/>\nO Setor Comercial e Administrativo est\u00e1 estrategicamente localizado a 20 km do centro de S\u00e3o Paulo, em Alphaville, um dos principais polos empresariais do Pa\u00eds.<\/p>\n","protected":false},"excerpt":{"rendered":"<p>Tela Lisa Ordem 2860 Flex 1.00X50MT<\/p>\n<p>Dispon\u00edvel nas op\u00e7\u00f5es:<\/p>\n<p>Branca, Cinza e Verde<\/p>\n<p>Principais Vantagens:<\/p>\n<p>N\u00e3o enferrujam;<br \/>\nMelhor custo benef\u00edcio em rela\u00e7\u00e3o as telas met\u00e1licas;<br \/>\nN\u00e3o machuca a cria\u00e7\u00e3o;<br \/>\nF\u00e1cil manuseio por serem mais leves e male\u00e1veis;<br \/>\nFacilidade na aplica\u00e7\u00e3o;<br \/>\nRolos compactados que facilitam o transporte e reduz custos de fretes e armazenagem;<br \/>\nN\u00e3o h\u00e1 necessidade de m\u00e3o de obra especializada para aplica\u00e7\u00e3o;<br \/>\nReduzem os riscos de contamina\u00e7\u00e3o e ferimentos;<br \/>\nBoa durabilidade e apar\u00eancia;<br \/>\nN\u00e3o h\u00e1 necessidade de manuten\u00e7\u00e3o (pintura);<br \/>\nPodem ser utilizadas em v\u00e1rios segmentos, onde as telas galvanizadas n\u00e3o atendem ( ex: industria);<br \/>\nResistente a produtos qu\u00edmicos;<br \/>\nBoa resist\u00eancia mec\u00e2nica.<br \/>\nPrincipais Diferenciais:<\/p>\n<p>Espessuras de fio maiores;<br \/>\nMelhor custo-benef\u00edcio;<br \/>\nRolos compactados que facilitam o transporte e reduz custos de fretes e armazenagem.<br \/>\n*As especifica\u00e7\u00f5es t\u00e9cnicas est\u00e3o sujeitas a altera\u00e7\u00f5es sem aviso pr\u00e9vio.<\/p>\n","protected":false},"featured_media":6367,"comment_status":"open","ping_status":"closed","template":"","meta":[],"product_cat":[1852],"product_tag":[2439,2437,2438,2414],"_links":{"self":[{"href":"https:\/\/trenaferragens.com.br\/index.php?rest_route=\/wp\/v2\/product\/6366"}],"collection":[{"href":"https:\/\/trenaferragens.com.br\/index.php?rest_route=\/wp\/v2\/product"}],"about":[{"href":"https:\/\/trenaferragens.com.br\/index.php?rest_route=\/wp\/v2\/types\/product"}],"replies":[{"embeddable":true,"href":"https:\/\/trenaferragens.com.br\/index.php?rest_route=%2Fwp%2Fv2%2Fcomments&post=6366"}],"wp:featuredmedia":[{"embeddable":true,"href":"https:\/\/trenaferragens.com.br\/index.php?rest_route=\/wp\/v2\/media\/6367"}],"wp:attachment":[{"href":"https:\/\/trenaferragens.com.br\/index.php?rest_route=%2Fwp%2Fv2%2Fmedia&parent=6366"}],"wp:term":[{"taxonomy":"product_cat","embeddable":true,"href":"https:\/\/trenaferragens.com.br\/index.php?rest_route=%2Fwp%2Fv2%2Fproduct_cat&post=6366"},{"taxonomy":"product_tag","embeddable":true,"href":"https:\/\/trenaferragens.com.br\/index.php?rest_route=%2Fwp%2Fv2%2Fproduct_tag&post=6366"}],"curies":[{"name":"wp","href":"https:\/\/api.w.org\/{rel}","templated":true}]}}