{"id":6380,"date":"2019-08-20T17:26:48","date_gmt":"2019-08-20T17:26:48","guid":{"rendered":"http:\/\/trenaferragens1.hospedagemdesites.ws\/?post_type=product&#038;p=6380"},"modified":"2019-08-20T17:31:48","modified_gmt":"2019-08-20T17:31:48","slug":"chuveiro-eletrico-hydramax-4t-5500w-127v","status":"publish","type":"product","link":"https:\/\/trenaferragens.com.br\/?product=chuveiro-eletrico-hydramax-4t-5500w-127v","title":{"rendered":"Chuveiro El\u00e9trico HydraMax 4T 5500W 127V"},"content":{"rendered":"<p>Chuveiro El\u00e9trico HydraMax 4T 5500W 127V<\/p>\n<p>Nasce a Hydra<\/p>\n<p>Um nascimento marcado pela inova\u00e7\u00e3o. Pelas m\u00e3os de Antonio Ferraresi e At\u00edlio Ricotti, \u00e9 criada e primeira v\u00e1lvula embutida na parede, batizada por seus criadores como Hydra Mar. No in\u00edcio, a capacidade produtiva da v\u00e1lvula era de apenas 30 unidades por m\u00eas, com um consumo de 20 litros de \u00e1gua por acionamento.<\/p>\n<p>Incorpora\u00e7\u00e3o pela Deca<\/p>\n<p>A hydra \u00e9 incorporada pela Deca, l\u00edder nacional no segmento de lou\u00e7as e metais sanit\u00e1rios. O ano tamb\u00e9m \u00e9 marcado pelo lan\u00e7amento VCR, a primeira v\u00e1lvula com registro integrado.<\/p>\n","protected":false},"excerpt":{"rendered":"<p>Hydramax\u00a04T<\/p>\n<p>C\u00f3d. DPHP.4S.551BR<\/p>\n<p>Seu design\u00a0compacto\u00a0foi desenvolvido para facilitar a aplica\u00e7\u00e3o em banheiros compactos e ainda trazer um\u00a0design diferenciado.<\/p>\n<p>O sistema\u00a0multitemperatura\u00a0permite um determinado n\u00famero de op\u00e7\u00f5es para encontrar a\u00a0temperatura certa\u00a0da \u00e1gua e tomar um banho\u00a0confort\u00e1vel, seguro e\u00a0econ\u00f4mico\u00a0em qualquer esta\u00e7\u00e3o no ano.<br \/>\nSISTEMA MULTITEMPERATURA 4T<br \/>\nPermite que voc\u00ea tenha\u00a0quatro op\u00e7\u00f5es\u00a0para encontrar a\u00a0temperatura\u00a0certa da \u00e1gua e tomar um banho com muito mais conforto, seguran\u00e7a e economia em\u00a0qualquer esta\u00e7\u00e3o\u00a0do ano.<br \/>\nBANHO COM JATO INTENSO<br \/>\nA ducha Hydramax 4T possui um espalhador\u00a0especialmente projetado\u00a0para que voc\u00ea tenha um\u00a0banho confort\u00e1vel\u00a0com a intensidade e a quantidade certa de \u00e1gua,\u00a0evitando desperd\u00edcios.<br \/>\nDESIGN<br \/>\nEspalhador projetado para um banho com\u00a0maior vaz\u00e3o\u00a0de \u00e1gua e\u00a0conforto.<\/p>\n","protected":false},"featured_media":6381,"comment_status":"open","ping_status":"closed","template":"","meta":[],"product_cat":[2443,1852],"product_tag":[2192,2193,2445,2444],"_links":{"self":[{"href":"https:\/\/trenaferragens.com.br\/index.php?rest_route=\/wp\/v2\/product\/6380"}],"collection":[{"href":"https:\/\/trenaferragens.com.br\/index.php?rest_route=\/wp\/v2\/product"}],"about":[{"href":"https:\/\/trenaferragens.com.br\/index.php?rest_route=\/wp\/v2\/types\/product"}],"replies":[{"embeddable":true,"href":"https:\/\/trenaferragens.com.br\/index.php?rest_route=%2Fwp%2Fv2%2Fcomments&post=6380"}],"wp:featuredmedia":[{"embeddable":true,"href":"https:\/\/trenaferragens.com.br\/index.php?rest_route=\/wp\/v2\/media\/6381"}],"wp:attachment":[{"href":"https:\/\/trenaferragens.com.br\/index.php?rest_route=%2Fwp%2Fv2%2Fmedia&parent=6380"}],"wp:term":[{"taxonomy":"product_cat","embeddable":true,"href":"https:\/\/trenaferragens.com.br\/index.php?rest_route=%2Fwp%2Fv2%2Fproduct_cat&post=6380"},{"taxonomy":"product_tag","embeddable":true,"href":"https:\/\/trenaferragens.com.br\/index.php?rest_route=%2Fwp%2Fv2%2Fproduct_tag&post=6380"}],"curies":[{"name":"wp","href":"https:\/\/api.w.org\/{rel}","templated":true}]}}