{"id":6386,"date":"2019-08-20T17:44:24","date_gmt":"2019-08-20T17:44:24","guid":{"rendered":"http:\/\/trenaferragens1.hospedagemdesites.ws\/?post_type=product&#038;p=6386"},"modified":"2019-08-20T17:49:03","modified_gmt":"2019-08-20T17:49:03","slug":"resistencia-ss-ballerina-127v-3t-5400w","status":"publish","type":"product","link":"https:\/\/trenaferragens.com.br\/?product=resistencia-ss-ballerina-127v-3t-5400w","title":{"rendered":"Resist\u00eancia SS\/Ballerina 127V 3T 5400W"},"content":{"rendered":"<p>Resist\u00eancia SS\/Ballerina 127V 3T 5400W<\/p>\n<p>Nasce a Hydra<\/p>\n<p>Um nascimento marcado pela inova\u00e7\u00e3o. Pelas m\u00e3os de Antonio Ferraresi e At\u00edlio Ricotti, \u00e9 criada e primeira v\u00e1lvula embutida na parede, batizada por seus criadores como Hydra Mar. No in\u00edcio, a capacidade produtiva da v\u00e1lvula era de apenas 30 unidades por m\u00eas, com um consumo de 20 litros de \u00e1gua por acionamento.<\/p>\n<p>Incorpora\u00e7\u00e3o pela Deca<\/p>\n<p>A hydra \u00e9 incorporada pela Deca, l\u00edder nacional no segmento de lou\u00e7as e metais sanit\u00e1rios. O ano tamb\u00e9m \u00e9 marcado pelo lan\u00e7amento VCR, a primeira v\u00e1lvula com registro integrado.<\/p>\n","protected":false},"excerpt":{"rendered":"<p>Resist\u00eancia SS\/Ballerina\u00a03T<\/p>\n<p>C\u00f3d. 3340.CO.063<\/p>\n<p>Para um bom banho sempre quente a\u00a0resist\u00eancia\u00a0\u00e9 uma das partes mais importantes, pois \u00e9 passando por ela que a \u00e1gua aquece e permite fazer a \u00e1gua gelada virar um banho prazeroso e gostoso. Como existem diversos tipos de duchas, cada uma com sua particularidade, \u00e9 importante comprar a resist\u00eancia certa para seu produto.<\/p>\n<p>Antes de comprar a nova resist\u00eancia deve-se considerar qual o modelo e marca da ducha, qual sua\u00a0voltagem\u00a0(volts) e qual sua\u00a0pot\u00eancia\u00a0(watts), considerando que pode existir tamb\u00e9m as duchas\u00a0Bivolts.<\/p>\n<p>Importante\u00a0sempre utilizar resist\u00eancias originais para garantir a seguran\u00e7a e o banho sempre quentinho.<\/p>\n","protected":false},"featured_media":6388,"comment_status":"open","ping_status":"closed","template":"","meta":[],"product_cat":[2443,1852,1062],"product_tag":[2192,2193,2444,2329],"_links":{"self":[{"href":"https:\/\/trenaferragens.com.br\/index.php?rest_route=\/wp\/v2\/product\/6386"}],"collection":[{"href":"https:\/\/trenaferragens.com.br\/index.php?rest_route=\/wp\/v2\/product"}],"about":[{"href":"https:\/\/trenaferragens.com.br\/index.php?rest_route=\/wp\/v2\/types\/product"}],"replies":[{"embeddable":true,"href":"https:\/\/trenaferragens.com.br\/index.php?rest_route=%2Fwp%2Fv2%2Fcomments&post=6386"}],"wp:featuredmedia":[{"embeddable":true,"href":"https:\/\/trenaferragens.com.br\/index.php?rest_route=\/wp\/v2\/media\/6388"}],"wp:attachment":[{"href":"https:\/\/trenaferragens.com.br\/index.php?rest_route=%2Fwp%2Fv2%2Fmedia&parent=6386"}],"wp:term":[{"taxonomy":"product_cat","embeddable":true,"href":"https:\/\/trenaferragens.com.br\/index.php?rest_route=%2Fwp%2Fv2%2Fproduct_cat&post=6386"},{"taxonomy":"product_tag","embeddable":true,"href":"https:\/\/trenaferragens.com.br\/index.php?rest_route=%2Fwp%2Fv2%2Fproduct_tag&post=6386"}],"curies":[{"name":"wp","href":"https:\/\/api.w.org\/{rel}","templated":true}]}}