{"id":6486,"date":"2019-08-21T19:25:05","date_gmt":"2019-08-21T19:25:05","guid":{"rendered":"http:\/\/trenaferragens1.hospedagemdesites.ws\/?post_type=product&#038;p=6486"},"modified":"2019-08-21T20:01:10","modified_gmt":"2019-08-21T20:01:10","slug":"entrada-dagua-heu2-astra","status":"publish","type":"product","link":"https:\/\/trenaferragens.com.br\/?product=entrada-dagua-heu2-astra","title":{"rendered":"Entrada D&#8217;\u00c1gua (HEU2) Astra"},"content":{"rendered":"<p>Entrada D&#8217;\u00c1gua (HEU2) Astra<\/p>\n<p>ASTRA<\/p>\n<p>A Astra S\/A Ind\u00fastria e Com\u00e9rcio, fundada em 1957, na cidade de Jundia\u00ed &#8211; a 60km da capital paulista &#8211; \u00e9 uma empresa\u00a0multiespecializada, que cria e comercializa produtos e solu\u00e7\u00f5es para o\u00a0dia a dia das pessoas.<\/p>\n<p>Possui um portf\u00f3lio variado, composto por itens voltados para a\u00a0constru\u00e7\u00e3o, que v\u00e3o da funda\u00e7\u00e3o da obra ao acabamento, do item t\u00e9cnico ao de decora\u00e7\u00e3o:<\/p>\n<p>A Astra est\u00e1 em constante evolu\u00e7\u00e3o de suas linhas de produtos, por isso busca cada vez mais o desenvolvimento de itens que priorizem o\u00a0design funcional, com foco em\u00a0praticidade, beleza e bem-estar.<\/p>\n","protected":false},"excerpt":{"rendered":"<p>Entrada D&#8217;\u00c1gua (HEU2) Astra<\/p>\n<p>Mecanismo de torre de entrada hidr\u00e1ulico universal para alimenta\u00e7\u00e3o de \u00e1gua na caixa acoplada.<\/p>\n<p>Caracter\u00edsticas:<br \/>\n\u2022 Feito em pl\u00e1stico resistente.<br \/>\n\u2022 Veda\u00e7\u00e3o em silicone, maior durabilidade e resist\u00eancia.<br \/>\n\u2022 Veda\u00e7\u00e3o instant\u00e2nea.<br \/>\n\u2022 Permite instala\u00e7\u00e3o em diversos n\u00edveis, sendo compat\u00edvel com caixas acopladas de diversas alturas.<br \/>\n\u2022 Regulagem de altura telesc\u00f3pica para o modelo HEU.<br \/>\n\u2022 Permite ajuste simples do n\u00edvel de \u00e1gua, apenas girando um parafuso.<br \/>\n\u2022 Acompanha conjunto para regulagem da vaz\u00e3o do fecho h\u00eddrico (\u00e1gua destinada a preencher o po\u00e7o da bacia).<br \/>\n\u2022 Compacto: ocupa menos espa\u00e7o dentro da caixa acoplada.<br \/>\n\u2022 Compat\u00edvel com todos os tipos de lou\u00e7a.<br \/>\n\u2022 Possui regulagem de altura, para se adaptar a todas as lou\u00e7as do mercado.<\/p>\n<p>Informa\u00e7\u00f5es T\u00e9cnicas:<br \/>\nC\u00f3digo F\u00e1brica:\u00a0HEU2<br \/>\nPress\u00e3o de Trabalho:\u00a01 a 60 m.c.a.<br \/>\nEntrada:\u00a01\/2&#8243;<br \/>\nAltura de Instala\u00e7\u00e3o Ajust\u00e1vel:<br \/>\n240 A 360mm (altura total do mecanismo dentro da caixa acoplada)<\/p>\n","protected":false},"featured_media":6487,"comment_status":"open","ping_status":"closed","template":"","meta":[],"product_cat":[1097,168],"product_tag":[2446,2491],"_links":{"self":[{"href":"https:\/\/trenaferragens.com.br\/index.php?rest_route=\/wp\/v2\/product\/6486"}],"collection":[{"href":"https:\/\/trenaferragens.com.br\/index.php?rest_route=\/wp\/v2\/product"}],"about":[{"href":"https:\/\/trenaferragens.com.br\/index.php?rest_route=\/wp\/v2\/types\/product"}],"replies":[{"embeddable":true,"href":"https:\/\/trenaferragens.com.br\/index.php?rest_route=%2Fwp%2Fv2%2Fcomments&post=6486"}],"wp:featuredmedia":[{"embeddable":true,"href":"https:\/\/trenaferragens.com.br\/index.php?rest_route=\/wp\/v2\/media\/6487"}],"wp:attachment":[{"href":"https:\/\/trenaferragens.com.br\/index.php?rest_route=%2Fwp%2Fv2%2Fmedia&parent=6486"}],"wp:term":[{"taxonomy":"product_cat","embeddable":true,"href":"https:\/\/trenaferragens.com.br\/index.php?rest_route=%2Fwp%2Fv2%2Fproduct_cat&post=6486"},{"taxonomy":"product_tag","embeddable":true,"href":"https:\/\/trenaferragens.com.br\/index.php?rest_route=%2Fwp%2Fv2%2Fproduct_tag&post=6486"}],"curies":[{"name":"wp","href":"https:\/\/api.w.org\/{rel}","templated":true}]}}