{"id":6498,"date":"2019-08-21T20:43:17","date_gmt":"2019-08-21T20:43:17","guid":{"rendered":"http:\/\/trenaferragens1.hospedagemdesites.ws\/?post_type=product&#038;p=6498"},"modified":"2019-08-21T20:46:29","modified_gmt":"2019-08-21T20:46:29","slug":"kit-w-c-bancada-tapete-c-5-pecas-kbb1-astra","status":"publish","type":"product","link":"https:\/\/trenaferragens.com.br\/?product=kit-w-c-bancada-tapete-c-5-pecas-kbb1-astra","title":{"rendered":"Kit W.C Bancada + Tapete C\/5 Pe\u00e7as (KBB1) Astra"},"content":{"rendered":"<p>Kit W.C Bancada + Tapete C\/5 Pe\u00e7as (KBB1) Astra<\/p>\n<p>ASTRA<\/p>\n<p>A Astra S\/A Ind\u00fastria e Com\u00e9rcio, fundada em 1957, na cidade de Jundia\u00ed &#8211; a 60km da capital paulista &#8211; \u00e9 uma empresa\u00a0multiespecializada, que cria e comercializa produtos e solu\u00e7\u00f5es para o\u00a0dia a dia das pessoas.<\/p>\n<p>Possui um portf\u00f3lio variado, composto por itens voltados para a\u00a0constru\u00e7\u00e3o, que v\u00e3o da funda\u00e7\u00e3o da obra ao acabamento, do item t\u00e9cnico ao de decora\u00e7\u00e3o:<\/p>\n<p>A Astra est\u00e1 em constante evolu\u00e7\u00e3o de suas linhas de produtos, por isso busca cada vez mais o desenvolvimento de itens que priorizem o\u00a0design funcional, com foco em\u00a0praticidade, beleza e bem-estar.<\/p>\n","protected":false},"excerpt":{"rendered":"<p>Kit W.C Bancada + Tapete C\/5 Pe\u00e7as(KBB1) Astra<\/p>\n<p>Al\u00e9m de higi\u00eanico, o Kit 5 Pe\u00e7as \u00e9 composto por itens que organizam e d\u00e3o harmonia ao ambiente.<\/p>\n<p>Caracter\u00edsticas:<br \/>\n\u2022 Resistente.<br \/>\n\u2022 Robusto.<br \/>\n\u2022 De f\u00e1cil limpeza.<br \/>\n\u2022 Organiza e decora o ambiente.<br \/>\n\u2022 Higi\u00eanico: protege os objetos de uso di\u00e1rio.<br \/>\n\u2022 Acabamento liso.<br \/>\n\u2022 Cores que comp\u00f5em o ambiente.<\/p>\n<p>Informa\u00e7\u00f5es T\u00e9cnicas:<br \/>\nC\u00f3digo F\u00e1brica: BRANCO (KBB1*BR), PRETO (KBB1*PR), VERMELHO\/BORD\u00d4 (KBB1*BRD)<br \/>\nItens: Porta-Sabonete L\u00edquido (9 cm x 7,7 cm x 15 cm),\u00a0Porta-Cotonetes (8,7 cm x 7,4 cm x 9,7 cm),\u00a0Porta-Algod\u00e3o (12 cm x 9,3 cm x 9,5 cm),\u00a0Porta-Escovas (9,7 cm x 8,2 cm x 21 cm) e Tapete Flex\u00edvel Felpudo (57 cm x 34 cm).<\/p>\n","protected":false},"featured_media":6499,"comment_status":"open","ping_status":"closed","template":"","meta":[],"product_cat":[1097,168],"product_tag":[2446,2500,2499],"_links":{"self":[{"href":"https:\/\/trenaferragens.com.br\/index.php?rest_route=\/wp\/v2\/product\/6498"}],"collection":[{"href":"https:\/\/trenaferragens.com.br\/index.php?rest_route=\/wp\/v2\/product"}],"about":[{"href":"https:\/\/trenaferragens.com.br\/index.php?rest_route=\/wp\/v2\/types\/product"}],"replies":[{"embeddable":true,"href":"https:\/\/trenaferragens.com.br\/index.php?rest_route=%2Fwp%2Fv2%2Fcomments&post=6498"}],"wp:featuredmedia":[{"embeddable":true,"href":"https:\/\/trenaferragens.com.br\/index.php?rest_route=\/wp\/v2\/media\/6499"}],"wp:attachment":[{"href":"https:\/\/trenaferragens.com.br\/index.php?rest_route=%2Fwp%2Fv2%2Fmedia&parent=6498"}],"wp:term":[{"taxonomy":"product_cat","embeddable":true,"href":"https:\/\/trenaferragens.com.br\/index.php?rest_route=%2Fwp%2Fv2%2Fproduct_cat&post=6498"},{"taxonomy":"product_tag","embeddable":true,"href":"https:\/\/trenaferragens.com.br\/index.php?rest_route=%2Fwp%2Fv2%2Fproduct_tag&post=6498"}],"curies":[{"name":"wp","href":"https:\/\/api.w.org\/{rel}","templated":true}]}}