{"id":6553,"date":"2019-08-22T18:28:24","date_gmt":"2019-08-22T18:28:24","guid":{"rendered":"http:\/\/trenaferragens1.hospedagemdesites.ws\/?post_type=product&#038;p=6553"},"modified":"2019-08-22T18:30:38","modified_gmt":"2019-08-22T18:30:38","slug":"tapete-felpudo-es4-astra","status":"publish","type":"product","link":"https:\/\/trenaferragens.com.br\/?product=tapete-felpudo-es4-astra","title":{"rendered":"Tapete Felpudo (ES4) Astra"},"content":{"rendered":"<p>Tapete Felpudo (ES4) Astra<\/p>\n<p>ASTRA<\/p>\n<p>A Astra S\/A Ind\u00fastria e Com\u00e9rcio, fundada em 1957, na cidade de Jundia\u00ed &#8211; a 60km da capital paulista &#8211; \u00e9 uma empresa\u00a0multiespecializada, que cria e comercializa produtos e solu\u00e7\u00f5es para o\u00a0dia a dia das pessoas.<\/p>\n<p>Possui um portf\u00f3lio variado, composto por itens voltados para a\u00a0constru\u00e7\u00e3o, que v\u00e3o da funda\u00e7\u00e3o da obra ao acabamento, do item t\u00e9cnico ao de decora\u00e7\u00e3o:<\/p>\n<p>A Astra est\u00e1 em constante evolu\u00e7\u00e3o de suas linhas de produtos, por isso busca cada vez mais o desenvolvimento de itens que priorizem o\u00a0design funcional, com foco em\u00a0praticidade, beleza e bem-estar.<\/p>\n","protected":false},"excerpt":{"rendered":"<p>Tapete Felpudo (ES4) Astra<\/p>\n<p>O Tapete Flex\u00edvel Felpudo \u00e9 indicado para \u00e1reas molhadas, como o box. Possui cerdas que massageiam a sola do p\u00e9 durante a utiliza\u00e7\u00e3o e ventosas na parte inferior que d\u00e3o seguran\u00e7a durante o uso. Dispon\u00edvel em diversas cores.<\/p>\n<p>Caracter\u00edsticas:<br \/>\n\u2022 Resistente.<br \/>\n\u2022 Tratamento antimofo.<br \/>\n\u2022 Possui ventosas antiderrapantes.<br \/>\n\u2022 N\u00e3o rasga com facilidade.<br \/>\n\u2022 Impede o ac\u00famulo de \u00e1gua.<br \/>\n\u2022 Mais conforto e seguran\u00e7a na hora do banho.<br \/>\n\u2022 Cores que comp\u00f5em o ambiente.<br \/>\n\u2022 Confort\u00e1vel: textura relaxante.<\/p>\n<p>Uso:<br \/>\nPara proporcionar maior seguran\u00e7a em \u00e1reas molhadas.<\/p>\n<p>Informa\u00e7\u00f5es T\u00e9cnicas:<br \/>\nC\u00f3digo F\u00e1brica: BRANCO ES4*BR1 \/ BEGE ES4*BG5 \/ BEGE ES4*BG8 \/ ES4*CZ2<br \/>\nMedidas: 57 cm x 34 cm<\/p>\n","protected":false},"featured_media":6554,"comment_status":"open","ping_status":"closed","template":"","meta":[],"product_cat":[1097,168],"product_tag":[2446,2529,2530],"_links":{"self":[{"href":"https:\/\/trenaferragens.com.br\/index.php?rest_route=\/wp\/v2\/product\/6553"}],"collection":[{"href":"https:\/\/trenaferragens.com.br\/index.php?rest_route=\/wp\/v2\/product"}],"about":[{"href":"https:\/\/trenaferragens.com.br\/index.php?rest_route=\/wp\/v2\/types\/product"}],"replies":[{"embeddable":true,"href":"https:\/\/trenaferragens.com.br\/index.php?rest_route=%2Fwp%2Fv2%2Fcomments&post=6553"}],"wp:featuredmedia":[{"embeddable":true,"href":"https:\/\/trenaferragens.com.br\/index.php?rest_route=\/wp\/v2\/media\/6554"}],"wp:attachment":[{"href":"https:\/\/trenaferragens.com.br\/index.php?rest_route=%2Fwp%2Fv2%2Fmedia&parent=6553"}],"wp:term":[{"taxonomy":"product_cat","embeddable":true,"href":"https:\/\/trenaferragens.com.br\/index.php?rest_route=%2Fwp%2Fv2%2Fproduct_cat&post=6553"},{"taxonomy":"product_tag","embeddable":true,"href":"https:\/\/trenaferragens.com.br\/index.php?rest_route=%2Fwp%2Fv2%2Fproduct_tag&post=6553"}],"curies":[{"name":"wp","href":"https:\/\/api.w.org\/{rel}","templated":true}]}}