{"id":6595,"date":"2019-09-13T19:43:35","date_gmt":"2019-09-13T19:43:35","guid":{"rendered":"http:\/\/trenaferragens1.hospedagemdesites.ws\/?post_type=product&#038;p=6595"},"modified":"2019-09-13T19:48:57","modified_gmt":"2019-09-13T19:48:57","slug":"corante-xadrez","status":"publish","type":"product","link":"https:\/\/trenaferragens.com.br\/?product=corante-xadrez","title":{"rendered":"Corante Xadrez"},"content":{"rendered":"<p>Corante Xadrez<\/p>\n<p>A Sherwin-Williams<\/p>\n<p>A Sherwin-Williams est\u00e1 presente no Brasil h\u00e1 mais de\u00a070 anos\u00a0com o objetivo de trazer ao mercado as melhores op\u00e7\u00f5es em revestimento e prote\u00e7\u00e3o, com tintas para as mais diversas finalidades. A empresa atua tanto no segmento imobili\u00e1rio, quanto industrial, sempre com produtos reconhecidos por sua durabilidade, qualidade e inova\u00e7\u00e3o.<\/p>\n<p>Entre suas principais marcas est\u00e3o Metalatex, Novacor, KemTone, Aquacryl e Colorgin, amplamente reconhecidas por formadores de opini\u00e3o e consumidores. A Sherwin-Williams vem investindo em diversas a\u00e7\u00f5es de marketing como an\u00fancios, desenvolvimento de novas embalagens, a\u00e7\u00f5es diretas com revendedores, patroc\u00ednios, entre outros.<\/p>\n<p>A Empresa est\u00e1 localizada no estado de S\u00e3o Paulo, onde possui escrit\u00f3rio e f\u00e1brica no munic\u00edpio de Tabo\u00e3o da Serra, no segmento imobili\u00e1rio.<\/p>\n","protected":false},"excerpt":{"rendered":"<p>Corante Xadrez<\/p>\n<p>DISPON\u00cdVEL NAS OP\u00c7\u00d5ES: Amarelo, Azul, Branco, Laranja, Marrom, Ocre, Preto, Verde, Vermelho, Violeta<\/p>\n<p>Xadrez<\/p>\n<p>Corante L\u00edquido Xadrez<\/p>\n<p>Pigmento corante de alto poder de tingimento e resist\u00eancia, para colorir tintas base d&#8217;\u00e1gua. S\u00e3o 10 cores prontas mistur\u00e1veis entre si.<\/p>\n<p>Rendimento:<br \/>\nAproximadamente at\u00e9 1 bisnaga por gal\u00e3o de 3,6 litros de tinta.<\/p>\n<p>Cores:<br \/>\nA cor da tampa apenas indica a tonalidade do produto, que sofrer\u00e1 altera\u00e7\u00e3o quando misturado a tinta. Consultar cat\u00e1logo de cores para obter sugest\u00f5es de cores.<\/p>\n<p>Aplica\u00e7\u00e3o:<br \/>\nAgite o frasco, para o corante branco adicionar at\u00e9 150ml para 3,6L, demais cores at\u00e9 50ml do corante para 3,6L de tinta, misture bem antes e durante a aplica\u00e7\u00e3o.<\/p>\n<p>Bisnaga de 50 ml.<\/p>\n","protected":false},"featured_media":6596,"comment_status":"open","ping_status":"closed","template":"","meta":[],"product_cat":[1118,178],"product_tag":[2557,2559,2558,2550],"_links":{"self":[{"href":"https:\/\/trenaferragens.com.br\/index.php?rest_route=\/wp\/v2\/product\/6595"}],"collection":[{"href":"https:\/\/trenaferragens.com.br\/index.php?rest_route=\/wp\/v2\/product"}],"about":[{"href":"https:\/\/trenaferragens.com.br\/index.php?rest_route=\/wp\/v2\/types\/product"}],"replies":[{"embeddable":true,"href":"https:\/\/trenaferragens.com.br\/index.php?rest_route=%2Fwp%2Fv2%2Fcomments&post=6595"}],"wp:featuredmedia":[{"embeddable":true,"href":"https:\/\/trenaferragens.com.br\/index.php?rest_route=\/wp\/v2\/media\/6596"}],"wp:attachment":[{"href":"https:\/\/trenaferragens.com.br\/index.php?rest_route=%2Fwp%2Fv2%2Fmedia&parent=6595"}],"wp:term":[{"taxonomy":"product_cat","embeddable":true,"href":"https:\/\/trenaferragens.com.br\/index.php?rest_route=%2Fwp%2Fv2%2Fproduct_cat&post=6595"},{"taxonomy":"product_tag","embeddable":true,"href":"https:\/\/trenaferragens.com.br\/index.php?rest_route=%2Fwp%2Fv2%2Fproduct_tag&post=6595"}],"curies":[{"name":"wp","href":"https:\/\/api.w.org\/{rel}","templated":true}]}}