{"id":6720,"date":"2019-10-18T18:14:19","date_gmt":"2019-10-18T18:14:19","guid":{"rendered":"http:\/\/trenaferragens1.hospedagemdesites.ws\/?post_type=product&#038;p=6720"},"modified":"2019-10-18T18:21:51","modified_gmt":"2019-10-18T18:21:51","slug":"tomada-2pt-20a-c-placa-blanc-r-1350","status":"publish","type":"product","link":"https:\/\/trenaferragens.com.br\/?product=tomada-2pt-20a-c-placa-blanc-r-1350","title":{"rendered":"Tomada 2P+T 20A C\/Placa Blanc R.1350"},"content":{"rendered":"<p>Tomada 2P+T 20A C\/Placa Blanc R.1350<\/p>\n<p>FAME<\/p>\n<p>A hist\u00f3ria da FAME se inicia em 1940, quando seu fundador, Sr. \u00c1lvaro Coelho Silva, identificando necessidades de mercado e contrariando todas as expectativas, come\u00e7ou a produzir ferros de soldar antes importados e ent\u00e3o escassos, pois o mundo enfrentava a 2\u00aa Grande Guerra. Com um come\u00e7o humilde, em um galp\u00e3o de apenas 15m\u00b2 e munido apenas de muita disposi\u00e7\u00e3o e da confian\u00e7a no futuro, o Sr. \u00c1lvaro Coelho Silva, iniciava uma das maiores e mais respeitadas empresas brasileiras. A partir da\u00ed o crescimento foi cont\u00ednuo e expressivo, regado com muito trabalho, honestidade e certeza do sucesso.<\/p>\n<p>Formando profissionais de primeira, Sr. \u00c1lvaro Coelho Silva, transformou um sonho e um galp\u00e3o de 15m\u00b2 em um complexo industrial de 5 plantas, mais de 2.400 empregos diretos, cerca de 40.000 clientes e exporta\u00e7\u00f5es para mais de 40 pa\u00edses. Hoje, mesmo com sua aus\u00eancia a FAME \u00e9 dirigida dentro dos mesmos princ\u00edpios praticados desde 1940: trabalho, vis\u00e3o, honestidade e confian\u00e7a no futuro.<\/p>\n","protected":false},"excerpt":{"rendered":"<p>Tomada 2P+T 20A C\/Placa Blanc R.1350<\/p>\n<p>Acabamento perfeito e funcionalidade.<\/p>\n<p>A S\u00e9rie Blanc FAME, traz a sofistica\u00e7\u00e3o que seu ambiente pede na medida exata.As placas arredondadas e de dimens\u00f5es maiores oferecem acabamento liso perfeito que n\u00e3o risca e n\u00e3o ret\u00e9m sujeira, al\u00e9m da resist\u00eancia aos raios UVA e UVB. <\/p>\n<p>Uma solu\u00e7\u00e3o ideal para cada aplica\u00e7\u00e3o, com design exclusivo e um toque diferenciado.Placas em ABS:\u00a0Superf\u00edcie polida e antiaderente.Tratamento Anti U.V.A e U. V.B.:\u00a0Maior solidez e resist\u00eancia a luz.Dimens\u00f5es maiores:\u00a0Melhor cobertura e acabamento.<\/p>\n<p>A FAME LTDA. garante este produto contra eventuais defeitos de fabrica\u00e7\u00e3o pelo prazo de 5 anos, contados e comprovados pela data de emiss\u00e3o do comprovante fiscal de venda ao consumidor, com atendimento no pr\u00f3prio local de aquisi\u00e7\u00e3o.<\/p>\n<p>Validade:\u00a0Produto n\u00e3o perec\u00edvel.<\/p>\n<p>Importante:\u00a0Antes de iniciar a instala\u00e7\u00e3o desligue o circuito el\u00e9trico.Conv\u00e9m que seja instalado por pessoa qualificada.<\/p>\n","protected":false},"featured_media":6723,"comment_status":"open","ping_status":"closed","template":"","meta":[],"product_cat":[194],"product_tag":[2592,2680,2679,2673],"_links":{"self":[{"href":"https:\/\/trenaferragens.com.br\/index.php?rest_route=\/wp\/v2\/product\/6720"}],"collection":[{"href":"https:\/\/trenaferragens.com.br\/index.php?rest_route=\/wp\/v2\/product"}],"about":[{"href":"https:\/\/trenaferragens.com.br\/index.php?rest_route=\/wp\/v2\/types\/product"}],"replies":[{"embeddable":true,"href":"https:\/\/trenaferragens.com.br\/index.php?rest_route=%2Fwp%2Fv2%2Fcomments&post=6720"}],"wp:featuredmedia":[{"embeddable":true,"href":"https:\/\/trenaferragens.com.br\/index.php?rest_route=\/wp\/v2\/media\/6723"}],"wp:attachment":[{"href":"https:\/\/trenaferragens.com.br\/index.php?rest_route=%2Fwp%2Fv2%2Fmedia&parent=6720"}],"wp:term":[{"taxonomy":"product_cat","embeddable":true,"href":"https:\/\/trenaferragens.com.br\/index.php?rest_route=%2Fwp%2Fv2%2Fproduct_cat&post=6720"},{"taxonomy":"product_tag","embeddable":true,"href":"https:\/\/trenaferragens.com.br\/index.php?rest_route=%2Fwp%2Fv2%2Fproduct_tag&post=6720"}],"curies":[{"name":"wp","href":"https:\/\/api.w.org\/{rel}","templated":true}]}}