{"id":6737,"date":"2019-10-18T19:00:27","date_gmt":"2019-10-18T19:00:27","guid":{"rendered":"http:\/\/trenaferragens1.hospedagemdesites.ws\/?post_type=product&#038;p=6737"},"modified":"2019-10-18T19:06:12","modified_gmt":"2019-10-18T19:06:12","slug":"ferro-de-soldar-40w-r-919-fame","status":"publish","type":"product","link":"https:\/\/trenaferragens.com.br\/?product=ferro-de-soldar-40w-r-919-fame","title":{"rendered":"Ferro de Soldar 40W R.919 &#8211; Fame"},"content":{"rendered":"<p>Ferro de Soldar 40W R.919 &#8211; Fame<\/p>\n<p>FAME<\/p>\n<p>A hist\u00f3ria da FAME se inicia em 1940, quando seu fundador, Sr. \u00c1lvaro Coelho Silva, identificando necessidades de mercado e contrariando todas as expectativas, come\u00e7ou a produzir ferros de soldar antes importados e ent\u00e3o escassos, pois o mundo enfrentava a 2\u00aa Grande Guerra. Com um come\u00e7o humilde, em um galp\u00e3o de apenas 15m\u00b2 e munido apenas de muita disposi\u00e7\u00e3o e da confian\u00e7a no futuro, o Sr. \u00c1lvaro Coelho Silva, iniciava uma das maiores e mais respeitadas empresas brasileiras. A partir da\u00ed o crescimento foi cont\u00ednuo e expressivo, regado com muito trabalho, honestidade e certeza do sucesso.<\/p>\n<p>Formando profissionais de primeira, Sr. \u00c1lvaro Coelho Silva, transformou um sonho e um galp\u00e3o de 15m\u00b2 em um complexo industrial de 5 plantas, mais de 2.400 empregos diretos, cerca de 40.000 clientes e exporta\u00e7\u00f5es para mais de 40 pa\u00edses. Hoje, mesmo com sua aus\u00eancia a FAME \u00e9 dirigida dentro dos mesmos princ\u00edpios praticados desde 1940: trabalho, vis\u00e3o, honestidade e confian\u00e7a no futuro.<\/p>\n","protected":false},"excerpt":{"rendered":"<p>Ferro de Soldar 40W R.919 &#8211; Fame<\/p>\n<p>Ferro de Soldar 127V~ 40W\u00a0<\/p>\n<p>Os Novos Ferros de Soldar FAME PRO chegaram para oferecer o que h\u00e1 de melhor em qualidade no segmento.A linha \u00e9 composta pelas pot\u00eancias 30, 40, 50 e 70 Watts, em 127V e 220V.<\/p>\n<p>Perfeitos para uso profissional ou hobby, possuem cabo fabricado em termopl\u00e1stico, com acabamento anat\u00f4mico e confort\u00e1vel para o manuseio.<\/p>\n<p>Acompanham Suporte para descanso, cabo flex\u00edvel de 1 metro com dupla isola\u00e7\u00e3o, itens de acordo e certificado com as normas de seguran\u00e7a do INMETRO.<\/p>\n<p>&#8211; Tubo em a\u00e7o inox- Cabo anat\u00f4mico- Acompanha suporte-Qualidade superior. Para soldar e durar.<\/p>\n","protected":false},"featured_media":6738,"comment_status":"open","ping_status":"closed","template":"","meta":[],"product_cat":[194],"product_tag":[2592,2695,2698,2699],"_links":{"self":[{"href":"https:\/\/trenaferragens.com.br\/index.php?rest_route=\/wp\/v2\/product\/6737"}],"collection":[{"href":"https:\/\/trenaferragens.com.br\/index.php?rest_route=\/wp\/v2\/product"}],"about":[{"href":"https:\/\/trenaferragens.com.br\/index.php?rest_route=\/wp\/v2\/types\/product"}],"replies":[{"embeddable":true,"href":"https:\/\/trenaferragens.com.br\/index.php?rest_route=%2Fwp%2Fv2%2Fcomments&post=6737"}],"wp:featuredmedia":[{"embeddable":true,"href":"https:\/\/trenaferragens.com.br\/index.php?rest_route=\/wp\/v2\/media\/6738"}],"wp:attachment":[{"href":"https:\/\/trenaferragens.com.br\/index.php?rest_route=%2Fwp%2Fv2%2Fmedia&parent=6737"}],"wp:term":[{"taxonomy":"product_cat","embeddable":true,"href":"https:\/\/trenaferragens.com.br\/index.php?rest_route=%2Fwp%2Fv2%2Fproduct_cat&post=6737"},{"taxonomy":"product_tag","embeddable":true,"href":"https:\/\/trenaferragens.com.br\/index.php?rest_route=%2Fwp%2Fv2%2Fproduct_tag&post=6737"}],"curies":[{"name":"wp","href":"https:\/\/api.w.org\/{rel}","templated":true}]}}