{"id":6813,"date":"2019-12-02T18:59:40","date_gmt":"2019-12-02T18:59:40","guid":{"rendered":"http:\/\/trenaferragens1.hospedagemdesites.ws\/?post_type=product&#038;p=6813"},"modified":"2019-12-02T19:02:48","modified_gmt":"2019-12-02T19:02:48","slug":"filtro-de-linha-5-tomadas-economico-bivolt-branco","status":"publish","type":"product","link":"https:\/\/trenaferragens.com.br\/?product=filtro-de-linha-5-tomadas-economico-bivolt-branco","title":{"rendered":"Filtro de Linha 5 Tomadas (Econ\u00f4mico) Bivolt Branco"},"content":{"rendered":"<p>Filtro de Linha 5 Tomadas (Econ\u00f4mico) Bivolt Branco<\/p>\n<p>Linha de embutir elegante e econ\u00f4mica, com aplica\u00e7\u00e3o de parafusos externos.<\/p>\n<p>Sin\u00f4nimo de economia e qualidade, a Linha Stylus tem \u00f3timo acabamento, garantindo durabilidade sem perder a eleg\u00e2ncia.<br \/>\nDispon\u00edvel na cor branca, um cl\u00e1ssico que harmoniza com os mais diversos ambientes.<\/p>\n<p>&nbsp;<\/p>\n","protected":false},"excerpt":{"rendered":"<p>Filtro de Linha 5 Tomadas (Econ\u00f4mico) Bivolt Branco<\/p>\n<p>Descri\u00e7\u00e3o:<br \/>\nTens\u00e3o: 250V<br \/>\nAmperagem M\u00e1xima do Conjunto: 10A<br \/>\nCertifica\u00e7\u00e3o compuls\u00f3ria:\u00a0N\u00e3o<br \/>\nNormas: Plugues certificados conforme NBR NM 60884-1 e cabos conforme NBR NM 247-5<br \/>\nVaria\u00e7\u00f5es:34017\u00a0&#8211; Filtro de Linha Econ\u00f4mico com 5 Tomadas Emb. Econ\u00f4mica- Preto<\/p>\n","protected":false},"featured_media":6814,"comment_status":"open","ping_status":"closed","template":"","meta":[],"product_cat":[194,1056,308],"product_tag":[2724,2723,2722],"_links":{"self":[{"href":"https:\/\/trenaferragens.com.br\/index.php?rest_route=\/wp\/v2\/product\/6813"}],"collection":[{"href":"https:\/\/trenaferragens.com.br\/index.php?rest_route=\/wp\/v2\/product"}],"about":[{"href":"https:\/\/trenaferragens.com.br\/index.php?rest_route=\/wp\/v2\/types\/product"}],"replies":[{"embeddable":true,"href":"https:\/\/trenaferragens.com.br\/index.php?rest_route=%2Fwp%2Fv2%2Fcomments&post=6813"}],"wp:featuredmedia":[{"embeddable":true,"href":"https:\/\/trenaferragens.com.br\/index.php?rest_route=\/wp\/v2\/media\/6814"}],"wp:attachment":[{"href":"https:\/\/trenaferragens.com.br\/index.php?rest_route=%2Fwp%2Fv2%2Fmedia&parent=6813"}],"wp:term":[{"taxonomy":"product_cat","embeddable":true,"href":"https:\/\/trenaferragens.com.br\/index.php?rest_route=%2Fwp%2Fv2%2Fproduct_cat&post=6813"},{"taxonomy":"product_tag","embeddable":true,"href":"https:\/\/trenaferragens.com.br\/index.php?rest_route=%2Fwp%2Fv2%2Fproduct_tag&post=6813"}],"curies":[{"name":"wp","href":"https:\/\/api.w.org\/{rel}","templated":true}]}}