{"id":6939,"date":"2020-01-27T19:38:47","date_gmt":"2020-01-27T19:38:47","guid":{"rendered":"http:\/\/trenaferragens1.hospedagemdesites.ws\/?post_type=product&#038;p=6939"},"modified":"2020-01-27T19:43:35","modified_gmt":"2020-01-27T19:43:35","slug":"peneira-aro-55-cm-plastica-chapa-vermelha-telas-sao-jorge","status":"publish","type":"product","link":"https:\/\/trenaferragens.com.br\/?product=peneira-aro-55-cm-plastica-chapa-vermelha-telas-sao-jorge","title":{"rendered":"Peneira Aro 55cm Pl\u00e1stica Chapa Vermelha &#8211; Telas S\u00e3o Jorge"},"content":{"rendered":"<p>Peneira Aro 55cm Pl\u00e1stica Chapa Vermelha &#8211; Telas S\u00e3o Jorge<\/p>\n<p>TELAS S\u00c3O JORGE<\/p>\n<p>Fundada em 12 de julho de 1972 na cidade de Petr\u00f3polis, fruto de uma vis\u00e3o empreendedora, impar de seus idealizadores, nasceu a F\u00e1brica de Telas S\u00e3o Jorge. Ao longo de todos esses anos sempre na busca constante de sua pr\u00f3pria supera\u00e7\u00e3o, a empresa hoje se enquadra como um dos maiores fabricantes de Telas e Peneiras do pa\u00eds. <\/p>\n<p>Dotada de uma moderna sede industrial, seu parque fabril conta com 6000 M2 de \u00e1rea constru\u00edda, onde possui equipamentos de \u00faltima gera\u00e7\u00e3o, para a fabrica\u00e7\u00e3o de toda a sua linha de produtos, permitindo um produto final de extrema precis\u00e3o. Sua linha de produtos \u00e9 composta por Tela de Alambrado com arame galvanizado e revestidas em PVC, para quadras e alambrados em geral, uma Linha Completa de Cercamento com Gradis e Tela Soldada, Tela ciranda a tela para toda obra, tela para jardim a beleza que protege, telas Hexagonais utilizadas para galinheiros pinteiros e viveiros, Telas de nylon para mosquiteiro e prote\u00e7\u00e3o de fachadas, telas de Estuque, tubos galvanizados, pregos, arames galvanizados e arames recozidos. <\/p>\n<p>A Fabrica de Telas S\u00e3o Jorge \u00e9 tamb\u00e9m a maior fabricante de Peneiras do Brasil, tendo em sua linha de produ\u00e7\u00e3o a tradicional Peneira com Aro de Madeira e tamb\u00e9m a nov\u00edssima Peneira com Aro Pl\u00e1stico utilizando alta tecnologia, mat\u00e9ria prima de alta qualidade e com respeito ao meio ambiente. Com a mais completa linha de Peneiras do Brasil atendemos a Constru\u00e7\u00e3o Civil e ao setor agr\u00edcola.<\/p>\n","protected":false},"excerpt":{"rendered":"<p>Peneira Aro 55cm Pl\u00e1stica Chapa Vermelha &#8211; Telas S\u00e3o Jorge<\/p>\n<p>OP\u00c7\u00d5ES: Caf\u00e9, Feij\u00e3o e Arroz.<\/p>\n","protected":false},"featured_media":6940,"comment_status":"open","ping_status":"closed","template":"","meta":[],"product_cat":[1852,1143],"product_tag":[2032,2031,2718],"_links":{"self":[{"href":"https:\/\/trenaferragens.com.br\/index.php?rest_route=\/wp\/v2\/product\/6939"}],"collection":[{"href":"https:\/\/trenaferragens.com.br\/index.php?rest_route=\/wp\/v2\/product"}],"about":[{"href":"https:\/\/trenaferragens.com.br\/index.php?rest_route=\/wp\/v2\/types\/product"}],"replies":[{"embeddable":true,"href":"https:\/\/trenaferragens.com.br\/index.php?rest_route=%2Fwp%2Fv2%2Fcomments&post=6939"}],"wp:featuredmedia":[{"embeddable":true,"href":"https:\/\/trenaferragens.com.br\/index.php?rest_route=\/wp\/v2\/media\/6940"}],"wp:attachment":[{"href":"https:\/\/trenaferragens.com.br\/index.php?rest_route=%2Fwp%2Fv2%2Fmedia&parent=6939"}],"wp:term":[{"taxonomy":"product_cat","embeddable":true,"href":"https:\/\/trenaferragens.com.br\/index.php?rest_route=%2Fwp%2Fv2%2Fproduct_cat&post=6939"},{"taxonomy":"product_tag","embeddable":true,"href":"https:\/\/trenaferragens.com.br\/index.php?rest_route=%2Fwp%2Fv2%2Fproduct_tag&post=6939"}],"curies":[{"name":"wp","href":"https:\/\/api.w.org\/{rel}","templated":true}]}}