{"id":7087,"date":"2020-03-11T20:06:27","date_gmt":"2020-03-11T20:06:27","guid":{"rendered":"http:\/\/trenaferragens1.hospedagemdesites.ws\/?post_type=product&#038;p=7087"},"modified":"2020-03-11T20:10:44","modified_gmt":"2020-03-11T20:10:44","slug":"lona-azul-polietileno-70g-100-micras","status":"publish","type":"product","link":"https:\/\/trenaferragens.com.br\/?product=lona-azul-polietileno-70g-100-micras","title":{"rendered":"Lona Azul Polietileno 70G \/ 100 Micras"},"content":{"rendered":"<p class=\"itemTitle\">Lona Azul Polietileno 70G \/ 100 Micras<\/p>\n<p>AJAX<\/p>\n<p>A Ajax Ferramentas pertence ao Grupo Axion, que atua no segmento de materiais para constru\u00e7\u00e3o civil e faz parte de um forte e diversificado grupo industrial brasileiro, com sede em Curitiba e com f\u00e1bricas no pa\u00eds e no exterior.<\/p>\n<p>Possui diversificada gama de produtos para diversas \u00e1reas da constru\u00e7\u00e3o civil e movimenta\u00e7\u00e3o de materiais, al\u00e9m das \u00e1reas agr\u00edcola e de jardinagem.<\/p>\n<p>Coloca a qualidade e a funcionalidade de seus produtos como foco principal, proporcionando o melhor desempenho para cada atividade, sempre com excelente rela\u00e7\u00e3o custo x benef\u00edcio.<\/p>\n<p>\u00c9 exatamente dentro desse conceito que os produtos Ajax proporcionam melhor produtividade e rentabilidade, representando um excelente neg\u00f3cio para varejistas, atacadistas, distribuidores e, principalmente, para o usu\u00e1rio final.<\/p>\n","protected":false},"excerpt":{"rendered":"<p>Lona Azul Polietileno 70G \/ 100 Micras<\/p>\n<p>Descri\u00e7\u00e3o:<\/p>\n<p>Linha de produtos sucesso em vendas, com ilhoses para fixa\u00e7\u00e3o e recomendada para\u00a0feiras livres, acampamento,\u00a0pesca,\u00a0constru\u00e7\u00e3o civil,\u00a0agricultura e ind\u00fastria. Aten\u00e7\u00e3o:\u00a0N\u00e3o utilizar a lona diretamente sobre superf\u00edcies aquecidas ou expostas ao sol e caminh\u00f5es. A exposi\u00e7\u00e3o excessiva ao sol pode causar danos e\/ou manchas.<\/p>\n<p>Dispon\u00edvel nas Op\u00e7\u00f5es:<\/p>\n<p>Lona Azul Polietileno 70G \/ 100 Micras 2mt x 2mt<\/p>\n<p>Lona Azul Polietileno 70G \/ 100 Micras 3m x 3m<\/p>\n<p>Lona Azul Polietileno 70G \/ 100 Micras 4m x 4m<\/p>\n<p>Lona Azul Polietileno 70G \/ 100 Micras 5m x 5m<\/p>\n<p>Lona Azul Polietileno 70G \/ 100 Micras 6m x 4m<\/p>\n<p>Lona Azul Polietileno 70G \/ 100 Micras 6m x 5m<\/p>\n","protected":false},"featured_media":7089,"comment_status":"open","ping_status":"closed","template":"","meta":[],"product_cat":[1141],"product_tag":[2847,2849,2848],"_links":{"self":[{"href":"https:\/\/trenaferragens.com.br\/index.php?rest_route=\/wp\/v2\/product\/7087"}],"collection":[{"href":"https:\/\/trenaferragens.com.br\/index.php?rest_route=\/wp\/v2\/product"}],"about":[{"href":"https:\/\/trenaferragens.com.br\/index.php?rest_route=\/wp\/v2\/types\/product"}],"replies":[{"embeddable":true,"href":"https:\/\/trenaferragens.com.br\/index.php?rest_route=%2Fwp%2Fv2%2Fcomments&post=7087"}],"wp:featuredmedia":[{"embeddable":true,"href":"https:\/\/trenaferragens.com.br\/index.php?rest_route=\/wp\/v2\/media\/7089"}],"wp:attachment":[{"href":"https:\/\/trenaferragens.com.br\/index.php?rest_route=%2Fwp%2Fv2%2Fmedia&parent=7087"}],"wp:term":[{"taxonomy":"product_cat","embeddable":true,"href":"https:\/\/trenaferragens.com.br\/index.php?rest_route=%2Fwp%2Fv2%2Fproduct_cat&post=7087"},{"taxonomy":"product_tag","embeddable":true,"href":"https:\/\/trenaferragens.com.br\/index.php?rest_route=%2Fwp%2Fv2%2Fproduct_tag&post=7087"}],"curies":[{"name":"wp","href":"https:\/\/api.w.org\/{rel}","templated":true}]}}