{"id":7221,"date":"2020-06-26T18:04:17","date_gmt":"2020-06-26T18:04:17","guid":{"rendered":"http:\/\/trenaferragens1.hospedagemdesites.ws\/?post_type=product&#038;p=7221"},"modified":"2021-03-15T14:34:55","modified_gmt":"2021-03-15T14:34:55","slug":"cimento-cpii-f32-saco-25kg-todas-as-obras-votoran","status":"publish","type":"product","link":"https:\/\/trenaferragens.com.br\/?product=cimento-cpii-f32-saco-25kg-todas-as-obras-votoran","title":{"rendered":"Cimento CPII-F32 Saco 25KG Todas as Obras Votoran"},"content":{"rendered":"<p>A VOTORANTIM S.A.<\/p>\n<p>Somos parte da Votorantim S.A., um dos maiores grupos empresariais do Brasil. Ano passado completou um s\u00e9culo de exist\u00eancia, a Votorantim possui um portf\u00f3lio com opera\u00e7\u00f5es em setores estrat\u00e9gicos da economia \u2013 cimento, metais e minera\u00e7\u00e3o, siderurgia, energia, suco de laranja e financeiro \u2013 e hoje est\u00e1 presente em 19 pa\u00edses.<\/p>\n<p>As oito empresas investidas s\u00e3o \u2013 Votorantim Cimentos, NEXA, CBA (Companhia Brasileira de Alum\u00ednio), Acerbrag, Paz del Rio, Votorantim Energia, Citrosuco e Banco Votorantim\u2013 fazem parte de um neg\u00f3cio que abriga mais de 536 unidades operacionais e emprega mais de 36 mil pessoas.<\/p>\n","protected":false},"excerpt":{"rendered":"<p>Cimento CPII-F32 Saco 25KG Todas as Obras Votoran<\/p>\n<p>TODAS AS OBRAS<\/p>\n<p>Cimento para uso geral<\/p>\n<p>Cimento com secagem r\u00e1pida e alta resist\u00eancia. Muito vers\u00e1til, pode ser utilizado da funda\u00e7\u00e3o ao acabamento na obra.<\/p>\n<p>Embalagem: 25kg<\/p>\n<p>APLICA\u00c7\u00c3O<\/p>\n<p>O cimento Todas as Obras \u00e9 resistente e vers\u00e1til e foi desenvolvida pela Votorantim Cimentos para garantir a seguran\u00e7a em diversos tipos de obra, podendo ser utilizado para reboco, concreto convencional, contrapiso e lajes.<\/p>\n<p>INDICA\u00c7\u00c3O<\/p>\n<p>Essa categoria atende \u00e0 norma: CPII-F32<\/p>\n","protected":false},"featured_media":7222,"comment_status":"open","ping_status":"closed","template":"","meta":[],"product_cat":[1119],"product_tag":[2918,2920,2919],"_links":{"self":[{"href":"https:\/\/trenaferragens.com.br\/index.php?rest_route=\/wp\/v2\/product\/7221"}],"collection":[{"href":"https:\/\/trenaferragens.com.br\/index.php?rest_route=\/wp\/v2\/product"}],"about":[{"href":"https:\/\/trenaferragens.com.br\/index.php?rest_route=\/wp\/v2\/types\/product"}],"replies":[{"embeddable":true,"href":"https:\/\/trenaferragens.com.br\/index.php?rest_route=%2Fwp%2Fv2%2Fcomments&post=7221"}],"wp:featuredmedia":[{"embeddable":true,"href":"https:\/\/trenaferragens.com.br\/index.php?rest_route=\/wp\/v2\/media\/7222"}],"wp:attachment":[{"href":"https:\/\/trenaferragens.com.br\/index.php?rest_route=%2Fwp%2Fv2%2Fmedia&parent=7221"}],"wp:term":[{"taxonomy":"product_cat","embeddable":true,"href":"https:\/\/trenaferragens.com.br\/index.php?rest_route=%2Fwp%2Fv2%2Fproduct_cat&post=7221"},{"taxonomy":"product_tag","embeddable":true,"href":"https:\/\/trenaferragens.com.br\/index.php?rest_route=%2Fwp%2Fv2%2Fproduct_tag&post=7221"}],"curies":[{"name":"wp","href":"https:\/\/api.w.org\/{rel}","templated":true}]}}