{"id":7223,"date":"2020-06-26T18:16:47","date_gmt":"2020-06-26T18:16:47","guid":{"rendered":"http:\/\/trenaferragens1.hospedagemdesites.ws\/?post_type=product&#038;p=7223"},"modified":"2020-08-03T11:48:04","modified_gmt":"2020-08-03T11:48:04","slug":"fio-antena-coaxial-rcg-06-67-rolo-100mts-br-grosso","status":"publish","type":"product","link":"https:\/\/trenaferragens.com.br\/?product=fio-antena-coaxial-rcg-06-67-rolo-100mts-br-grosso","title":{"rendered":"Fio Antena Coaxial RCG 06 67% Rolo 100mts BR (Grosso)"},"content":{"rendered":"<p>MEGATRON FIOS E CABOS<\/p>\n<p>Totalmente consolidada no segmento e com foco absoluto, nos tornamos refer\u00eancia nacional \u00a0no mercado de Fios e Cabos Especiais.<\/p>\n<p>Afim de oferecermos mais solu\u00e7\u00f5es a nosso cliente, com um \u00a0portf\u00f3lio amplo e um mix de produtos diversificado, fazendo com que sejamos \u00a0uma empresa Multissegmentada e com expertise na comercializa\u00e7\u00e3o e fabrica\u00e7\u00e3o de cabos de energia de cobre e aluminio, cabos de rede, cabos para instala\u00e7\u00e3o de CFTV, Materiais el\u00e9tricos, Antenas, Fibra \u00f3ptica, entre outros.<\/p>\n<p>Contamos com uma unidade fabril localizada em Cachoeira de Minas (MG), com mais de \u00a020.000m\u00b2 de \u00e1rea constru\u00edda equipada com m\u00e1quinas e equipamentos de alta tecnologia, al\u00e9m de um laborat\u00f3rio de \u00faltima gera\u00e7\u00e3o, garantindo assim altos padr\u00f5es de qualidade e seguran\u00e7a em todas as linhas de produtos que comercializamos.<\/p>\n<p>Em 2019, dentro desse nosso processo de expans\u00e3o conclu\u00edmos mais uma unidade fabril com 2.000m\u00b2, localizada na cidade de Pedralva-MG, \u00a0ampliando ainda mais nossa capacidade produtiva.<\/p>\n<p>Contamos com representantes distribu\u00eddos estrategicamente em todo o territ\u00f3rio nacional \u00a0alem de uma central de vendedores internos para melhor atende-lo, \u00a0e \u00a0gerenciamos nossa log\u00edstica de entrega com frota pr\u00f3pria e transportadoras parceiras, alem de um centro de distribui\u00e7\u00e3o localizado em SP.<\/p>\n","protected":false},"excerpt":{"rendered":"<p>Fio Antena Coaxial RCG 06 67% Rolo 100mts BR (Grosso)<\/p>\n<p>Indicado para instala\u00e7\u00f5es de antenas VHF\/UHF\/Digital, parab\u00f3licas e sistemas DTH..<\/p>\n<p>Condutor:\u00a0A\u00e7o cobreado;<br \/>\nIsola\u00e7\u00e3o:\u00a0Polietileno expandido;<br \/>\nBlindagem:\u00a0Fita aluminizada\u00a0e tran\u00e7a de alum\u00ednio;<br \/>\nCobertura:\u00a0Composto termopl\u00e1stico \u00e0 base de cloreto de polivinila (PVC);<br \/>\nCATV:\u00a0Com mensageiro e sem mensageiro;<br \/>\nCores da cobertura:<br \/>\nCores da cobertura CATV:<\/p>\n","protected":false},"featured_media":7224,"comment_status":"open","ping_status":"closed","template":"","meta":[],"product_cat":[194,221],"product_tag":[2923,2924,2922,2921],"_links":{"self":[{"href":"https:\/\/trenaferragens.com.br\/index.php?rest_route=\/wp\/v2\/product\/7223"}],"collection":[{"href":"https:\/\/trenaferragens.com.br\/index.php?rest_route=\/wp\/v2\/product"}],"about":[{"href":"https:\/\/trenaferragens.com.br\/index.php?rest_route=\/wp\/v2\/types\/product"}],"replies":[{"embeddable":true,"href":"https:\/\/trenaferragens.com.br\/index.php?rest_route=%2Fwp%2Fv2%2Fcomments&post=7223"}],"wp:featuredmedia":[{"embeddable":true,"href":"https:\/\/trenaferragens.com.br\/index.php?rest_route=\/wp\/v2\/media\/7224"}],"wp:attachment":[{"href":"https:\/\/trenaferragens.com.br\/index.php?rest_route=%2Fwp%2Fv2%2Fmedia&parent=7223"}],"wp:term":[{"taxonomy":"product_cat","embeddable":true,"href":"https:\/\/trenaferragens.com.br\/index.php?rest_route=%2Fwp%2Fv2%2Fproduct_cat&post=7223"},{"taxonomy":"product_tag","embeddable":true,"href":"https:\/\/trenaferragens.com.br\/index.php?rest_route=%2Fwp%2Fv2%2Fproduct_tag&post=7223"}],"curies":[{"name":"wp","href":"https:\/\/api.w.org\/{rel}","templated":true}]}}