{"id":7241,"date":"2020-06-26T19:59:00","date_gmt":"2020-06-26T19:59:00","guid":{"rendered":"http:\/\/trenaferragens1.hospedagemdesites.ws\/?post_type=product&#038;p=7241"},"modified":"2020-06-26T20:00:53","modified_gmt":"2020-06-26T20:00:53","slug":"kit-sos-250gr","status":"publish","type":"product","link":"https:\/\/trenaferragens.com.br\/?product=kit-sos-250gr","title":{"rendered":"Kit SOS 250gr"},"content":{"rendered":"<p>A Vedatudo Ind\u00fastria e Com\u00e9rcio Ltda come\u00e7ou, praticamente, junto com a evolu\u00e7\u00e3o do Ep\u00f3xi no mercado dom\u00e9stico brasileiro.<\/p>\n<p>Fundada em 12 de Agosto de 1998, hoje produz e distribui em torno de 15 toneladas\/m\u00eas de produto.<\/p>\n<p>Um crescimento s\u00f3lido, consistente e sempre com total respeito aos nossos clientes, colaboradores, funcion\u00e1rios e fornecedores.<\/p>\n<p>Nossa miss\u00e3o foi e sempre ser\u00e1 ser \u00fanica. PRODUZIR um produto EXCELENTE e distribuir ao mercado da forma mais eficiente poss\u00edvel.<\/p>\n<p>No Rio de Janeiro, nossos produtos j\u00e1 est\u00e3o presentes em mais de 90% das Lojas de Materiais de Constru\u00e7\u00e3o e nos 30 maiores atacados. E estamos em constante expans\u00e3o para o restante do <\/p>\n<p>territ\u00f3rio nacional.<\/p>\n","protected":false},"excerpt":{"rendered":"<p>Kit SOS<\/p>\n<p>Secagem\u00a0R\u00e1pida<\/p>\n<p>O KIT SOS \u00e9 uma massa adesiva ep\u00f3xi subaqu\u00e1tica bi-componente, indicada para aplica\u00e7\u00e3o tanto submersa quanto em locais secos, em qualquer tipo de superf\u00edcie rugosa.<\/p>\n<p>Ideal para manuten\u00e7\u00e3o de piscinas, troca de cer\u00e2micas, azulejos, fixa\u00e7\u00e3o de pe\u00e7as sanit\u00e1rias, solda de PVC e recupera\u00e7\u00e3o de caixas d\u00b4\u00e1gua (sem necessidade de esvaziamento). Bem como, metais, madeiras, escadas, barcos, autom\u00f3veis, alum\u00ednio, telhas e calhas.<\/p>\n<p>MODO DE USAR<\/p>\n<p>Retire e misture quantidades iguais do componente cinza e do componente branco (na mesma propor\u00e7\u00e3o) at\u00e9 obter uma cor homog\u00eanea.<br \/>\nA aplica\u00e7\u00e3o \u00e9 feita manualmente, pressionando a massa contra a superf\u00edcie com as palmas das m\u00e3os.<\/p>\n","protected":false},"featured_media":7242,"comment_status":"open","ping_status":"closed","template":"","meta":[],"product_cat":[1855],"product_tag":[2935,2937,2934],"_links":{"self":[{"href":"https:\/\/trenaferragens.com.br\/index.php?rest_route=\/wp\/v2\/product\/7241"}],"collection":[{"href":"https:\/\/trenaferragens.com.br\/index.php?rest_route=\/wp\/v2\/product"}],"about":[{"href":"https:\/\/trenaferragens.com.br\/index.php?rest_route=\/wp\/v2\/types\/product"}],"replies":[{"embeddable":true,"href":"https:\/\/trenaferragens.com.br\/index.php?rest_route=%2Fwp%2Fv2%2Fcomments&post=7241"}],"wp:featuredmedia":[{"embeddable":true,"href":"https:\/\/trenaferragens.com.br\/index.php?rest_route=\/wp\/v2\/media\/7242"}],"wp:attachment":[{"href":"https:\/\/trenaferragens.com.br\/index.php?rest_route=%2Fwp%2Fv2%2Fmedia&parent=7241"}],"wp:term":[{"taxonomy":"product_cat","embeddable":true,"href":"https:\/\/trenaferragens.com.br\/index.php?rest_route=%2Fwp%2Fv2%2Fproduct_cat&post=7241"},{"taxonomy":"product_tag","embeddable":true,"href":"https:\/\/trenaferragens.com.br\/index.php?rest_route=%2Fwp%2Fv2%2Fproduct_tag&post=7241"}],"curies":[{"name":"wp","href":"https:\/\/api.w.org\/{rel}","templated":true}]}}